103.247.8.10 - - [30/Jul/2026:21:45:09 +0700] "POST /wp-cron.php?doing_wp_cron=1785422709.3041620254516601562500 HTTP/1.1" 200 1 "-" "WordPress/7.0.2; https://sdum-patrol.sch.id"
103.247.8.10 - - [30/Jul/2026:21:45:08 +0700] "GET /wp-json/jet-search/v1/get-suggestions?action=get_form_suggestions&data%5Blist_type%5D=popular&data%5Bvalue%5D=&data%5Blimit%5D=20 HTTP/1.1" 200 6 "-" "WordPress/7.0.2; https://sdum-patrol.sch.id"
103.247.8.10 - - [30/Jul/2026:21:45:11 +0700] "POST /wp-cron.php?doing_wp_cron=1785422711.3007199764251708984375 HTTP/1.1" 200 1 "-" "WordPress/7.0.2; https://sdum-patrol.sch.id"
198.244.168.28 - - [30/Jul/2026:21:44:49 +0700] "GET /items/P497528664/ HTTP/2.0" 404 - "-" "Mozilla/5.0 (compatible; AhrefsBot/7.0; +http://ahrefs.com/robot/)"
51.89.129.43 - - [30/Jul/2026:21:44:50 +0700] "GET /items/P497341741/ HTTP/2.0" 404 - "-" "Mozilla/5.0 (compatible; AhrefsBot/7.0; +http://ahrefs.com/robot/)"
103.247.8.10 - - [30/Jul/2026:21:45:12 +0700] "POST /wp-cron.php?doing_wp_cron=1785422712.3064808845520019531250 HTTP/1.1" 200 1 "-" "WordPress/7.0.2; https://sdum-patrol.sch.id"
198.244.183.184 - - [30/Jul/2026:21:44:51 +0700] "GET /items/P496037502/ HTTP/2.0" 404 - "-" "Mozilla/5.0 (compatible; AhrefsBot/7.0; +http://ahrefs.com/robot/)"
103.247.8.10 - - [30/Jul/2026:21:45:13 +0700] "POST /wp-cron.php?doing_wp_cron=1785422713.1019830703735351562500 HTTP/1.1" 200 1 "-" "WordPress/7.0.2; https://sdum-patrol.sch.id"
103.247.8.10 - - [30/Jul/2026:21:45:12 +0700] "GET /wp-json/jet-search/v1/get-suggestions?action=get_form_suggestions&data%5Blist_type%5D=popular&data%5Bvalue%5D=&data%5Blimit%5D=20 HTTP/1.1" 200 6 "-" "WordPress/7.0.2; https://sdum-patrol.sch.id"
103.247.8.10 - - [30/Jul/2026:21:45:12 +0700] "GET /wp-json/jet-search/v1/get-suggestions?action=get_form_suggestions&data%5Blist_type%5D=popular&data%5Bvalue%5D=&data%5Blimit%5D=20 HTTP/1.1" 200 6 "-" "WordPress/7.0.2; https://sdum-patrol.sch.id"
103.247.8.10 - - [30/Jul/2026:21:45:12 +0700] "GET /wp-json/jet-search/v1/get-suggestions?action=get_form_suggestions&data%5Blist_type%5D=popular&data%5Bvalue%5D=&data%5Blimit%5D=20 HTTP/1.1" 200 6 "-" "WordPress/7.0.2; https://sdum-patrol.sch.id"
54.38.147.208 - - [30/Jul/2026:21:44:55 +0700] "GET /items/P495931136/ HTTP/2.0" 404 - "-" "Mozilla/5.0 (compatible; AhrefsBot/7.0; +http://ahrefs.com/robot/)"
51.89.129.225 - - [30/Jul/2026:21:45:01 +0700] "GET /items/P494171480/ HTTP/2.0" 404 18466 "-" "Mozilla/5.0 (compatible; AhrefsBot/7.0; +http://ahrefs.com/robot/)"
198.244.242.187 - - [30/Jul/2026:21:44:59 +0700] "GET /items/P495697501/ HTTP/2.0" 404 - "-" "Mozilla/5.0 (compatible; AhrefsBot/7.0; +http://ahrefs.com/robot/)"
52.167.144.166 - - [30/Jul/2026:21:45:15 +0700] "GET /account.php/?cate-242 HTTP/2.0" 200 1 "-" "Mozilla/5.0 AppleWebKit/537.36 (KHTML, like Gecko; compatible; bingbot/2.0; +http://www.bing.com/bingbot.htm) Chrome/116.0.1938.76 Safari/537.36"
103.247.8.10 - - [30/Jul/2026:21:45:15 +0700] "POST /wp-cron.php?doing_wp_cron=1785422715.0061819553375244140625 HTTP/1.1" 200 1 "-" "WordPress/7.0.2; https://sdum-patrol.sch.id"
103.247.8.10 - - [30/Jul/2026:21:45:13 +0700] "GET /wp-json/jet-search/v1/get-suggestions?action=get_form_suggestions&data%5Blist_type%5D=popular&data%5Bvalue%5D=&data%5Blimit%5D=20 HTTP/1.1" 200 6 "-" "WordPress/7.0.2; https://sdum-patrol.sch.id"
198.244.240.13 - - [30/Jul/2026:21:44:57 +0700] "GET /items/P495768294/ HTTP/2.0" 404 - "-" "Mozilla/5.0 (compatible; AhrefsBot/7.0; +http://ahrefs.com/robot/)"
198.244.242.213 - - [30/Jul/2026:21:44:56 +0700] "GET /items/P495880895/ HTTP/2.0" 404 - "-" "Mozilla/5.0 (compatible; AhrefsBot/7.0; +http://ahrefs.com/robot/)"
103.247.8.10 - - [30/Jul/2026:21:45:16 +0700] "POST /wp-cron.php?doing_wp_cron=1785422716.4018919467926025390625 HTTP/1.1" 200 1 "-" "WordPress/7.0.2; https://sdum-patrol.sch.id"
103.247.8.10 - - [30/Jul/2026:21:45:13 +0700] "GET /wp-json/jet-search/v1/get-suggestions?action=get_form_suggestions&data%5Blist_type%5D=popular&data%5Bvalue%5D=&data%5Blimit%5D=20 HTTP/1.1" 200 6 "-" "WordPress/7.0.2; https://sdum-patrol.sch.id"
198.244.183.221 - - [30/Jul/2026:21:45:02 +0700] "GET /items/P494184322/ HTTP/2.0" 404 - "-" "Mozilla/5.0 (compatible; AhrefsBot/7.0; +http://ahrefs.com/robot/)"
103.247.8.10 - - [30/Jul/2026:21:45:19 +0700] "POST /wp-cron.php?doing_wp_cron=1785422719.4004468917846679687500 HTTP/1.1" 200 1 "-" "WordPress/7.0.2; https://sdum-patrol.sch.id"
40.77.167.26 - - [30/Jul/2026:21:45:02 +0700] "GET /items/E181382646/ HTTP/2.0" 404 18467 "-" "Mozilla/5.0 AppleWebKit/537.36 (KHTML, like Gecko; compatible; bingbot/2.0; +http://www.bing.com/bingbot.htm) Chrome/116.0.1938.76 Safari/537.36"
103.247.8.10 - - [30/Jul/2026:21:45:19 +0700] "POST /wp-cron.php?doing_wp_cron=1785422719.6047170162200927734375 HTTP/1.1" 200 1 "-" "WordPress/7.0.2; https://sdum-patrol.sch.id"
103.247.8.10 - - [30/Jul/2026:21:45:14 +0700] "GET /wp-json/jet-search/v1/get-suggestions?action=get_form_suggestions&data%5Blist_type%5D=popular&data%5Bvalue%5D=&data%5Blimit%5D=20 HTTP/1.1" 200 6 "-" "WordPress/7.0.2; https://sdum-patrol.sch.id"
198.244.240.68 - - [30/Jul/2026:21:45:04 +0700] "GET /items/P493450977/ HTTP/2.0" 404 - "-" "Mozilla/5.0 (compatible; AhrefsBot/7.0; +http://ahrefs.com/robot/)"
103.247.8.10 - - [30/Jul/2026:21:45:24 +0700] "POST /wp-cron.php?doing_wp_cron=1785422724.1013069152832031250000 HTTP/1.1" 200 1 "-" "WordPress/7.0.2; https://sdum-patrol.sch.id"
103.247.8.10 - - [30/Jul/2026:21:45:15 +0700] "GET /wp-json/jet-search/v1/get-suggestions?action=get_form_suggestions&data%5Blist_type%5D=popular&data%5Bvalue%5D=&data%5Blimit%5D=20 HTTP/1.1" 200 6 "-" "WordPress/7.0.2; https://sdum-patrol.sch.id"
103.247.8.10 - - [30/Jul/2026:21:45:17 +0700] "GET /wp-json/jet-search/v1/get-suggestions?action=get_form_suggestions&data%5Blist_type%5D=popular&data%5Bvalue%5D=&data%5Blimit%5D=20 HTTP/1.1" 200 6 "-" "WordPress/7.0.2; https://sdum-patrol.sch.id"
51.89.129.248 - - [30/Jul/2026:21:45:08 +0700] "GET /items/P493208325/ HTTP/2.0" 404 18466 "-" "Mozilla/5.0 (compatible; AhrefsBot/7.0; +http://ahrefs.com/robot/)"
103.247.8.10 - - [30/Jul/2026:21:45:19 +0700] "GET /wp-json/jet-search/v1/get-suggestions?action=get_form_suggestions&data%5Blist_type%5D=popular&data%5Bvalue%5D=&data%5Blimit%5D=20 HTTP/1.1" 200 6 "-" "WordPress/7.0.2; https://sdum-patrol.sch.id"
103.247.8.10 - - [30/Jul/2026:21:45:29 +0700] "POST /wp-cron.php?doing_wp_cron=1785422729.1982290744781494140625 HTTP/1.1" 200 1 "-" "WordPress/7.0.2; https://sdum-patrol.sch.id"
103.247.8.10 - - [30/Jul/2026:21:45:30 +0700] "POST /wp-cron.php?doing_wp_cron=1785422730.0041480064392089843750 HTTP/1.1" 200 1 "-" "WordPress/7.0.2; https://sdum-patrol.sch.id"
103.247.8.10 - - [30/Jul/2026:21:45:30 +0700] "POST /wp-cron.php?doing_wp_cron=1785422730.0007278919219970703125 HTTP/1.1" 200 1 "-" "WordPress/7.0.2; https://sdum-patrol.sch.id"
103.247.8.10 - - [30/Jul/2026:21:45:25 +0700] "GET /wp-json/jet-search/v1/get-suggestions?action=get_form_suggestions&data%5Blist_type%5D=popular&data%5Bvalue%5D=&data%5Blimit%5D=20 HTTP/1.1" 200 6 "-" "WordPress/7.0.2; https://sdum-patrol.sch.id"
103.247.8.10 - - [30/Jul/2026:21:45:24 +0700] "GET /wp-json/jet-search/v1/get-suggestions?action=get_form_suggestions&data%5Blist_type%5D=popular&data%5Bvalue%5D=&data%5Blimit%5D=20 HTTP/1.1" 200 6 "-" "WordPress/7.0.2; https://sdum-patrol.sch.id"
103.247.8.10 - - [30/Jul/2026:21:45:25 +0700] "GET /wp-json/jet-search/v1/get-suggestions?action=get_form_suggestions&data%5Blist_type%5D=popular&data%5Bvalue%5D=&data%5Blimit%5D=20 HTTP/1.1" 200 6 "-" "WordPress/7.0.2; https://sdum-patrol.sch.id"
51.195.215.220 - - [30/Jul/2026:21:45:11 +0700] "GET /items/P492602754/ HTTP/2.0" 404 - "-" "Mozilla/5.0 (compatible; AhrefsBot/7.0; +http://ahrefs.com/robot/)"
103.247.8.10 - - [30/Jul/2026:21:45:35 +0700] "GET /wp-json/jet-search/v1/get-suggestions?action=get_form_suggestions&data%5Blist_type%5D=popular&data%5Bvalue%5D=&data%5Blimit%5D=20 HTTP/1.1" 200 6 "-" "WordPress/7.0.2; https://sdum-patrol.sch.id"
51.195.244.90 - - [30/Jul/2026:21:45:11 +0700] "GET /items/P493083510/ HTTP/2.0" 404 - "-" "Mozilla/5.0 (compatible; AhrefsBot/7.0; +http://ahrefs.com/robot/)"
40.77.167.143 - - [30/Jul/2026:21:45:12 +0700] "GET /items/E684745305/ HTTP/2.0" 404 18467 "-" "Mozilla/5.0 AppleWebKit/537.36 (KHTML, like Gecko; compatible; bingbot/2.0; +http://www.bing.com/bingbot.htm) Chrome/116.0.1938.76 Safari/537.36"
103.247.8.10 - - [30/Jul/2026:21:45:36 +0700] "GET /wp-json/jet-search/v1/get-suggestions?action=get_form_suggestions&data%5Blist_type%5D=popular&data%5Bvalue%5D=&data%5Blimit%5D=20 HTTP/1.1" 200 6 "-" "WordPress/7.0.2; https://sdum-patrol.sch.id"
103.247.8.10 - - [30/Jul/2026:21:45:37 +0700] "GET /wp-json/jet-search/v1/get-suggestions?action=get_form_suggestions&data%5Blist_type%5D=popular&data%5Bvalue%5D=&data%5Blimit%5D=20 HTTP/1.1" 200 6 "-" "WordPress/7.0.2; https://sdum-patrol.sch.id"
103.247.8.10 - - [30/Jul/2026:21:45:41 +0700] "GET /wp-json/jet-search/v1/get-suggestions?action=get_form_suggestions&data%5Blist_type%5D=popular&data%5Bvalue%5D=&data%5Blimit%5D=20 HTTP/1.1" 200 6 "-" "WordPress/7.0.2; https://sdum-patrol.sch.id"
103.247.8.10 - - [30/Jul/2026:21:45:42 +0700] "GET /wp-json/jet-search/v1/get-suggestions?action=get_form_suggestions&data%5Blist_type%5D=popular&data%5Bvalue%5D=&data%5Blimit%5D=20 HTTP/1.1" 200 6 "-" "WordPress/7.0.2; https://sdum-patrol.sch.id"
103.247.8.10 - - [30/Jul/2026:21:45:45 +0700] "GET /wp-json/jet-search/v1/get-suggestions?action=get_form_suggestions&data%5Blist_type%5D=popular&data%5Bvalue%5D=&data%5Blimit%5D=20 HTTP/1.1" 200 6 "-" "WordPress/7.0.2; https://sdum-patrol.sch.id"
103.247.8.10 - - [30/Jul/2026:21:45:46 +0700] "GET /wp-json/jet-search/v1/get-suggestions?action=get_form_suggestions&data%5Blist_type%5D=popular&data%5Bvalue%5D=&data%5Blimit%5D=20 HTTP/1.1" 200 6 "-" "WordPress/7.0.2; https://sdum-patrol.sch.id"
103.247.8.10 - - [30/Jul/2026:21:45:47 +0700] "GET /wp-json/jet-search/v1/get-suggestions?action=get_form_suggestions&data%5Blist_type%5D=popular&data%5Bvalue%5D=&data%5Blimit%5D=20 HTTP/1.1" 200 6 "-" "WordPress/7.0.2; https://sdum-patrol.sch.id"
54.38.147.43 - - [30/Jul/2026:21:45:14 +0700] "GET /items/P491996511/ HTTP/2.0" 404 - "-" "Mozilla/5.0 (compatible; AhrefsBot/7.0; +http://ahrefs.com/robot/)"
198.244.242.66 - - [30/Jul/2026:21:45:16 +0700] "GET /items/P491987998/ HTTP/2.0" 404 - "-" "Mozilla/5.0 (compatible; AhrefsBot/7.0; +http://ahrefs.com/robot/)"
198.244.226.89 - - [30/Jul/2026:21:45:18 +0700] "GET /items/P491696269/ HTTP/2.0" 404 - "-" "Mozilla/5.0 (compatible; AhrefsBot/7.0; +http://ahrefs.com/robot/)"
198.244.226.26 - - [30/Jul/2026:21:45:29 +0700] "GET /items/P493878502/ HTTP/2.0" 404 18477 "-" "Mozilla/5.0 (compatible; AhrefsBot/7.0; +http://ahrefs.com/robot/)"
54.38.147.133 - - [30/Jul/2026:21:45:22 +0700] "GET /items/P491289499/ HTTP/2.0" 404 - "-" "Mozilla/5.0 (compatible; AhrefsBot/7.0; +http://ahrefs.com/robot/)"
40.77.167.26 - - [30/Jul/2026:21:45:41 +0700] "GET /items/F231902842/ HTTP/2.0" 404 18477 "-" "Mozilla/5.0 AppleWebKit/537.36 (KHTML, like Gecko; compatible; bingbot/2.0; +http://www.bing.com/bingbot.htm) Chrome/116.0.1938.76 Safari/537.36"
52.167.144.166 - - [30/Jul/2026:21:45:44 +0700] "GET /items/P711483381/ HTTP/2.0" 404 18475 "-" "Mozilla/5.0 AppleWebKit/537.36 (KHTML, like Gecko; compatible; bingbot/2.0; +http://www.bing.com/bingbot.htm) Chrome/116.0.1938.76 Safari/537.36"
2a03:2880:f800:46:: - - [30/Jul/2026:21:45:43 +0700] "GET /items/P491604041/ HTTP/2.0" 404 157129 "-" "Mozilla/5.0 (X11; Linux x86_64) AppleWebKit/537.36 (KHTML, like Gecko) Chrome/145.0.0.0 Safari/537.36 (compatible; meta-externalagent/1.1 (+https://developers.facebook.com/docs/sharing/webmasters/crawler))"
103.247.8.10 - - [30/Jul/2026:21:46:02 +0700] "POST /wp-cron.php?doing_wp_cron=1785422762.6338169574737548828125 HTTP/1.1" 200 1 "-" "WordPress/7.0.2; https://sdum-patrol.sch.id"
103.247.8.10 - - [30/Jul/2026:21:46:02 +0700] "GET /wp-json/jet-search/v1/get-suggestions?action=get_form_suggestions&data%5Blist_type%5D=popular&data%5Bvalue%5D=&data%5Blimit%5D=20 HTTP/1.1" 200 6 "-" "WordPress/7.0.2; https://sdum-patrol.sch.id"
103.247.8.10 - - [30/Jul/2026:21:46:03 +0700] "POST /wp-cron.php?doing_wp_cron=1785422763.6583769321441650390625 HTTP/1.1" 200 1 "-" "WordPress/7.0.2; https://sdum-patrol.sch.id"
52.167.144.166 - - [30/Jul/2026:21:46:01 +0700] "GET /items/B813808330/ HTTP/2.0" 404 18476 "-" "Mozilla/5.0 AppleWebKit/537.36 (KHTML, like Gecko; compatible; bingbot/2.0; +http://www.bing.com/bingbot.htm) Chrome/116.0.1938.76 Safari/537.36"
103.247.8.10 - - [30/Jul/2026:21:46:04 +0700] "GET /wp-json/jet-search/v1/get-suggestions?action=get_form_suggestions&data%5Blist_type%5D=popular&data%5Bvalue%5D=&data%5Blimit%5D=20 HTTP/1.1" 200 6 "-" "WordPress/7.0.2; https://sdum-patrol.sch.id"
52.167.144.166 - - [30/Jul/2026:21:46:04 +0700] "GET /items/E056211777/ HTTP/2.0" 404 18475 "-" "Mozilla/5.0 AppleWebKit/537.36 (KHTML, like Gecko; compatible; bingbot/2.0; +http://www.bing.com/bingbot.htm) Chrome/116.0.1938.76 Safari/537.36"
103.247.8.10 - - [30/Jul/2026:21:46:06 +0700] "GET /wp-json/jet-search/v1/get-suggestions?action=get_form_suggestions&data%5Blist_type%5D=popular&data%5Bvalue%5D=&data%5Blimit%5D=20 HTTP/1.1" 200 6 "-" "WordPress/7.0.2; https://sdum-patrol.sch.id"
52.167.144.166 - - [30/Jul/2026:21:46:06 +0700] "GET /items/E946814300/ HTTP/2.0" 404 18475 "-" "Mozilla/5.0 AppleWebKit/537.36 (KHTML, like Gecko; compatible; bingbot/2.0; +http://www.bing.com/bingbot.htm) Chrome/116.0.1938.76 Safari/537.36"
2a03:2880:f800:1b:: - - [30/Jul/2026:21:46:51 +0700] "GET /items/P496280917/ HTTP/2.0" 429 267 "-" "Mozilla/5.0 (Windows NT 10.0; Win64; x64) AppleWebKit/537.36 (KHTML, like Gecko) Chrome/145.0.0.0 Safari/537.36 (compatible; meta-externalagent/1.1 (+https://developers.facebook.com/docs/sharing/webmasters/crawler))"
138.246.253.24 - - [30/Jul/2026:21:47:24 +0700] "GET /robots.txt HTTP/1.1" 200 2164 "-" "Mozilla/5.0 (Windows NT 10.0; Win64; x64) AppleWebKit/537.36 (KHTML, like Gecko) Chrome/103.0.5060.134 Safari/537.36"
103.247.8.10 - - [30/Jul/2026:21:47:59 +0700] "POST /wp-cron.php?doing_wp_cron=1785422879.1152119636535644531250 HTTP/1.1" 200 1 "-" "WordPress/7.0.2; https://sdum-patrol.sch.id"
103.247.8.10 - - [30/Jul/2026:21:47:58 +0700] "GET /wp-json/jet-search/v1/get-suggestions?action=get_form_suggestions&data%5Blist_type%5D=popular&data%5Bvalue%5D=&data%5Blimit%5D=20 HTTP/1.1" 200 6 "-" "WordPress/7.0.2; https://sdum-patrol.sch.id"
103.247.8.10 - - [30/Jul/2026:21:48:00 +0700] "POST /wp-cron.php?doing_wp_cron=1785422880.2910959720611572265625 HTTP/1.1" 200 1 "-" "WordPress/7.0.2; https://sdum-patrol.sch.id"
2a03:2880:f800:2c:: - - [30/Jul/2026:21:47:56 +0700] "GET /items/P492388619/ HTTP/2.0" 404 157129 "-" "Mozilla/5.0 (Windows NT 10.0; Win64; x64) AppleWebKit/537.36 (KHTML, like Gecko) Chrome/145.0.0.0 Safari/537.36 (compatible; meta-externalagent/1.1 (+https://developers.facebook.com/docs/sharing/webmasters/crawler))"
74.7.228.24 - - [30/Jul/2026:21:48:14 +0700] "GET /robots.txt HTTP/2.0" 200 157 "-" "Mozilla/5.0 (Macintosh; Intel Mac OS X 10_15_7) AppleWebKit/537.36 (KHTML, like Gecko) Chrome/131.0.0.0 Safari/537.36; compatible; OAI-SearchBot/1.4; robots.txt; +https://openai.com/searchbot"
103.247.8.10 - - [30/Jul/2026:21:48:37 +0700] "POST /wp-cron.php?doing_wp_cron=1785422917.7230639457702636718750 HTTP/1.1" 200 1 "-" "WordPress/7.0.2; https://sdum-patrol.sch.id"
103.247.8.10 - - [30/Jul/2026:21:48:37 +0700] "POST /wp-cron.php?doing_wp_cron=1785422917.7229349613189697265625 HTTP/1.1" 200 1 "-" "WordPress/7.0.2; https://sdum-patrol.sch.id"
103.247.8.10 - - [30/Jul/2026:21:48:37 +0700] "POST /wp-cron.php?doing_wp_cron=1785422917.7229139804840087890625 HTTP/1.1" 200 1 "-" "WordPress/7.0.2; https://sdum-patrol.sch.id"
103.247.8.10 - - [30/Jul/2026:21:48:36 +0700] "GET /wp-json/jet-search/v1/get-suggestions?action=get_form_suggestions&data%5Blist_type%5D=popular&data%5Bvalue%5D=&data%5Blimit%5D=20 HTTP/1.1" 200 6 "-" "WordPress/7.0.2; https://sdum-patrol.sch.id"
103.247.8.10 - - [30/Jul/2026:21:48:36 +0700] "GET /wp-json/jet-search/v1/get-suggestions?action=get_form_suggestions&data%5Blist_type%5D=popular&data%5Bvalue%5D=&data%5Blimit%5D=20 HTTP/1.1" 200 6 "-" "WordPress/7.0.2; https://sdum-patrol.sch.id"
103.247.8.10 - - [30/Jul/2026:21:48:36 +0700] "GET /wp-json/jet-search/v1/get-suggestions?action=get_form_suggestions&data%5Blist_type%5D=popular&data%5Bvalue%5D=&data%5Blimit%5D=20 HTTP/1.1" 200 6 "-" "WordPress/7.0.2; https://sdum-patrol.sch.id"
52.167.144.162 - - [30/Jul/2026:21:48:32 +0700] "GET /items/F122488922/ HTTP/2.0" 404 18477 "-" "Mozilla/5.0 AppleWebKit/537.36 (KHTML, like Gecko; compatible; bingbot/2.0; +http://www.bing.com/bingbot.htm) Chrome/116.0.1938.76 Safari/537.36"
103.247.8.10 - - [30/Jul/2026:21:48:42 +0700] "POST /wp-cron.php?doing_wp_cron=1785422922.1208438873291015625000 HTTP/1.1" 200 1 "-" "WordPress/7.0.2; https://sdum-patrol.sch.id"
52.167.144.166 - - [30/Jul/2026:21:48:33 +0700] "GET /items/A591999341/ HTTP/2.0" 404 18477 "-" "Mozilla/5.0 AppleWebKit/537.36 (KHTML, like Gecko; compatible; bingbot/2.0; +http://www.bing.com/bingbot.htm) Chrome/116.0.1938.76 Safari/537.36"
40.77.167.26 - - [30/Jul/2026:21:48:34 +0700] "GET /items/B126185427/ HTTP/2.0" 404 18476 "-" "Mozilla/5.0 AppleWebKit/537.36 (KHTML, like Gecko; compatible; bingbot/2.0; +http://www.bing.com/bingbot.htm) Chrome/116.0.1938.76 Safari/537.36"
103.247.8.10 - - [30/Jul/2026:21:48:43 +0700] "GET /wp-json/jet-search/v1/get-suggestions?action=get_form_suggestions&data%5Blist_type%5D=popular&data%5Bvalue%5D=&data%5Blimit%5D=20 HTTP/1.1" 200 6 "-" "WordPress/7.0.2; https://sdum-patrol.sch.id"
103.247.8.10 - - [30/Jul/2026:21:48:43 +0700] "GET /wp-json/jet-search/v1/get-suggestions?action=get_form_suggestions&data%5Blist_type%5D=popular&data%5Bvalue%5D=&data%5Blimit%5D=20 HTTP/1.1" 200 6 "-" "WordPress/7.0.2; https://sdum-patrol.sch.id"
52.167.144.166 - - [30/Jul/2026:21:48:42 +0700] "GET /items/V322041560/ HTTP/2.0" 404 18476 "-" "Mozilla/5.0 AppleWebKit/537.36 (KHTML, like Gecko; compatible; bingbot/2.0; +http://www.bing.com/bingbot.htm) Chrome/116.0.1938.76 Safari/537.36"
40.77.167.26 - - [30/Jul/2026:21:48:42 +0700] "GET /items/Q804824358/ HTTP/2.0" 404 18476 "-" "Mozilla/5.0 AppleWebKit/537.36 (KHTML, like Gecko; compatible; bingbot/2.0; +http://www.bing.com/bingbot.htm) Chrome/116.0.1938.76 Safari/537.36"
103.247.8.10 - - [30/Jul/2026:21:48:46 +0700] "GET /wp-json/jet-search/v1/get-suggestions?action=get_form_suggestions&data%5Blist_type%5D=popular&data%5Bvalue%5D=&data%5Blimit%5D=20 HTTP/1.1" 200 6 "-" "WordPress/7.0.2; https://sdum-patrol.sch.id"
52.167.144.166 - - [30/Jul/2026:21:48:45 +0700] "GET /items/B456272228/ HTTP/2.0" 404 18476 "-" "Mozilla/5.0 AppleWebKit/537.36 (KHTML, like Gecko; compatible; bingbot/2.0; +http://www.bing.com/bingbot.htm) Chrome/116.0.1938.76 Safari/537.36"
103.247.8.10 - - [30/Jul/2026:21:48:50 +0700] "GET /wp-json/jet-search/v1/get-suggestions?action=get_form_suggestions&data%5Blist_type%5D=popular&data%5Bvalue%5D=&data%5Blimit%5D=20 HTTP/1.1" 200 6 "-" "WordPress/7.0.2; https://sdum-patrol.sch.id"
52.167.144.162 - - [30/Jul/2026:21:48:49 +0700] "GET /items/E043814342/ HTTP/2.0" 404 18477 "-" "Mozilla/5.0 AppleWebKit/537.36 (KHTML, like Gecko; compatible; bingbot/2.0; +http://www.bing.com/bingbot.htm) Chrome/116.0.1938.76 Safari/537.36"
103.247.8.10 - - [30/Jul/2026:21:48:51 +0700] "GET /wp-json/jet-search/v1/get-suggestions?action=get_form_suggestions&data%5Blist_type%5D=popular&data%5Bvalue%5D=&data%5Blimit%5D=20 HTTP/1.1" 200 6 "-" "WordPress/7.0.2; https://sdum-patrol.sch.id"
52.167.144.162 - - [30/Jul/2026:21:48:51 +0700] "GET /items/A054883315/ HTTP/2.0" 404 18477 "-" "Mozilla/5.0 AppleWebKit/537.36 (KHTML, like Gecko; compatible; bingbot/2.0; +http://www.bing.com/bingbot.htm) Chrome/116.0.1938.76 Safari/537.36"
103.247.8.10 - - [30/Jul/2026:21:48:53 +0700] "GET /wp-json/jet-search/v1/get-suggestions?action=get_form_suggestions&data%5Blist_type%5D=popular&data%5Bvalue%5D=&data%5Blimit%5D=20 HTTP/1.1" 200 6 "-" "WordPress/7.0.2; https://sdum-patrol.sch.id"
52.167.144.162 - - [30/Jul/2026:21:48:53 +0700] "GET /items/Z342820792/ HTTP/2.0" 404 18476 "-" "Mozilla/5.0 AppleWebKit/537.36 (KHTML, like Gecko; compatible; bingbot/2.0; +http://www.bing.com/bingbot.htm) Chrome/116.0.1938.76 Safari/537.36"
103.247.8.10 - - [30/Jul/2026:21:49:03 +0700] "GET /wp-json/jet-search/v1/get-suggestions?action=get_form_suggestions&data%5Blist_type%5D=popular&data%5Bvalue%5D=&data%5Blimit%5D=20 HTTP/1.1" 200 6 "-" "WordPress/7.0.2; https://sdum-patrol.sch.id"
2a03:2880:f800:3:: - - [30/Jul/2026:21:49:03 +0700] "GET /items/P497309127/ HTTP/2.0" 404 157129 "-" "Mozilla/5.0 (Windows NT 10.0; Win64; x64) AppleWebKit/537.36 (KHTML, like Gecko) Chrome/145.0.0.0 Safari/537.36 (compatible; meta-externalagent/1.1 (+https://developers.facebook.com/docs/sharing/webmasters/crawler))"
103.247.8.10 - - [30/Jul/2026:21:49:18 +0700] "GET /wp-json/jet-search/v1/get-suggestions?action=get_form_suggestions&data%5Blist_type%5D=popular&data%5Bvalue%5D=&data%5Blimit%5D=20 HTTP/1.1" 200 6 "-" "WordPress/7.0.2; https://sdum-patrol.sch.id"
103.247.8.10 - - [30/Jul/2026:21:49:22 +0700] "GET /wp-json/jet-search/v1/get-suggestions?action=get_form_suggestions&data%5Blist_type%5D=popular&data%5Bvalue%5D=&data%5Blimit%5D=20 HTTP/1.1" 200 6 "-" "WordPress/7.0.2; https://sdum-patrol.sch.id"
40.77.167.26 - - [30/Jul/2026:21:49:21 +0700] "GET /items/B023050075/ HTTP/2.0" 404 18478 "-" "Mozilla/5.0 AppleWebKit/537.36 (KHTML, like Gecko; compatible; bingbot/2.0; +http://www.bing.com/bingbot.htm) Chrome/116.0.1938.76 Safari/537.36"
103.247.8.10 - - [30/Jul/2026:21:49:23 +0700] "GET /wp-json/jet-search/v1/get-suggestions?action=get_form_suggestions&data%5Blist_type%5D=popular&data%5Bvalue%5D=&data%5Blimit%5D=20 HTTP/1.1" 200 6 "-" "WordPress/7.0.2; https://sdum-patrol.sch.id"
52.167.144.166 - - [30/Jul/2026:21:49:23 +0700] "GET /shop/pg/1AvailableInfo/ HTTP/2.0" 404 18481 "-" "Mozilla/5.0 AppleWebKit/537.36 (KHTML, like Gecko; compatible; bingbot/2.0; +http://www.bing.com/bingbot.htm) Chrome/116.0.1938.76 Safari/537.36"
103.247.8.10 - - [30/Jul/2026:21:50:04 +0700] "POST /wp-cron.php?doing_wp_cron=1785423004.7423191070556640625000 HTTP/1.1" 200 1 "-" "WordPress/7.0.2; https://sdum-patrol.sch.id"
103.247.8.10 - - [30/Jul/2026:21:50:04 +0700] "GET /wp-json/jet-search/v1/get-suggestions?action=get_form_suggestions&data%5Blist_type%5D=popular&data%5Bvalue%5D=&data%5Blimit%5D=20 HTTP/1.1" 200 6 "-" "WordPress/7.0.2; https://sdum-patrol.sch.id"
103.247.8.10 - - [30/Jul/2026:21:50:06 +0700] "POST /wp-cron.php?doing_wp_cron=1785423006.0167200565338134765625 HTTP/1.1" 200 1 "-" "WordPress/7.0.2; https://sdum-patrol.sch.id"
198.244.183.36 - - [30/Jul/2026:21:50:02 +0700] "GET /items/P496767735/ HTTP/2.0" 404 18475 "-" "Mozilla/5.0 (compatible; AhrefsBot/7.0; +http://ahrefs.com/robot/)"
103.247.8.10 - - [30/Jul/2026:21:50:09 +0700] "GET /wp-json/jet-search/v1/get-suggestions?action=get_form_suggestions&data%5Blist_type%5D=popular&data%5Bvalue%5D=&data%5Blimit%5D=20 HTTP/1.1" 200 6 "-" "WordPress/7.0.2; https://sdum-patrol.sch.id"
2a03:2880:f800:41:: - - [30/Jul/2026:21:50:09 +0700] "GET /items/P496134363/ HTTP/2.0" 404 157129 "-" "Mozilla/5.0 (Windows NT 10.0; Win64; x64) AppleWebKit/537.36 (KHTML, like Gecko) Chrome/145.0.0.0 Safari/537.36 (compatible; meta-externalagent/1.1 (+https://developers.facebook.com/docs/sharing/webmasters/crawler))"
103.247.8.10 - - [30/Jul/2026:21:51:19 +0700] "POST /wp-cron.php?doing_wp_cron=1785423079.0170149803161621093750 HTTP/1.1" 200 1 "-" "WordPress/7.0.2; https://sdum-patrol.sch.id"
103.247.8.10 - - [30/Jul/2026:21:51:18 +0700] "GET /wp-json/jet-search/v1/get-suggestions?action=get_form_suggestions&data%5Blist_type%5D=popular&data%5Bvalue%5D=&data%5Blimit%5D=20 HTTP/1.1" 200 6 "-" "WordPress/7.0.2; https://sdum-patrol.sch.id"
103.247.8.10 - - [30/Jul/2026:21:51:20 +0700] "POST /wp-cron.php?doing_wp_cron=1785423080.3573288917541503906250 HTTP/1.1" 200 1 "-" "WordPress/7.0.2; https://sdum-patrol.sch.id"
2a03:2880:f800:1e:: - - [30/Jul/2026:21:51:16 +0700] "GET /items/P494244154/ HTTP/2.0" 404 157129 "-" "Mozilla/5.0 (Macintosh; Intel Mac OS X 10_15_7) AppleWebKit/537.36 (KHTML, like Gecko) Chrome/145.0.0.0 Safari/537.36 (compatible; meta-externalagent/1.1 (+https://developers.facebook.com/docs/sharing/webmasters/crawler))"
103.247.8.10 - - [30/Jul/2026:21:52:23 +0700] "GET /wp-json/jet-search/v1/get-suggestions?action=get_form_suggestions&data%5Blist_type%5D=popular&data%5Bvalue%5D=&data%5Blimit%5D=20 HTTP/1.1" 200 6 "-" "WordPress/7.0.2; https://sdum-patrol.sch.id"
103.247.8.10 - - [30/Jul/2026:21:52:25 +0700] "GET /wp-json/jet-search/v1/get-suggestions?action=get_form_suggestions&data%5Blist_type%5D=popular&data%5Bvalue%5D=&data%5Blimit%5D=20 HTTP/1.1" 200 6 "-" "WordPress/7.0.2; https://sdum-patrol.sch.id"
103.247.8.10 - - [30/Jul/2026:21:52:26 +0700] "GET /wp-json/jet-search/v1/get-suggestions?action=get_form_suggestions&data%5Blist_type%5D=popular&data%5Bvalue%5D=&data%5Blimit%5D=20 HTTP/1.1" 200 6 "-" "WordPress/7.0.2; https://sdum-patrol.sch.id"
2a03:2880:f800:26:: - - [30/Jul/2026:21:52:23 +0700] "GET /items/P497625649/ HTTP/2.0" 404 157129 "-" "Mozilla/5.0 (Windows NT 10.0; Win64; x64) AppleWebKit/537.36 (KHTML, like Gecko) Chrome/145.0.0.0 Safari/537.36 (compatible; meta-externalagent/1.1 (+https://developers.facebook.com/docs/sharing/webmasters/crawler))"
209.99.184.28 - - [30/Jul/2026:21:52:25 +0700] "GET / HTTP/2.0" 200 33710 "https://www.google.com/" "Mozilla/5.0 (Windows NT 10.0; WOW64; rv:87.0) Gecko/20100101 Firefox/87.0"
209.99.184.28 - - [30/Jul/2026:21:52:31 +0700] "GET /wp-login.php/ HTTP/2.0" 200 1786 "https://www.google.com/" "Mozilla/5.0 (Windows NT 10.0; WOW64; rv:87.0) Gecko/20100101 Firefox/87.0"
209.99.184.28 - - [30/Jul/2026:21:52:32 +0700] "GET / HTTP/2.0" 301 1 "https://www.google.com/" "Mozilla/5.0 (Windows NT 10.0; WOW64; rv:87.0) Gecko/20100101 Firefox/87.0"
209.99.184.28 - - [30/Jul/2026:21:52:33 +0700] "GET /wp-login.php/ HTTP/2.0" 200 1786 "https://www.google.com/" "Mozilla/5.0 (Windows NT 10.0; WOW64; rv:87.0) Gecko/20100101 Firefox/87.0"
43.162.109.249 - - [30/Jul/2026:21:52:24 +0700] "GET / HTTP/1.1" 200 453239 "http://sdum-patrol.sch.id" "Mozilla/5.0 (iPhone; CPU iPhone OS 13_2_3 like Mac OS X) AppleWebKit/605.1.15 (KHTML, like Gecko) Version/13.0.3 Mobile/15E148 Safari/604.1"
209.99.184.28 - - [30/Jul/2026:21:52:35 +0700] "GET /wp-admin/ HTTP/2.0" 302 1 "https://www.google.com/" "Mozilla/5.0 (Windows NT 10.0; WOW64; rv:87.0) Gecko/20100101 Firefox/87.0"
209.99.184.28 - - [30/Jul/2026:21:52:36 +0700] "GET /wp-login.php?redirect_to=https%3A%2F%2Fsdum-patrol.sch.id%2Fwp-admin%2F&reauth=1 HTTP/2.0" 200 1786 "https://www.google.com/" "Mozilla/5.0 (Windows NT 10.0; WOW64; rv:87.0) Gecko/20100101 Firefox/87.0"
103.247.8.10 - - [30/Jul/2026:21:53:33 +0700] "POST /wp-cron.php?doing_wp_cron=1785423213.2683858871459960937500 HTTP/1.1" 200 1 "-" "WordPress/7.0.2; https://sdum-patrol.sch.id"
103.247.8.10 - - [30/Jul/2026:21:53:32 +0700] "GET /wp-json/jet-search/v1/get-suggestions?action=get_form_suggestions&data%5Blist_type%5D=popular&data%5Bvalue%5D=&data%5Blimit%5D=20 HTTP/1.1" 200 6 "-" "WordPress/7.0.2; https://sdum-patrol.sch.id"
103.247.8.10 - - [30/Jul/2026:21:53:34 +0700] "POST /wp-cron.php?doing_wp_cron=1785423214.6280550956726074218750 HTTP/1.1" 200 1 "-" "WordPress/7.0.2; https://sdum-patrol.sch.id"
2a03:2880:f800:45:: - - [30/Jul/2026:21:53:30 +0700] "GET /items/P494472070/ HTTP/2.0" 404 157129 "-" "Mozilla/5.0 (Macintosh; Intel Mac OS X 10_15_7) AppleWebKit/537.36 (KHTML, like Gecko) Chrome/145.0.0.0 Safari/537.36 (compatible; meta-externalagent/1.1 (+https://developers.facebook.com/docs/sharing/webmasters/crawler))"
103.247.8.10 - - [30/Jul/2026:21:53:44 +0700] "GET /wp-json/jet-search/v1/get-suggestions?action=get_form_suggestions&data%5Blist_type%5D=popular&data%5Bvalue%5D=&data%5Blimit%5D=20 HTTP/1.1" 200 6 "-" "WordPress/7.0.2; https://sdum-patrol.sch.id"
52.167.144.166 - - [30/Jul/2026:21:53:43 +0700] "GET /items/J772686891/ HTTP/2.0" 404 18476 "-" "Mozilla/5.0 AppleWebKit/537.36 (KHTML, like Gecko; compatible; bingbot/2.0; +http://www.bing.com/bingbot.htm) Chrome/116.0.1938.76 Safari/537.36"
103.247.8.10 - - [30/Jul/2026:21:53:46 +0700] "GET /wp-json/jet-search/v1/get-suggestions?action=get_form_suggestions&data%5Blist_type%5D=popular&data%5Bvalue%5D=&data%5Blimit%5D=20 HTTP/1.1" 200 6 "-" "WordPress/7.0.2; https://sdum-patrol.sch.id"
52.167.144.166 - - [30/Jul/2026:21:53:46 +0700] "GET /items/Q155704452/ HTTP/2.0" 404 18476 "-" "Mozilla/5.0 AppleWebKit/537.36 (KHTML, like Gecko; compatible; bingbot/2.0; +http://www.bing.com/bingbot.htm) Chrome/116.0.1938.76 Safari/537.36"
103.247.8.10 - - [30/Jul/2026:21:53:51 +0700] "GET /wp-json/jet-search/v1/get-suggestions?action=get_form_suggestions&data%5Blist_type%5D=popular&data%5Bvalue%5D=&data%5Blimit%5D=20 HTTP/1.1" 200 6 "-" "WordPress/7.0.2; https://sdum-patrol.sch.id"
103.247.8.10 - - [30/Jul/2026:21:53:53 +0700] "GET /wp-json/jet-search/v1/get-suggestions?action=get_form_suggestions&data%5Blist_type%5D=popular&data%5Bvalue%5D=&data%5Blimit%5D=20 HTTP/1.1" 200 6 "-" "WordPress/7.0.2; https://sdum-patrol.sch.id"
52.167.144.162 - - [30/Jul/2026:21:53:53 +0700] "GET /items/I084338243/ HTTP/2.0" 404 18475 "-" "Mozilla/5.0 AppleWebKit/537.36 (KHTML, like Gecko; compatible; bingbot/2.0; +http://www.bing.com/bingbot.htm) Chrome/116.0.1938.76 Safari/537.36"
103.247.8.10 - - [30/Jul/2026:21:53:55 +0700] "GET /wp-json/jet-search/v1/get-suggestions?action=get_form_suggestions&data%5Blist_type%5D=popular&data%5Bvalue%5D=&data%5Blimit%5D=20 HTTP/1.1" 200 6 "-" "WordPress/7.0.2; https://sdum-patrol.sch.id"
103.247.8.10 - - [30/Jul/2026:21:53:56 +0700] "GET /wp-json/jet-search/v1/get-suggestions?action=get_form_suggestions&data%5Blist_type%5D=popular&data%5Bvalue%5D=&data%5Blimit%5D=20 HTTP/1.1" 200 6 "-" "WordPress/7.0.2; https://sdum-patrol.sch.id"
52.167.144.162 - - [30/Jul/2026:21:53:55 +0700] "GET /items/Q895871884/ HTTP/2.0" 404 18477 "-" "Mozilla/5.0 AppleWebKit/537.36 (KHTML, like Gecko; compatible; bingbot/2.0; +http://www.bing.com/bingbot.htm) Chrome/116.0.1938.76 Safari/537.36"
52.167.144.195 - - [30/Jul/2026:21:53:55 +0700] "GET /items/Y737088427/ HTTP/2.0" 404 18476 "-" "Mozilla/5.0 AppleWebKit/537.36 (KHTML, like Gecko; compatible; bingbot/2.0; +http://www.bing.com/bingbot.htm) Chrome/116.0.1938.76 Safari/537.36"
103.247.8.10 - - [30/Jul/2026:21:53:58 +0700] "GET /wp-json/jet-search/v1/get-suggestions?action=get_form_suggestions&data%5Blist_type%5D=popular&data%5Bvalue%5D=&data%5Blimit%5D=20 HTTP/1.1" 200 6 "-" "WordPress/7.0.2; https://sdum-patrol.sch.id"
103.247.8.10 - - [30/Jul/2026:21:53:59 +0700] "GET /wp-json/jet-search/v1/get-suggestions?action=get_form_suggestions&data%5Blist_type%5D=popular&data%5Bvalue%5D=&data%5Blimit%5D=20 HTTP/1.1" 200 6 "-" "WordPress/7.0.2; https://sdum-patrol.sch.id"
52.167.144.162 - - [30/Jul/2026:21:53:57 +0700] "GET /items/O936120904/ HTTP/2.0" 404 18476 "-" "Mozilla/5.0 AppleWebKit/537.36 (KHTML, like Gecko; compatible; bingbot/2.0; +http://www.bing.com/bingbot.htm) Chrome/116.0.1938.76 Safari/537.36"
52.167.144.195 - - [30/Jul/2026:21:53:58 +0700] "GET /items/S516339384/ HTTP/2.0" 404 18477 "-" "Mozilla/5.0 AppleWebKit/537.36 (KHTML, like Gecko; compatible; bingbot/2.0; +http://www.bing.com/bingbot.htm) Chrome/116.0.1938.76 Safari/537.36"
103.247.8.10 - - [30/Jul/2026:21:54:37 +0700] "POST /wp-cron.php?doing_wp_cron=1785423277.8310348987579345703125 HTTP/1.1" 200 1 "-" "WordPress/7.0.2; https://sdum-patrol.sch.id"
103.247.8.10 - - [30/Jul/2026:21:54:37 +0700] "GET /wp-json/jet-search/v1/get-suggestions?action=get_form_suggestions&data%5Blist_type%5D=popular&data%5Bvalue%5D=&data%5Blimit%5D=20 HTTP/1.1" 200 6 "-" "WordPress/7.0.2; https://sdum-patrol.sch.id"
103.247.8.10 - - [30/Jul/2026:21:54:38 +0700] "GET /wp-json/jet-search/v1/get-suggestions?action=get_form_suggestions&data%5Blist_type%5D=popular&data%5Bvalue%5D=&data%5Blimit%5D=20 HTTP/1.1" 200 6 "-" "WordPress/7.0.2; https://sdum-patrol.sch.id"
103.247.8.10 - - [30/Jul/2026:21:54:40 +0700] "POST /wp-cron.php?doing_wp_cron=1785423280.0240550041198730468750 HTTP/1.1" 200 1 "-" "WordPress/7.0.2; https://sdum-patrol.sch.id"
198.244.183.109 - - [30/Jul/2026:21:54:35 +0700] "GET /items/P496469636/ HTTP/2.0" 404 18476 "-" "Mozilla/5.0 (compatible; AhrefsBot/7.0; +http://ahrefs.com/robot/)"
103.247.8.10 - - [30/Jul/2026:21:54:40 +0700] "POST /wp-cron.php?doing_wp_cron=1785423280.0457038879394531250000 HTTP/1.1" 200 1 "-" "WordPress/7.0.2; https://sdum-patrol.sch.id"
2a03:2880:f800:15:: - - [30/Jul/2026:21:54:37 +0700] "GET /products/55630485215 HTTP/2.0" 404 157133 "-" "Mozilla/5.0 (Windows NT 10.0; Win64; x64) AppleWebKit/537.36 (KHTML, like Gecko) Chrome/145.0.0.0 Safari/537.36 (compatible; meta-externalagent/1.1 (+https://developers.facebook.com/docs/sharing/webmasters/crawler))"
103.247.8.10 - - [30/Jul/2026:21:55:45 +0700] "POST /wp-cron.php?doing_wp_cron=1785423345.4727470874786376953125 HTTP/1.1" 200 1 "-" "WordPress/7.0.2; https://sdum-patrol.sch.id"
103.247.8.10 - - [30/Jul/2026:21:55:45 +0700] "GET /wp-json/jet-search/v1/get-suggestions?action=get_form_suggestions&data%5Blist_type%5D=popular&data%5Bvalue%5D=&data%5Blimit%5D=20 HTTP/1.1" 200 6 "-" "WordPress/7.0.2; https://sdum-patrol.sch.id"
103.247.8.10 - - [30/Jul/2026:21:55:46 +0700] "POST /wp-cron.php?doing_wp_cron=1785423346.6868839263916015625000 HTTP/1.1" 200 1 "-" "WordPress/7.0.2; https://sdum-patrol.sch.id"
2a03:2880:f800:26:: - - [30/Jul/2026:21:55:43 +0700] "GET /items/P493557929/ HTTP/2.0" 404 157129 "-" "Mozilla/5.0 (Macintosh; Intel Mac OS X 10_15_7) AppleWebKit/537.36 (KHTML, like Gecko) Chrome/145.0.0.0 Safari/537.36 (compatible; meta-externalagent/1.1 (+https://developers.facebook.com/docs/sharing/webmasters/crawler))"
103.247.8.10 - - [30/Jul/2026:21:56:54 +0700] "POST /wp-cron.php?doing_wp_cron=1785423414.0326960086822509765625 HTTP/1.1" 200 1 "-" "WordPress/7.0.2; https://sdum-patrol.sch.id"
103.247.8.10 - - [30/Jul/2026:21:56:53 +0700] "GET /wp-json/jet-search/v1/get-suggestions?action=get_form_suggestions&data%5Blist_type%5D=popular&data%5Bvalue%5D=&data%5Blimit%5D=20 HTTP/1.1" 200 6 "-" "WordPress/7.0.2; https://sdum-patrol.sch.id"
103.247.8.10 - - [30/Jul/2026:21:56:54 +0700] "POST /wp-cron.php?doing_wp_cron=1785423414.0336101055145263671875 HTTP/1.1" 200 1 "-" "WordPress/7.0.2; https://sdum-patrol.sch.id"
103.247.8.10 - - [30/Jul/2026:21:56:53 +0700] "GET /wp-json/jet-search/v1/get-suggestions?action=get_form_suggestions&data%5Blist_type%5D=popular&data%5Bvalue%5D=&data%5Blimit%5D=20 HTTP/1.1" 200 6 "-" "WordPress/7.0.2; https://sdum-patrol.sch.id"
103.247.8.10 - - [30/Jul/2026:21:56:56 +0700] "POST /wp-cron.php?doing_wp_cron=1785423416.3361029624938964843750 HTTP/1.1" 200 1 "-" "WordPress/7.0.2; https://sdum-patrol.sch.id"
198.244.240.128 - - [30/Jul/2026:21:56:52 +0700] "GET /items/P494202010/ HTTP/2.0" 404 18475 "-" "Mozilla/5.0 (compatible; AhrefsBot/7.0; +http://ahrefs.com/robot/)"
103.247.8.10 - - [30/Jul/2026:21:56:56 +0700] "POST /wp-cron.php?doing_wp_cron=1785423416.4201800823211669921875 HTTP/1.1" 200 1 "-" "WordPress/7.0.2; https://sdum-patrol.sch.id"
2a03:2880:f800:1:: - - [30/Jul/2026:21:56:51 +0700] "GET /products/35013587038 HTTP/2.0" 404 157133 "-" "Mozilla/5.0 (Windows NT 10.0; Win64; x64) AppleWebKit/537.36 (KHTML, like Gecko) Chrome/145.0.0.0 Safari/537.36 (compatible; meta-externalagent/1.1 (+https://developers.facebook.com/docs/sharing/webmasters/crawler))"
103.247.8.10 - - [30/Jul/2026:21:58:00 +0700] "POST /wp-cron.php?doing_wp_cron=1785423480.0032091140747070312500 HTTP/1.1" 200 1 "-" "WordPress/7.0.2; https://sdum-patrol.sch.id"
103.247.8.10 - - [30/Jul/2026:21:57:59 +0700] "GET /wp-json/jet-search/v1/get-suggestions?action=get_form_suggestions&data%5Blist_type%5D=popular&data%5Bvalue%5D=&data%5Blimit%5D=20 HTTP/1.1" 200 6 "-" "WordPress/7.0.2; https://sdum-patrol.sch.id"
103.247.8.10 - - [30/Jul/2026:21:58:00 +0700] "GET /wp-json/jet-search/v1/get-suggestions?action=get_form_suggestions&data%5Blist_type%5D=popular&data%5Bvalue%5D=&data%5Blimit%5D=20 HTTP/1.1" 200 6 "-" "WordPress/7.0.2; https://sdum-patrol.sch.id"
103.247.8.10 - - [30/Jul/2026:21:58:02 +0700] "POST /wp-cron.php?doing_wp_cron=1785423482.3227651119232177734375 HTTP/1.1" 200 1 "-" "WordPress/7.0.2; https://sdum-patrol.sch.id"
54.38.147.36 - - [30/Jul/2026:21:57:59 +0700] "GET /items/P492816332/ HTTP/2.0" 404 18477 "-" "Mozilla/5.0 (compatible; AhrefsBot/7.0; +http://ahrefs.com/robot/)"
2a03:2880:f800:24:: - - [30/Jul/2026:21:57:57 +0700] "GET /products/19167418352 HTTP/2.0" 404 157133 "-" "Mozilla/5.0 (Macintosh; Intel Mac OS X 10_15_7) AppleWebKit/537.36 (KHTML, like Gecko) Chrome/145.0.0.0 Safari/537.36 (compatible; meta-externalagent/1.1 (+https://developers.facebook.com/docs/sharing/webmasters/crawler))"
103.247.8.10 - - [30/Jul/2026:21:59:06 +0700] "POST /wp-cron.php?doing_wp_cron=1785423546.1395530700683593750000 HTTP/1.1" 200 1 "-" "WordPress/7.0.2; https://sdum-patrol.sch.id"
103.247.8.10 - - [30/Jul/2026:21:59:05 +0700] "GET /wp-json/jet-search/v1/get-suggestions?action=get_form_suggestions&data%5Blist_type%5D=popular&data%5Bvalue%5D=&data%5Blimit%5D=20 HTTP/1.1" 200 6 "-" "WordPress/7.0.2; https://sdum-patrol.sch.id"
103.247.8.10 - - [30/Jul/2026:21:59:07 +0700] "POST /wp-cron.php?doing_wp_cron=1785423547.3822259902954101562500 HTTP/1.1" 200 1 "-" "WordPress/7.0.2; https://sdum-patrol.sch.id"
2a03:2880:f800:22:: - - [30/Jul/2026:21:59:03 +0700] "GET /products/29688465660 HTTP/2.0" 404 157133 "-" "Mozilla/5.0 (Windows NT 10.0; Win64; x64) AppleWebKit/537.36 (KHTML, like Gecko) Chrome/145.0.0.0 Safari/537.36 (compatible; meta-externalagent/1.1 (+https://developers.facebook.com/docs/sharing/webmasters/crawler))"
103.247.8.10 - - [30/Jul/2026:21:59:08 +0700] "GET /wp-json/jet-search/v1/get-suggestions?action=get_form_suggestions&data%5Blist_type%5D=popular&data%5Bvalue%5D=&data%5Blimit%5D=20 HTTP/1.1" 200 6 "-" "WordPress/7.0.2; https://sdum-patrol.sch.id"
198.244.168.82 - - [30/Jul/2026:21:59:08 +0700] "GET /items/P492811187/ HTTP/2.0" 404 18476 "-" "Mozilla/5.0 (compatible; AhrefsBot/7.0; +http://ahrefs.com/robot/)"
103.247.8.10 - - [30/Jul/2026:21:59:45 +0700] "GET /wp-json/jet-search/v1/get-suggestions?action=get_form_suggestions&data%5Blist_type%5D=popular&data%5Bvalue%5D=&data%5Blimit%5D=20 HTTP/1.1" 200 6 "-" "WordPress/7.0.2; https://sdum-patrol.sch.id"
198.244.240.30 - - [30/Jul/2026:21:59:42 +0700] "GET /items/P492601133/ HTTP/2.0" 404 18475 "-" "Mozilla/5.0 (compatible; AhrefsBot/7.0; +http://ahrefs.com/robot/)"
103.247.8.10 - - [30/Jul/2026:22:00:00 +0700] "GET /wp-json/jet-search/v1/get-suggestions?action=get_form_suggestions&data%5Blist_type%5D=popular&data%5Bvalue%5D=&data%5Blimit%5D=20 HTTP/1.1" 200 6 "-" "WordPress/7.0.2; https://sdum-patrol.sch.id"
51.195.215.64 - - [30/Jul/2026:21:59:59 +0700] "GET /items/P492373239/ HTTP/2.0" 404 18477 "-" "Mozilla/5.0 (compatible; AhrefsBot/7.0; +http://ahrefs.com/robot/)"
103.247.8.10 - - [30/Jul/2026:22:00:10 +0700] "POST /wp-cron.php?doing_wp_cron=1785423610.5606811046600341796875 HTTP/1.1" 200 1 "-" "WordPress/7.0.2; https://sdum-patrol.sch.id"
103.247.8.10 - - [30/Jul/2026:22:00:10 +0700] "GET /wp-json/jet-search/v1/get-suggestions?action=get_form_suggestions&data%5Blist_type%5D=popular&data%5Bvalue%5D=&data%5Blimit%5D=20 HTTP/1.1" 200 6 "-" "WordPress/7.0.2; https://sdum-patrol.sch.id"
103.247.8.10 - - [30/Jul/2026:22:00:11 +0700] "POST /wp-cron.php?doing_wp_cron=1785423611.5038399696350097656250 HTTP/1.1" 200 1 "-" "WordPress/7.0.2; https://sdum-patrol.sch.id"
2a03:2880:f800:1:: - - [30/Jul/2026:22:00:09 +0700] "GET /items/P497394325/ HTTP/2.0" 404 157129 "-" "Mozilla/5.0 (Windows NT 10.0; Win64; x64) AppleWebKit/537.36 (KHTML, like Gecko) Chrome/145.0.0.0 Safari/537.36 (compatible; meta-externalagent/1.1 (+https://developers.facebook.com/docs/sharing/webmasters/crawler))"
103.247.8.10 - - [30/Jul/2026:22:01:11 +0700] "POST /wp-cron.php?doing_wp_cron=1785423671.5428469181060791015625 HTTP/1.1" 200 1 "-" "WordPress/7.0.2; https://sdum-patrol.sch.id"
103.247.8.10 - - [30/Jul/2026:22:01:11 +0700] "GET /wp-json/jet-search/v1/get-suggestions?action=get_form_suggestions&data%5Blist_type%5D=popular&data%5Bvalue%5D=&data%5Blimit%5D=20 HTTP/1.1" 200 6 "-" "WordPress/7.0.2; https://sdum-patrol.sch.id"
103.247.8.10 - - [30/Jul/2026:22:01:12 +0700] "POST /wp-cron.php?doing_wp_cron=1785423672.7772610187530517578125 HTTP/1.1" 200 1 "-" "WordPress/7.0.2; https://sdum-patrol.sch.id"
198.244.242.43 - - [30/Jul/2026:22:01:09 +0700] "GET /items/P492023224/ HTTP/2.0" 404 18477 "-" "Mozilla/5.0 (compatible; AhrefsBot/7.0; +http://ahrefs.com/robot/)"
103.247.8.10 - - [30/Jul/2026:22:01:14 +0700] "GET /wp-json/jet-search/v1/get-suggestions?action=get_form_suggestions&data%5Blist_type%5D=popular&data%5Bvalue%5D=&data%5Blimit%5D=20 HTTP/1.1" 200 6 "-" "WordPress/7.0.2; https://sdum-patrol.sch.id"
198.244.242.90 - - [30/Jul/2026:22:01:13 +0700] "GET /items/P497558685/ HTTP/2.0" 404 18476 "-" "Mozilla/5.0 (compatible; AhrefsBot/7.0; +http://ahrefs.com/robot/)"
103.247.8.10 - - [30/Jul/2026:22:01:17 +0700] "GET /wp-json/jet-search/v1/get-suggestions?action=get_form_suggestions&data%5Blist_type%5D=popular&data%5Bvalue%5D=&data%5Blimit%5D=20 HTTP/1.1" 200 6 "-" "WordPress/7.0.2; https://sdum-patrol.sch.id"
103.247.8.10 - - [30/Jul/2026:22:01:18 +0700] "GET /wp-json/jet-search/v1/get-suggestions?action=get_form_suggestions&data%5Blist_type%5D=popular&data%5Bvalue%5D=&data%5Blimit%5D=20 HTTP/1.1" 200 6 "-" "WordPress/7.0.2; https://sdum-patrol.sch.id"
2a03:2880:f800:31:: - - [30/Jul/2026:22:01:16 +0700] "GET /items/P497430955/ HTTP/2.0" 404 157129 "-" "Mozilla/5.0 (Macintosh; Intel Mac OS X 10_15_7) AppleWebKit/537.36 (KHTML, like Gecko) Chrome/145.0.0.0 Safari/537.36 (compatible; meta-externalagent/1.1 (+https://developers.facebook.com/docs/sharing/webmasters/crawler))"
51.195.183.0 - - [30/Jul/2026:22:01:18 +0700] "GET /items/P497467903/ HTTP/2.0" 404 18476 "-" "Mozilla/5.0 (compatible; AhrefsBot/7.0; +http://ahrefs.com/robot/)"
103.247.8.10 - - [30/Jul/2026:22:01:19 +0700] "GET /wp-json/jet-search/v1/get-suggestions?action=get_form_suggestions&data%5Blist_type%5D=popular&data%5Bvalue%5D=&data%5Blimit%5D=20 HTTP/1.1" 200 6 "-" "WordPress/7.0.2; https://sdum-patrol.sch.id"
51.89.129.106 - - [30/Jul/2026:22:01:19 +0700] "GET /items/P496510600/ HTTP/2.0" 404 18477 "-" "Mozilla/5.0 (compatible; AhrefsBot/7.0; +http://ahrefs.com/robot/)"
103.247.8.10 - - [30/Jul/2026:22:01:21 +0700] "GET /wp-json/jet-search/v1/get-suggestions?action=get_form_suggestions&data%5Blist_type%5D=popular&data%5Bvalue%5D=&data%5Blimit%5D=20 HTTP/1.1" 200 6 "-" "WordPress/7.0.2; https://sdum-patrol.sch.id"
51.195.215.76 - - [30/Jul/2026:22:01:21 +0700] "GET /items/P494797405/ HTTP/2.0" 404 18477 "-" "Mozilla/5.0 (compatible; AhrefsBot/7.0; +http://ahrefs.com/robot/)"
103.247.8.10 - - [30/Jul/2026:22:01:23 +0700] "GET /wp-json/jet-search/v1/get-suggestions?action=get_form_suggestions&data%5Blist_type%5D=popular&data%5Bvalue%5D=&data%5Blimit%5D=20 HTTP/1.1" 200 6 "-" "WordPress/7.0.2; https://sdum-patrol.sch.id"
103.247.8.10 - - [30/Jul/2026:22:01:23 +0700] "GET /wp-json/jet-search/v1/get-suggestions?action=get_form_suggestions&data%5Blist_type%5D=popular&data%5Bvalue%5D=&data%5Blimit%5D=20 HTTP/1.1" 200 6 "-" "WordPress/7.0.2; https://sdum-patrol.sch.id"
198.244.168.81 - - [30/Jul/2026:22:01:22 +0700] "GET /items/P494194094/ HTTP/2.0" 404 18476 "-" "Mozilla/5.0 (compatible; AhrefsBot/7.0; +http://ahrefs.com/robot/)"
51.195.183.189 - - [30/Jul/2026:22:01:22 +0700] "GET /items/P495656369/ HTTP/2.0" 404 18476 "-" "Mozilla/5.0 (compatible; AhrefsBot/7.0; +http://ahrefs.com/robot/)"
103.247.8.10 - - [30/Jul/2026:22:01:25 +0700] "GET /wp-json/jet-search/v1/get-suggestions?action=get_form_suggestions&data%5Blist_type%5D=popular&data%5Bvalue%5D=&data%5Blimit%5D=20 HTTP/1.1" 200 6 "-" "WordPress/7.0.2; https://sdum-patrol.sch.id"
103.247.8.10 - - [30/Jul/2026:22:01:26 +0700] "GET /wp-json/jet-search/v1/get-suggestions?action=get_form_suggestions&data%5Blist_type%5D=popular&data%5Bvalue%5D=&data%5Blimit%5D=20 HTTP/1.1" 200 6 "-" "WordPress/7.0.2; https://sdum-patrol.sch.id"
51.195.215.128 - - [30/Jul/2026:22:01:24 +0700] "GET /items/P493935163/ HTTP/2.0" 404 18476 "-" "Mozilla/5.0 (compatible; AhrefsBot/7.0; +http://ahrefs.com/robot/)"
103.247.8.10 - - [30/Jul/2026:22:01:27 +0700] "GET /wp-json/jet-search/v1/get-suggestions?action=get_form_suggestions&data%5Blist_type%5D=popular&data%5Bvalue%5D=&data%5Blimit%5D=20 HTTP/1.1" 200 6 "-" "WordPress/7.0.2; https://sdum-patrol.sch.id"
198.244.226.63 - - [30/Jul/2026:22:01:25 +0700] "GET /items/P493141170/ HTTP/2.0" 404 18476 "-" "Mozilla/5.0 (compatible; AhrefsBot/7.0; +http://ahrefs.com/robot/)"
103.247.8.10 - - [30/Jul/2026:22:01:28 +0700] "GET /wp-json/jet-search/v1/get-suggestions?action=get_form_suggestions&data%5Blist_type%5D=popular&data%5Bvalue%5D=&data%5Blimit%5D=20 HTTP/1.1" 200 6 "-" "WordPress/7.0.2; https://sdum-patrol.sch.id"
103.247.8.10 - - [30/Jul/2026:22:01:29 +0700] "GET /wp-json/jet-search/v1/get-suggestions?action=get_form_suggestions&data%5Blist_type%5D=popular&data%5Bvalue%5D=&data%5Blimit%5D=20 HTTP/1.1" 200 6 "-" "WordPress/7.0.2; https://sdum-patrol.sch.id"
51.195.244.138 - - [30/Jul/2026:22:01:26 +0700] "GET /items/P491751343/ HTTP/2.0" 404 18477 "-" "Mozilla/5.0 (compatible; AhrefsBot/7.0; +http://ahrefs.com/robot/)"
103.247.8.10 - - [30/Jul/2026:22:01:30 +0700] "GET /wp-json/jet-search/v1/get-suggestions?action=get_form_suggestions&data%5Blist_type%5D=popular&data%5Bvalue%5D=&data%5Blimit%5D=20 HTTP/1.1" 200 6 "-" "WordPress/7.0.2; https://sdum-patrol.sch.id"
198.244.183.91 - - [30/Jul/2026:22:01:27 +0700] "GET /items/P491625872/ HTTP/2.0" 404 18477 "-" "Mozilla/5.0 (compatible; AhrefsBot/7.0; +http://ahrefs.com/robot/)"
198.244.242.83 - - [30/Jul/2026:22:01:28 +0700] "GET /items/P491075826/ HTTP/2.0" 404 18477 "-" "Mozilla/5.0 (compatible; AhrefsBot/7.0; +http://ahrefs.com/robot/)"
103.247.8.10 - - [30/Jul/2026:22:01:33 +0700] "GET /wp-json/jet-search/v1/get-suggestions?action=get_form_suggestions&data%5Blist_type%5D=popular&data%5Bvalue%5D=&data%5Blimit%5D=20 HTTP/1.1" 200 6 "-" "WordPress/7.0.2; https://sdum-patrol.sch.id"
54.38.147.245 - - [30/Jul/2026:22:01:29 +0700] "GET /items/P497459896/ HTTP/2.0" 404 18476 "-" "Mozilla/5.0 (compatible; AhrefsBot/7.0; +http://ahrefs.com/robot/)"
103.247.8.10 - - [30/Jul/2026:22:01:33 +0700] "GET /wp-json/jet-search/v1/get-suggestions?action=get_form_suggestions&data%5Blist_type%5D=popular&data%5Bvalue%5D=&data%5Blimit%5D=20 HTTP/1.1" 200 6 "-" "WordPress/7.0.2; https://sdum-patrol.sch.id"
51.195.215.158 - - [30/Jul/2026:22:01:32 +0700] "GET /items/P497224091/ HTTP/2.0" 404 18476 "-" "Mozilla/5.0 (compatible; AhrefsBot/7.0; +http://ahrefs.com/robot/)"
198.244.168.5 - - [30/Jul/2026:22:01:32 +0700] "GET /items/P495975046/ HTTP/2.0" 404 18476 "-" "Mozilla/5.0 (compatible; AhrefsBot/7.0; +http://ahrefs.com/robot/)"
103.247.8.10 - - [30/Jul/2026:22:01:35 +0700] "GET /wp-json/jet-search/v1/get-suggestions?action=get_form_suggestions&data%5Blist_type%5D=popular&data%5Bvalue%5D=&data%5Blimit%5D=20 HTTP/1.1" 200 6 "-" "WordPress/7.0.2; https://sdum-patrol.sch.id"
198.244.168.78 - - [30/Jul/2026:22:01:35 +0700] "GET /items/P494702737/ HTTP/2.0" 404 18475 "-" "Mozilla/5.0 (compatible; AhrefsBot/7.0; +http://ahrefs.com/robot/)"
103.247.8.10 - - [30/Jul/2026:22:01:37 +0700] "GET /wp-json/jet-search/v1/get-suggestions?action=get_form_suggestions&data%5Blist_type%5D=popular&data%5Bvalue%5D=&data%5Blimit%5D=20 HTTP/1.1" 200 6 "-" "WordPress/7.0.2; https://sdum-patrol.sch.id"
51.89.129.78 - - [30/Jul/2026:22:01:37 +0700] "GET /items/P494361841/ HTTP/2.0" 404 18476 "-" "Mozilla/5.0 (compatible; AhrefsBot/7.0; +http://ahrefs.com/robot/)"
103.247.8.10 - - [30/Jul/2026:22:01:40 +0700] "GET /wp-json/jet-search/v1/get-suggestions?action=get_form_suggestions&data%5Blist_type%5D=popular&data%5Bvalue%5D=&data%5Blimit%5D=20 HTTP/1.1" 200 6 "-" "WordPress/7.0.2; https://sdum-patrol.sch.id"
103.247.8.10 - - [30/Jul/2026:22:01:40 +0700] "GET /wp-json/jet-search/v1/get-suggestions?action=get_form_suggestions&data%5Blist_type%5D=popular&data%5Bvalue%5D=&data%5Blimit%5D=20 HTTP/1.1" 200 6 "-" "WordPress/7.0.2; https://sdum-patrol.sch.id"
54.38.147.103 - - [30/Jul/2026:22:01:39 +0700] "GET /items/P493935712/ HTTP/2.0" 404 18477 "-" "Mozilla/5.0 (compatible; AhrefsBot/7.0; +http://ahrefs.com/robot/)"
52.167.144.195 - - [30/Jul/2026:22:01:40 +0700] "GET /cate-284 HTTP/2.0" 404 18472 "-" "Mozilla/5.0 AppleWebKit/537.36 (KHTML, like Gecko; compatible; bingbot/2.0; +http://www.bing.com/bingbot.htm) Chrome/116.0.1938.76 Safari/537.36"
103.247.8.10 - - [30/Jul/2026:22:01:42 +0700] "GET /wp-json/jet-search/v1/get-suggestions?action=get_form_suggestions&data%5Blist_type%5D=popular&data%5Bvalue%5D=&data%5Blimit%5D=20 HTTP/1.1" 200 6 "-" "WordPress/7.0.2; https://sdum-patrol.sch.id"
103.247.8.10 - - [30/Jul/2026:22:01:43 +0700] "GET /wp-json/jet-search/v1/get-suggestions?action=get_form_suggestions&data%5Blist_type%5D=popular&data%5Bvalue%5D=&data%5Blimit%5D=20 HTTP/1.1" 200 6 "-" "WordPress/7.0.2; https://sdum-patrol.sch.id"
103.247.8.10 - - [30/Jul/2026:22:01:44 +0700] "GET /wp-json/jet-search/v1/get-suggestions?action=get_form_suggestions&data%5Blist_type%5D=popular&data%5Bvalue%5D=&data%5Blimit%5D=20 HTTP/1.1" 200 6 "-" "WordPress/7.0.2; https://sdum-patrol.sch.id"
198.244.183.202 - - [30/Jul/2026:22:01:41 +0700] "GET /items/P494555763/ HTTP/2.0" 404 18475 "-" "Mozilla/5.0 (compatible; AhrefsBot/7.0; +http://ahrefs.com/robot/)"
