103.247.8.10 - - [30/Jul/2026:20:13:51 +0700] "GET /wp-json/jet-search/v1/get-suggestions?action=get_form_suggestions&data%5Blist_type%5D=popular&data%5Bvalue%5D=&data%5Blimit%5D=20 HTTP/1.1" 200 6 "-" "WordPress/7.0.2; https://sdum-patrol.sch.id"
103.247.8.10 - - [30/Jul/2026:20:13:47 +0700] "GET /wp-json/jet-search/v1/get-suggestions?action=get_form_suggestions&data%5Blist_type%5D=popular&data%5Bvalue%5D=&data%5Blimit%5D=20 HTTP/1.1" 200 6 "-" "WordPress/7.0.2; https://sdum-patrol.sch.id"
103.247.8.10 - - [30/Jul/2026:20:13:53 +0700] "GET /wp-json/jet-search/v1/get-suggestions?action=get_form_suggestions&data%5Blist_type%5D=popular&data%5Bvalue%5D=&data%5Blimit%5D=20 HTTP/1.1" 200 6 "-" "WordPress/7.0.2; https://sdum-patrol.sch.id"
198.244.168.4 - - [30/Jul/2026:20:13:26 +0700] "GET /items/P492682990/ HTTP/2.0" 404 - "-" "Mozilla/5.0 (compatible; AhrefsBot/7.0; +http://ahrefs.com/robot/)"
198.244.242.46 - - [30/Jul/2026:20:13:30 +0700] "GET /items/P492365473/ HTTP/2.0" 404 - "-" "Mozilla/5.0 (compatible; AhrefsBot/7.0; +http://ahrefs.com/robot/)"
2a03:2880:f800:44:: - - [30/Jul/2026:20:13:30 +0700] "GET /items/P496963600/ HTTP/2.0" 404 - "-" "Mozilla/5.0 (Windows NT 10.0; Win64; x64) AppleWebKit/537.36 (KHTML, like Gecko) Chrome/145.0.0.0 Safari/537.36 (compatible; meta-externalagent/1.1 (+https://developers.facebook.com/docs/sharing/webmasters/crawler))"
103.247.8.10 - - [30/Jul/2026:20:14:04 +0700] "GET /wp-json/jet-search/v1/get-suggestions?action=get_form_suggestions&data%5Blist_type%5D=popular&data%5Bvalue%5D=&data%5Blimit%5D=20 HTTP/1.1" 200 6 "-" "WordPress/7.0.2; https://sdum-patrol.sch.id"
103.247.8.10 - - [30/Jul/2026:20:14:04 +0700] "GET /wp-json/jet-search/v1/get-suggestions?action=get_form_suggestions&data%5Blist_type%5D=popular&data%5Bvalue%5D=&data%5Blimit%5D=20 HTTP/1.1" 200 6 "-" "WordPress/7.0.2; https://sdum-patrol.sch.id"
103.247.8.10 - - [30/Jul/2026:20:14:05 +0700] "GET /wp-json/jet-search/v1/get-suggestions?action=get_form_suggestions&data%5Blist_type%5D=popular&data%5Bvalue%5D=&data%5Blimit%5D=20 HTTP/1.1" 200 6 "-" "WordPress/7.0.2; https://sdum-patrol.sch.id"
103.247.8.10 - - [30/Jul/2026:20:14:05 +0700] "GET /wp-json/jet-search/v1/get-suggestions?action=get_form_suggestions&data%5Blist_type%5D=popular&data%5Bvalue%5D=&data%5Blimit%5D=20 HTTP/1.1" 200 6 "-" "WordPress/7.0.2; https://sdum-patrol.sch.id"
198.244.240.43 - - [30/Jul/2026:20:13:32 +0700] "GET /items/P492353148/ HTTP/2.0" 404 - "-" "Mozilla/5.0 (compatible; AhrefsBot/7.0; +http://ahrefs.com/robot/)"
51.195.215.213 - - [30/Jul/2026:20:13:36 +0700] "GET /items/P492180695/ HTTP/2.0" 404 - "-" "Mozilla/5.0 (compatible; AhrefsBot/7.0; +http://ahrefs.com/robot/)"
198.244.183.179 - - [30/Jul/2026:20:13:56 +0700] "GET /items/P491944580/ HTTP/2.0" 404 18477 "-" "Mozilla/5.0 (compatible; AhrefsBot/7.0; +http://ahrefs.com/robot/)"
216.73.216.67 - - [30/Jul/2026:20:13:59 +0700] "GET /sitemap-1.xml HTTP/2.0" 404 - "-" "Mozilla/5.0 AppleWebKit/537.36 (KHTML, like Gecko; compatible; ClaudeBot/1.0; +claudebot@anthropic.com)"
52.167.144.143 - - [30/Jul/2026:20:13:51 +0700] "GET /items/I084794628/ HTTP/2.0" 404 18477 "-" "Mozilla/5.0 AppleWebKit/537.36 (KHTML, like Gecko; compatible; bingbot/2.0; +http://www.bing.com/bingbot.htm) Chrome/116.0.1938.76 Safari/537.36"
216.73.216.67 - - [30/Jul/2026:20:13:59 +0700] "GET /sitemap-3.xml HTTP/2.0" 404 - "-" "Mozilla/5.0 AppleWebKit/537.36 (KHTML, like Gecko; compatible; ClaudeBot/1.0; +claudebot@anthropic.com)"
103.247.8.10 - - [30/Jul/2026:20:14:36 +0700] "GET /wp-json/jet-search/v1/get-suggestions?action=get_form_suggestions&data%5Blist_type%5D=popular&data%5Bvalue%5D=&data%5Blimit%5D=20 HTTP/1.1" 200 6 "-" "WordPress/7.0.2; https://sdum-patrol.sch.id"
216.73.216.67 - - [30/Jul/2026:20:14:36 +0700] "GET /sitemap-15.xml HTTP/2.0" 404 18474 "-" "Mozilla/5.0 AppleWebKit/537.36 (KHTML, like Gecko; compatible; ClaudeBot/1.0; +claudebot@anthropic.com)"
103.247.8.10 - - [30/Jul/2026:20:14:37 +0700] "GET /wp-json/jet-search/v1/get-suggestions?action=get_form_suggestions&data%5Blist_type%5D=popular&data%5Bvalue%5D=&data%5Blimit%5D=20 HTTP/1.1" 200 6 "-" "WordPress/7.0.2; https://sdum-patrol.sch.id"
2a03:2880:f800:b:: - - [30/Jul/2026:20:14:37 +0700] "GET /items/P497231487/ HTTP/2.0" 404 157129 "-" "Mozilla/5.0 (Windows NT 10.0; Win64; x64) AppleWebKit/537.36 (KHTML, like Gecko) Chrome/145.0.0.0 Safari/537.36 (compatible; meta-externalagent/1.1 (+https://developers.facebook.com/docs/sharing/webmasters/crawler))"
103.247.8.10 - - [30/Jul/2026:20:15:28 +0700] "POST /wp-cron.php?doing_wp_cron=1785417328.4828341007232666015625 HTTP/1.1" 200 1 "-" "WordPress/7.0.2; https://sdum-patrol.sch.id"
216.73.216.67 - - [30/Jul/2026:20:15:26 +0700] "GET /sitemap.xml HTTP/2.0" 301 1 "-" "Mozilla/5.0 AppleWebKit/537.36 (KHTML, like Gecko; compatible; ClaudeBot/1.0; +claudebot@anthropic.com)"
216.73.216.67 - - [30/Jul/2026:20:15:28 +0700] "GET /wp-sitemap.xml HTTP/2.0" 200 233 "https://sdum-patrol.sch.id/sitemap.xml" "Mozilla/5.0 AppleWebKit/537.36 (KHTML, like Gecko; compatible; ClaudeBot/1.0; +claudebot@anthropic.com)"
103.247.8.10 - - [30/Jul/2026:20:15:43 +0700] "GET /wp-json/jet-search/v1/get-suggestions?action=get_form_suggestions&data%5Blist_type%5D=popular&data%5Bvalue%5D=&data%5Blimit%5D=20 HTTP/1.1" 200 6 "-" "WordPress/7.0.2; https://sdum-patrol.sch.id"
2a03:2880:f800:26:: - - [30/Jul/2026:20:15:43 +0700] "GET /items/P493460164/ HTTP/2.0" 404 157129 "-" "Mozilla/5.0 (Windows NT 10.0; Win64; x64; rv:147.0) Gecko/20100101 Firefox/147.0 (compatible; meta-externalagent/1.1 (+https://developers.facebook.com/docs/sharing/webmasters/crawler))"
103.247.8.10 - - [30/Jul/2026:20:16:52 +0700] "POST /wp-cron.php?doing_wp_cron=1785417412.7954320907592773437500 HTTP/1.1" 200 1 "-" "WordPress/7.0.2; https://sdum-patrol.sch.id"
103.247.8.10 - - [30/Jul/2026:20:16:52 +0700] "GET /wp-json/jet-search/v1/get-suggestions?action=get_form_suggestions&data%5Blist_type%5D=popular&data%5Bvalue%5D=&data%5Blimit%5D=20 HTTP/1.1" 200 6 "-" "WordPress/7.0.2; https://sdum-patrol.sch.id"
103.247.8.10 - - [30/Jul/2026:20:16:53 +0700] "POST /wp-cron.php?doing_wp_cron=1785417413.9196290969848632812500 HTTP/1.1" 200 1 "-" "WordPress/7.0.2; https://sdum-patrol.sch.id"
2a03:2880:f800:34:: - - [30/Jul/2026:20:16:50 +0700] "GET /items/P497579188/ HTTP/2.0" 404 157129 "-" "Mozilla/5.0 (Windows NT 10.0; Win64; x64) AppleWebKit/537.36 (KHTML, like Gecko) Chrome/145.0.0.0 Safari/537.36 (compatible; meta-externalagent/1.1 (+https://developers.facebook.com/docs/sharing/webmasters/crawler))"
103.247.8.10 - - [30/Jul/2026:20:17:59 +0700] "POST /wp-cron.php?doing_wp_cron=1785417479.6349840164184570312500 HTTP/1.1" 200 1 "-" "WordPress/7.0.2; https://sdum-patrol.sch.id"
103.247.8.10 - - [30/Jul/2026:20:17:59 +0700] "GET /wp-json/jet-search/v1/get-suggestions?action=get_form_suggestions&data%5Blist_type%5D=popular&data%5Bvalue%5D=&data%5Blimit%5D=20 HTTP/1.1" 200 6 "-" "WordPress/7.0.2; https://sdum-patrol.sch.id"
103.247.8.10 - - [30/Jul/2026:20:18:00 +0700] "POST /wp-cron.php?doing_wp_cron=1785417480.8639819622039794921875 HTTP/1.1" 200 1 "-" "WordPress/7.0.2; https://sdum-patrol.sch.id"
2a03:2880:f800:3:: - - [30/Jul/2026:20:17:57 +0700] "GET /products/54415156491 HTTP/2.0" 404 157133 "-" "Mozilla/5.0 (Macintosh; Intel Mac OS X 10_15_7) AppleWebKit/537.36 (KHTML, like Gecko) Chrome/145.0.0.0 Safari/537.36 (compatible; meta-externalagent/1.1 (+https://developers.facebook.com/docs/sharing/webmasters/crawler))"
103.247.8.10 - - [30/Jul/2026:20:19:05 +0700] "POST /wp-cron.php?doing_wp_cron=1785417545.4236669540405273437500 HTTP/1.1" 200 1 "-" "WordPress/7.0.2; https://sdum-patrol.sch.id"
103.247.8.10 - - [30/Jul/2026:20:19:05 +0700] "GET /wp-json/jet-search/v1/get-suggestions?action=get_form_suggestions&data%5Blist_type%5D=popular&data%5Bvalue%5D=&data%5Blimit%5D=20 HTTP/1.1" 200 6 "-" "WordPress/7.0.2; https://sdum-patrol.sch.id"
103.247.8.10 - - [30/Jul/2026:20:19:06 +0700] "POST /wp-cron.php?doing_wp_cron=1785417546.6087090969085693359375 HTTP/1.1" 200 1 "-" "WordPress/7.0.2; https://sdum-patrol.sch.id"
2a03:2880:f800:3f:: - - [30/Jul/2026:20:19:03 +0700] "GET /products/47541882394 HTTP/2.0" 404 157133 "-" "Mozilla/5.0 (Macintosh; Intel Mac OS X 10_15_7) AppleWebKit/537.36 (KHTML, like Gecko) Chrome/145.0.0.0 Safari/537.36 (compatible; meta-externalagent/1.1 (+https://developers.facebook.com/docs/sharing/webmasters/crawler))"
103.247.8.10 - - [30/Jul/2026:20:20:16 +0700] "POST /wp-cron.php?doing_wp_cron=1785417615.9934909343719482421875 HTTP/1.1" 200 1 "-" "WordPress/7.0.2; https://sdum-patrol.sch.id"
103.247.8.10 - - [30/Jul/2026:20:20:15 +0700] "GET /wp-json/jet-search/v1/get-suggestions?action=get_form_suggestions&data%5Blist_type%5D=popular&data%5Bvalue%5D=&data%5Blimit%5D=20 HTTP/1.1" 200 6 "-" "WordPress/7.0.2; https://sdum-patrol.sch.id"
103.247.8.10 - - [30/Jul/2026:20:20:17 +0700] "POST /wp-cron.php?doing_wp_cron=1785417617.7011721134185791015625 HTTP/1.1" 200 1 "-" "WordPress/7.0.2; https://sdum-patrol.sch.id"
2a03:2880:f800:31:: - - [30/Jul/2026:20:20:13 +0700] "GET /items/P493333180/ HTTP/2.0" 404 157129 "-" "Mozilla/5.0 (Macintosh; Intel Mac OS X 10_15_7) AppleWebKit/537.36 (KHTML, like Gecko) Chrome/145.0.0.0 Safari/537.36 (compatible; meta-externalagent/1.1 (+https://developers.facebook.com/docs/sharing/webmasters/crawler))"
103.247.8.10 - - [30/Jul/2026:20:21:19 +0700] "POST /wp-cron.php?doing_wp_cron=1785417679.8047180175781250000000 HTTP/1.1" 200 1 "-" "WordPress/7.0.2; https://sdum-patrol.sch.id"
103.247.8.10 - - [30/Jul/2026:20:21:19 +0700] "GET /wp-json/jet-search/v1/get-suggestions?action=get_form_suggestions&data%5Blist_type%5D=popular&data%5Bvalue%5D=&data%5Blimit%5D=20 HTTP/1.1" 200 6 "-" "WordPress/7.0.2; https://sdum-patrol.sch.id"
103.247.8.10 - - [30/Jul/2026:20:21:21 +0700] "POST /wp-cron.php?doing_wp_cron=1785417680.9899239540100097656250 HTTP/1.1" 200 1 "-" "WordPress/7.0.2; https://sdum-patrol.sch.id"
2a03:2880:f800:13:: - - [30/Jul/2026:20:21:17 +0700] "GET /products/36670503971 HTTP/2.0" 404 157133 "-" "Mozilla/5.0 (Macintosh; Intel Mac OS X 10_15_7) AppleWebKit/537.36 (KHTML, like Gecko) Chrome/145.0.0.0 Safari/537.36 (compatible; meta-externalagent/1.1 (+https://developers.facebook.com/docs/sharing/webmasters/crawler))"
103.247.8.10 - - [30/Jul/2026:20:22:26 +0700] "POST /wp-cron.php?doing_wp_cron=1785417746.1112930774688720703125 HTTP/1.1" 200 1 "-" "WordPress/7.0.2; https://sdum-patrol.sch.id"
103.247.8.10 - - [30/Jul/2026:20:22:25 +0700] "GET /wp-json/jet-search/v1/get-suggestions?action=get_form_suggestions&data%5Blist_type%5D=popular&data%5Bvalue%5D=&data%5Blimit%5D=20 HTTP/1.1" 200 6 "-" "WordPress/7.0.2; https://sdum-patrol.sch.id"
103.247.8.10 - - [30/Jul/2026:20:22:27 +0700] "POST /wp-cron.php?doing_wp_cron=1785417747.2532539367675781250000 HTTP/1.1" 200 1 "-" "WordPress/7.0.2; https://sdum-patrol.sch.id"
2a03:2880:f800:3d:: - - [30/Jul/2026:20:22:23 +0700] "GET /items/P496973091/ HTTP/2.0" 404 157129 "-" "Mozilla/5.0 (Macintosh; Intel Mac OS X 10_15_7) AppleWebKit/537.36 (KHTML, like Gecko) Chrome/145.0.0.0 Safari/537.36 (compatible; meta-externalagent/1.1 (+https://developers.facebook.com/docs/sharing/webmasters/crawler))"
103.247.8.10 - - [30/Jul/2026:20:22:55 +0700] "GET /wp-json/jet-search/v1/get-suggestions?action=get_form_suggestions&data%5Blist_type%5D=popular&data%5Bvalue%5D=&data%5Blimit%5D=20 HTTP/1.1" 200 6 "-" "WordPress/7.0.2; https://sdum-patrol.sch.id"
40.77.167.23 - - [30/Jul/2026:20:22:55 +0700] "GET /items/J355321327/ HTTP/2.0" 404 18475 "-" "Mozilla/5.0 AppleWebKit/537.36 (KHTML, like Gecko; compatible; bingbot/2.0; +http://www.bing.com/bingbot.htm) Chrome/116.0.1938.76 Safari/537.36"
103.247.8.10 - - [30/Jul/2026:20:23:03 +0700] "POST /wp-cron.php?doing_wp_cron=1785417783.3464710712432861328125 HTTP/1.1" 200 1 "-" "WordPress/7.0.2; https://sdum-patrol.sch.id"
103.247.8.10 - - [30/Jul/2026:20:23:03 +0700] "GET /wp-json/jet-search/v1/get-suggestions?action=get_form_suggestions&data%5Blist_type%5D=popular&data%5Bvalue%5D=&data%5Blimit%5D=20 HTTP/1.1" 200 6 "-" "WordPress/7.0.2; https://sdum-patrol.sch.id"
103.247.8.10 - - [30/Jul/2026:20:23:04 +0700] "POST /wp-cron.php?doing_wp_cron=1785417784.3934450149536132812500 HTTP/1.1" 200 1 "-" "WordPress/7.0.2; https://sdum-patrol.sch.id"
40.77.167.21 - - [30/Jul/2026:20:23:02 +0700] "GET /items/C901597966/ HTTP/2.0" 404 18476 "-" "Mozilla/5.0 AppleWebKit/537.36 (KHTML, like Gecko; compatible; bingbot/2.0; +http://www.bing.com/bingbot.htm) Chrome/116.0.1938.76 Safari/537.36"
52.167.144.143 - - [30/Jul/2026:20:23:14 +0700] "GET /account.php/?cate-76-147 HTTP/2.0" 200 1 "-" "Mozilla/5.0 AppleWebKit/537.36 (KHTML, like Gecko; compatible; bingbot/2.0; +http://www.bing.com/bingbot.htm) Chrome/116.0.1938.76 Safari/537.36"
103.247.8.10 - - [30/Jul/2026:20:23:15 +0700] "GET /wp-json/jet-search/v1/get-suggestions?action=get_form_suggestions&data%5Blist_type%5D=popular&data%5Bvalue%5D=&data%5Blimit%5D=20 HTTP/1.1" 200 6 "-" "WordPress/7.0.2; https://sdum-patrol.sch.id"
52.167.144.143 - - [30/Jul/2026:20:23:14 +0700] "GET /items/C352686647/ HTTP/2.0" 404 18475 "-" "Mozilla/5.0 AppleWebKit/537.36 (KHTML, like Gecko; compatible; bingbot/2.0; +http://www.bing.com/bingbot.htm) Chrome/116.0.1938.76 Safari/537.36"
103.247.8.10 - - [30/Jul/2026:20:23:19 +0700] "GET /wp-json/jet-search/v1/get-suggestions?action=get_form_suggestions&data%5Blist_type%5D=popular&data%5Bvalue%5D=&data%5Blimit%5D=20 HTTP/1.1" 200 6 "-" "WordPress/7.0.2; https://sdum-patrol.sch.id"
40.77.167.23 - - [30/Jul/2026:20:23:18 +0700] "GET /items/S046110362/ HTTP/2.0" 404 18477 "-" "Mozilla/5.0 AppleWebKit/537.36 (KHTML, like Gecko; compatible; bingbot/2.0; +http://www.bing.com/bingbot.htm) Chrome/116.0.1938.76 Safari/537.36"
40.77.167.23 - - [30/Jul/2026:20:23:20 +0700] "GET /account.php/?cate-125-130 HTTP/2.0" 200 1 "-" "Mozilla/5.0 AppleWebKit/537.36 (KHTML, like Gecko; compatible; bingbot/2.0; +http://www.bing.com/bingbot.htm) Chrome/116.0.1938.76 Safari/537.36"
103.247.8.10 - - [30/Jul/2026:20:23:31 +0700] "GET /wp-json/jet-search/v1/get-suggestions?action=get_form_suggestions&data%5Blist_type%5D=popular&data%5Bvalue%5D=&data%5Blimit%5D=20 HTTP/1.1" 200 6 "-" "WordPress/7.0.2; https://sdum-patrol.sch.id"
2a03:2880:f800:25:: - - [30/Jul/2026:20:23:30 +0700] "GET /products/19320017758 HTTP/2.0" 404 157133 "-" "Mozilla/5.0 (Windows NT 10.0; Win64; x64) AppleWebKit/537.36 (KHTML, like Gecko) Chrome/145.0.0.0 Safari/537.36 (compatible; meta-externalagent/1.1 (+https://developers.facebook.com/docs/sharing/webmasters/crawler))"
103.247.8.10 - - [30/Jul/2026:20:23:43 +0700] "GET /wp-json/jet-search/v1/get-suggestions?action=get_form_suggestions&data%5Blist_type%5D=popular&data%5Bvalue%5D=&data%5Blimit%5D=20 HTTP/1.1" 200 6 "-" "WordPress/7.0.2; https://sdum-patrol.sch.id"
40.77.167.43 - - [30/Jul/2026:20:23:42 +0700] "GET /items/S235241664/ HTTP/2.0" 404 18475 "-" "Mozilla/5.0 AppleWebKit/537.36 (KHTML, like Gecko; compatible; bingbot/2.0; +http://www.bing.com/bingbot.htm) Chrome/116.0.1938.76 Safari/537.36"
103.247.8.10 - - [30/Jul/2026:20:23:48 +0700] "GET /wp-json/jet-search/v1/get-suggestions?action=get_form_suggestions&data%5Blist_type%5D=popular&data%5Bvalue%5D=&data%5Blimit%5D=20 HTTP/1.1" 200 6 "-" "WordPress/7.0.2; https://sdum-patrol.sch.id"
40.77.167.21 - - [30/Jul/2026:20:23:47 +0700] "GET /items/Q807423270/ HTTP/2.0" 404 18476 "-" "Mozilla/5.0 AppleWebKit/537.36 (KHTML, like Gecko; compatible; bingbot/2.0; +http://www.bing.com/bingbot.htm) Chrome/116.0.1938.76 Safari/537.36"
103.247.8.10 - - [30/Jul/2026:20:23:51 +0700] "GET /wp-json/jet-search/v1/get-suggestions?action=get_form_suggestions&data%5Blist_type%5D=popular&data%5Bvalue%5D=&data%5Blimit%5D=20 HTTP/1.1" 200 6 "-" "WordPress/7.0.2; https://sdum-patrol.sch.id"
40.77.167.21 - - [30/Jul/2026:20:23:50 +0700] "GET /items/Q572782295/ HTTP/2.0" 404 18478 "-" "Mozilla/5.0 AppleWebKit/537.36 (KHTML, like Gecko; compatible; bingbot/2.0; +http://www.bing.com/bingbot.htm) Chrome/116.0.1938.76 Safari/537.36"
103.247.8.10 - - [30/Jul/2026:20:23:53 +0700] "GET /wp-json/jet-search/v1/get-suggestions?action=get_form_suggestions&data%5Blist_type%5D=popular&data%5Bvalue%5D=&data%5Blimit%5D=20 HTTP/1.1" 200 6 "-" "WordPress/7.0.2; https://sdum-patrol.sch.id"
40.77.167.43 - - [30/Jul/2026:20:23:53 +0700] "GET /items/G083095241/ HTTP/2.0" 404 18476 "-" "Mozilla/5.0 AppleWebKit/537.36 (KHTML, like Gecko; compatible; bingbot/2.0; +http://www.bing.com/bingbot.htm) Chrome/116.0.1938.76 Safari/537.36"
40.77.167.23 - - [30/Jul/2026:20:23:57 +0700] "GET /account.php/?cate-61-62 HTTP/2.0" 200 1 "-" "Mozilla/5.0 AppleWebKit/537.36 (KHTML, like Gecko; compatible; bingbot/2.0; +http://www.bing.com/bingbot.htm) Chrome/116.0.1938.76 Safari/537.36"
40.77.167.23 - - [30/Jul/2026:20:23:57 +0700] "GET /account.php/?cate-382-386 HTTP/2.0" 200 1 "-" "Mozilla/5.0 AppleWebKit/537.36 (KHTML, like Gecko; compatible; bingbot/2.0; +http://www.bing.com/bingbot.htm) Chrome/116.0.1938.76 Safari/537.36"
103.247.8.10 - - [30/Jul/2026:20:23:58 +0700] "GET /wp-json/jet-search/v1/get-suggestions?action=get_form_suggestions&data%5Blist_type%5D=popular&data%5Bvalue%5D=&data%5Blimit%5D=20 HTTP/1.1" 200 6 "-" "WordPress/7.0.2; https://sdum-patrol.sch.id"
40.77.167.23 - - [30/Jul/2026:20:23:57 +0700] "GET /items/M415696282/ HTTP/2.0" 404 18476 "-" "Mozilla/5.0 AppleWebKit/537.36 (KHTML, like Gecko; compatible; bingbot/2.0; +http://www.bing.com/bingbot.htm) Chrome/116.0.1938.76 Safari/537.36"
103.247.8.10 - - [30/Jul/2026:20:24:02 +0700] "GET /wp-json/jet-search/v1/get-suggestions?action=get_form_suggestions&data%5Blist_type%5D=popular&data%5Bvalue%5D=&data%5Blimit%5D=20 HTTP/1.1" 200 6 "-" "WordPress/7.0.2; https://sdum-patrol.sch.id"
40.77.167.21 - - [30/Jul/2026:20:24:02 +0700] "GET /items/D924860484/ HTTP/2.0" 404 18475 "-" "Mozilla/5.0 AppleWebKit/537.36 (KHTML, like Gecko; compatible; bingbot/2.0; +http://www.bing.com/bingbot.htm) Chrome/116.0.1938.76 Safari/537.36"
103.247.8.10 - - [30/Jul/2026:20:24:05 +0700] "POST /wp-cron.php?doing_wp_cron=1785417845.1537899971008300781250 HTTP/1.1" 200 1 "-" "WordPress/7.0.2; https://sdum-patrol.sch.id"
103.247.8.10 - - [30/Jul/2026:20:24:04 +0700] "GET /wp-json/jet-search/v1/get-suggestions?action=get_form_suggestions&data%5Blist_type%5D=popular&data%5Bvalue%5D=&data%5Blimit%5D=20 HTTP/1.1" 200 6 "-" "WordPress/7.0.2; https://sdum-patrol.sch.id"
103.247.8.10 - - [30/Jul/2026:20:24:06 +0700] "POST /wp-cron.php?doing_wp_cron=1785417846.0558300018310546875000 HTTP/1.1" 200 1 "-" "WordPress/7.0.2; https://sdum-patrol.sch.id"
40.77.167.21 - - [30/Jul/2026:20:24:04 +0700] "GET /items/A853560260/ HTTP/2.0" 404 18475 "-" "Mozilla/5.0 AppleWebKit/537.36 (KHTML, like Gecko; compatible; bingbot/2.0; +http://www.bing.com/bingbot.htm) Chrome/116.0.1938.76 Safari/537.36"
40.77.167.43 - - [30/Jul/2026:20:24:32 +0700] "GET /account.php/?items/P994398538/ HTTP/2.0" 200 1 "-" "Mozilla/5.0 AppleWebKit/537.36 (KHTML, like Gecko; compatible; bingbot/2.0; +http://www.bing.com/bingbot.htm) Chrome/116.0.1938.76 Safari/537.36"
103.247.8.10 - - [30/Jul/2026:20:24:36 +0700] "GET /wp-json/jet-search/v1/get-suggestions?action=get_form_suggestions&data%5Blist_type%5D=popular&data%5Bvalue%5D=&data%5Blimit%5D=20 HTTP/1.1" 200 6 "-" "WordPress/7.0.2; https://sdum-patrol.sch.id"
2a03:2880:f800:2b:: - - [30/Jul/2026:20:24:36 +0700] "GET /items/P492718564/ HTTP/2.0" 404 157129 "-" "Mozilla/5.0 (Windows NT 10.0; Win64; x64) AppleWebKit/537.36 (KHTML, like Gecko) Chrome/145.0.0.0 Safari/537.36 (compatible; meta-externalagent/1.1 (+https://developers.facebook.com/docs/sharing/webmasters/crawler))"
103.247.8.10 - - [30/Jul/2026:20:25:45 +0700] "POST /wp-cron.php?doing_wp_cron=1785417945.7373321056365966796875 HTTP/1.1" 200 1 "-" "WordPress/7.0.2; https://sdum-patrol.sch.id"
103.247.8.10 - - [30/Jul/2026:20:25:45 +0700] "GET /wp-json/jet-search/v1/get-suggestions?action=get_form_suggestions&data%5Blist_type%5D=popular&data%5Bvalue%5D=&data%5Blimit%5D=20 HTTP/1.1" 200 6 "-" "WordPress/7.0.2; https://sdum-patrol.sch.id"
103.247.8.10 - - [30/Jul/2026:20:25:45 +0700] "POST /wp-cron.php?doing_wp_cron=1785417945.7373321056365966796875 HTTP/1.1" 200 1 "-" "WordPress/7.0.2; https://sdum-patrol.sch.id"
103.247.8.10 - - [30/Jul/2026:20:25:45 +0700] "GET /wp-json/jet-search/v1/get-suggestions?action=get_form_suggestions&data%5Blist_type%5D=popular&data%5Bvalue%5D=&data%5Blimit%5D=20 HTTP/1.1" 200 6 "-" "WordPress/7.0.2; https://sdum-patrol.sch.id"
216.73.216.67 - - [30/Jul/2026:20:25:47 +0700] "GET /account.php HTTP/2.0" 200 1 "-" "Mozilla/5.0 AppleWebKit/537.36 (KHTML, like Gecko; compatible; ClaudeBot/1.0; +claudebot@anthropic.com)"
103.247.8.10 - - [30/Jul/2026:20:25:47 +0700] "GET /wp-json/jet-search/v1/get-suggestions?action=get_form_suggestions&data%5Blist_type%5D=popular&data%5Bvalue%5D=&data%5Blimit%5D=20 HTTP/1.1" 200 6 "-" "WordPress/7.0.2; https://sdum-patrol.sch.id"
103.247.8.10 - - [30/Jul/2026:20:25:48 +0700] "POST /wp-cron.php?doing_wp_cron=1785417948.8234109878540039062500 HTTP/1.1" 200 1 "-" "WordPress/7.0.2; https://sdum-patrol.sch.id"
216.73.216.67 - - [30/Jul/2026:20:25:42 +0700] "GET /sitemap-11.xml HTTP/2.0" 404 18475 "-" "Mozilla/5.0 AppleWebKit/537.36 (KHTML, like Gecko; compatible; ClaudeBot/1.0; +claudebot@anthropic.com)"
216.73.216.67 - - [30/Jul/2026:20:25:47 +0700] "GET /sitemap-13.xml HTTP/2.0" 404 18475 "-" "Mozilla/5.0 AppleWebKit/537.36 (KHTML, like Gecko; compatible; ClaudeBot/1.0; +claudebot@anthropic.com)"
2a03:2880:f800:39:: - - [30/Jul/2026:20:25:43 +0700] "GET /products/30199335209 HTTP/2.0" 404 157133 "-" "Mozilla/5.0 (Macintosh; Intel Mac OS X 10_15_7) AppleWebKit/537.36 (KHTML, like Gecko) Chrome/145.0.0.0 Safari/537.36 (compatible; meta-externalagent/1.1 (+https://developers.facebook.com/docs/sharing/webmasters/crawler))"
103.247.8.10 - - [30/Jul/2026:20:26:06 +0700] "GET /wp-json/jet-search/v1/get-suggestions?action=get_form_suggestions&data%5Blist_type%5D=popular&data%5Bvalue%5D=&data%5Blimit%5D=20 HTTP/1.1" 200 6 "-" "WordPress/7.0.2; https://sdum-patrol.sch.id"
216.73.216.67 - - [30/Jul/2026:20:26:12 +0700] "GET /sitemap.xml HTTP/2.0" 301 1 "-" "Mozilla/5.0 AppleWebKit/537.36 (KHTML, like Gecko; compatible; ClaudeBot/1.0; +claudebot@anthropic.com)"
103.247.8.10 - - [30/Jul/2026:20:26:12 +0700] "GET /wp-json/jet-search/v1/get-suggestions?action=get_form_suggestions&data%5Blist_type%5D=popular&data%5Bvalue%5D=&data%5Blimit%5D=20 HTTP/1.1" 200 6 "-" "WordPress/7.0.2; https://sdum-patrol.sch.id"
216.73.216.67 - - [30/Jul/2026:20:26:13 +0700] "GET /wp-sitemap.xml HTTP/2.0" 200 233 "https://sdum-patrol.sch.id/sitemap.xml" "Mozilla/5.0 AppleWebKit/537.36 (KHTML, like Gecko; compatible; ClaudeBot/1.0; +claudebot@anthropic.com)"
216.73.216.67 - - [30/Jul/2026:20:26:12 +0700] "GET /sitemap-14.xml HTTP/2.0" 404 18474 "-" "Mozilla/5.0 AppleWebKit/537.36 (KHTML, like Gecko; compatible; ClaudeBot/1.0; +claudebot@anthropic.com)"
3.225.222.228 - - [30/Jul/2026:20:26:06 +0700] "GET / HTTP/1.1" 200 453240 "-" "Mozilla/5.0 (Windows NT 10.0; Win64; x64) AppleWebKit/537.36 (KHTML, like Gecko) Chrome/125.0.0.0 Safari/537.36"
103.247.8.10 - - [30/Jul/2026:20:26:14 +0700] "GET /wp-json/jet-search/v1/get-suggestions?action=get_form_suggestions&data%5Blist_type%5D=popular&data%5Bvalue%5D=&data%5Blimit%5D=20 HTTP/1.1" 200 6 "-" "WordPress/7.0.2; https://sdum-patrol.sch.id"
216.73.216.67 - - [30/Jul/2026:20:26:14 +0700] "GET /sitemap-8.xml HTTP/2.0" 404 18474 "-" "Mozilla/5.0 AppleWebKit/537.36 (KHTML, like Gecko; compatible; ClaudeBot/1.0; +claudebot@anthropic.com)"
103.247.8.10 - - [30/Jul/2026:20:26:21 +0700] "GET /wp-json/jet-search/v1/get-suggestions?action=get_form_suggestions&data%5Blist_type%5D=popular&data%5Bvalue%5D=&data%5Blimit%5D=20 HTTP/1.1" 200 6 "-" "WordPress/7.0.2; https://sdum-patrol.sch.id"
216.73.216.67 - - [30/Jul/2026:20:26:21 +0700] "GET /sitemap-17.xml HTTP/2.0" 404 18476 "-" "Mozilla/5.0 AppleWebKit/537.36 (KHTML, like Gecko; compatible; ClaudeBot/1.0; +claudebot@anthropic.com)"
103.247.8.10 - - [30/Jul/2026:20:26:34 +0700] "GET /wp-json/jet-search/v1/get-suggestions?action=get_form_suggestions&data%5Blist_type%5D=popular&data%5Bvalue%5D=&data%5Blimit%5D=20 HTTP/1.1" 200 6 "-" "WordPress/7.0.2; https://sdum-patrol.sch.id"
103.247.8.10 - - [30/Jul/2026:20:26:34 +0700] "GET /wp-json/jet-search/v1/get-suggestions?action=get_form_suggestions&data%5Blist_type%5D=popular&data%5Bvalue%5D=&data%5Blimit%5D=20 HTTP/1.1" 200 6 "-" "WordPress/7.0.2; https://sdum-patrol.sch.id"
216.73.216.67 - - [30/Jul/2026:20:26:33 +0700] "GET /sitemap-2.xml HTTP/2.0" 404 18474 "-" "Mozilla/5.0 AppleWebKit/537.36 (KHTML, like Gecko; compatible; ClaudeBot/1.0; +claudebot@anthropic.com)"
216.73.216.67 - - [30/Jul/2026:20:26:33 +0700] "GET /sitemap-18.xml HTTP/2.0" 404 18475 "-" "Mozilla/5.0 AppleWebKit/537.36 (KHTML, like Gecko; compatible; ClaudeBot/1.0; +claudebot@anthropic.com)"
103.247.8.10 - - [30/Jul/2026:20:26:51 +0700] "POST /wp-cron.php?doing_wp_cron=1785418011.4528970718383789062500 HTTP/1.1" 200 1 "-" "WordPress/7.0.2; https://sdum-patrol.sch.id"
103.247.8.10 - - [30/Jul/2026:20:26:51 +0700] "GET /wp-json/jet-search/v1/get-suggestions?action=get_form_suggestions&data%5Blist_type%5D=popular&data%5Bvalue%5D=&data%5Blimit%5D=20 HTTP/1.1" 200 6 "-" "WordPress/7.0.2; https://sdum-patrol.sch.id"
103.247.8.10 - - [30/Jul/2026:20:26:52 +0700] "POST /wp-cron.php?doing_wp_cron=1785418012.3898119926452636718750 HTTP/1.1" 200 1 "-" "WordPress/7.0.2; https://sdum-patrol.sch.id"
2a03:2880:f800:33:: - - [30/Jul/2026:20:26:50 +0700] "GET /items/P497425892/ HTTP/2.0" 404 157129 "-" "Mozilla/5.0 (Macintosh; Intel Mac OS X 10_15_7) AppleWebKit/537.36 (KHTML, like Gecko) Chrome/145.0.0.0 Safari/537.36 (compatible; meta-externalagent/1.1 (+https://developers.facebook.com/docs/sharing/webmasters/crawler))"
40.77.167.43 - - [30/Jul/2026:20:27:02 +0700] "GET /account.php/?cate-21-45 HTTP/2.0" 200 1 "-" "Mozilla/5.0 AppleWebKit/537.36 (KHTML, like Gecko; compatible; bingbot/2.0; +http://www.bing.com/bingbot.htm) Chrome/116.0.1938.76 Safari/537.36"
40.77.167.23 - - [30/Jul/2026:20:27:35 +0700] "GET /account.php/?cate-59-95 HTTP/2.0" 200 1 "-" "Mozilla/5.0 AppleWebKit/537.36 (KHTML, like Gecko; compatible; bingbot/2.0; +http://www.bing.com/bingbot.htm) Chrome/116.0.1938.76 Safari/537.36"
103.247.8.10 - - [30/Jul/2026:20:27:38 +0700] "POST /wp-cron.php?doing_wp_cron=1785418058.3332159519195556640625 HTTP/1.1" 200 1 "-" "WordPress/7.0.2; https://sdum-patrol.sch.id"
103.247.8.10 - - [30/Jul/2026:20:27:37 +0700] "GET /wp-json/jet-search/v1/get-suggestions?action=get_form_suggestions&data%5Blist_type%5D=popular&data%5Bvalue%5D=&data%5Blimit%5D=20 HTTP/1.1" 200 6 "-" "WordPress/7.0.2; https://sdum-patrol.sch.id"
103.247.8.10 - - [30/Jul/2026:20:27:39 +0700] "POST /wp-cron.php?doing_wp_cron=1785418059.6148829460144042968750 HTTP/1.1" 200 1 "-" "WordPress/7.0.2; https://sdum-patrol.sch.id"
40.77.167.23 - - [30/Jul/2026:20:27:36 +0700] "GET /items/J492142760/ HTTP/2.0" 404 18476 "-" "Mozilla/5.0 AppleWebKit/537.36 (KHTML, like Gecko; compatible; bingbot/2.0; +http://www.bing.com/bingbot.htm) Chrome/116.0.1938.76 Safari/537.36"
103.247.8.10 - - [30/Jul/2026:20:27:41 +0700] "GET /wp-json/jet-search/v1/get-suggestions?action=get_form_suggestions&data%5Blist_type%5D=popular&data%5Bvalue%5D=&data%5Blimit%5D=20 HTTP/1.1" 200 6 "-" "WordPress/7.0.2; https://sdum-patrol.sch.id"
52.167.144.140 - - [30/Jul/2026:20:27:40 +0700] "GET /items/A536597239/ HTTP/2.0" 404 18477 "-" "Mozilla/5.0 AppleWebKit/537.36 (KHTML, like Gecko; compatible; bingbot/2.0; +http://www.bing.com/bingbot.htm) Chrome/116.0.1938.76 Safari/537.36"
103.247.8.10 - - [30/Jul/2026:20:27:43 +0700] "GET /wp-json/jet-search/v1/get-suggestions?action=get_form_suggestions&data%5Blist_type%5D=popular&data%5Bvalue%5D=&data%5Blimit%5D=20 HTTP/1.1" 200 6 "-" "WordPress/7.0.2; https://sdum-patrol.sch.id"
103.247.8.10 - - [30/Jul/2026:20:27:43 +0700] "GET /wp-json/jet-search/v1/get-suggestions?action=get_form_suggestions&data%5Blist_type%5D=popular&data%5Bvalue%5D=&data%5Blimit%5D=20 HTTP/1.1" 200 6 "-" "WordPress/7.0.2; https://sdum-patrol.sch.id"
52.167.144.140 - - [30/Jul/2026:20:27:42 +0700] "GET /items/B061371664/ HTTP/2.0" 404 18476 "-" "Mozilla/5.0 AppleWebKit/537.36 (KHTML, like Gecko; compatible; bingbot/2.0; +http://www.bing.com/bingbot.htm) Chrome/116.0.1938.76 Safari/537.36"
40.77.167.21 - - [30/Jul/2026:20:27:42 +0700] "GET /items/Q431732177/ HTTP/2.0" 404 18476 "-" "Mozilla/5.0 AppleWebKit/537.36 (KHTML, like Gecko; compatible; bingbot/2.0; +http://www.bing.com/bingbot.htm) Chrome/116.0.1938.76 Safari/537.36"
103.247.8.10 - - [30/Jul/2026:20:27:46 +0700] "GET /wp-json/jet-search/v1/get-suggestions?action=get_form_suggestions&data%5Blist_type%5D=popular&data%5Bvalue%5D=&data%5Blimit%5D=20 HTTP/1.1" 200 6 "-" "WordPress/7.0.2; https://sdum-patrol.sch.id"
40.77.167.21 - - [30/Jul/2026:20:27:45 +0700] "GET /items/S404716253/ HTTP/2.0" 404 18475 "-" "Mozilla/5.0 AppleWebKit/537.36 (KHTML, like Gecko; compatible; bingbot/2.0; +http://www.bing.com/bingbot.htm) Chrome/116.0.1938.76 Safari/537.36"
103.247.8.10 - - [30/Jul/2026:20:27:48 +0700] "GET /wp-json/jet-search/v1/get-suggestions?action=get_form_suggestions&data%5Blist_type%5D=popular&data%5Bvalue%5D=&data%5Blimit%5D=20 HTTP/1.1" 200 6 "-" "WordPress/7.0.2; https://sdum-patrol.sch.id"
103.247.8.10 - - [30/Jul/2026:20:27:48 +0700] "GET /wp-json/jet-search/v1/get-suggestions?action=get_form_suggestions&data%5Blist_type%5D=popular&data%5Bvalue%5D=&data%5Blimit%5D=20 HTTP/1.1" 200 6 "-" "WordPress/7.0.2; https://sdum-patrol.sch.id"
40.77.167.43 - - [30/Jul/2026:20:27:47 +0700] "GET /items/W964964403/ HTTP/2.0" 404 18476 "-" "Mozilla/5.0 AppleWebKit/537.36 (KHTML, like Gecko; compatible; bingbot/2.0; +http://www.bing.com/bingbot.htm) Chrome/116.0.1938.76 Safari/537.36"
40.77.167.21 - - [30/Jul/2026:20:27:47 +0700] "GET /items/N255722312/ HTTP/2.0" 404 18476 "-" "Mozilla/5.0 AppleWebKit/537.36 (KHTML, like Gecko; compatible; bingbot/2.0; +http://www.bing.com/bingbot.htm) Chrome/116.0.1938.76 Safari/537.36"
103.247.8.10 - - [30/Jul/2026:20:27:56 +0700] "GET /wp-json/jet-search/v1/get-suggestions?action=get_form_suggestions&data%5Blist_type%5D=popular&data%5Bvalue%5D=&data%5Blimit%5D=20 HTTP/1.1" 200 6 "-" "WordPress/7.0.2; https://sdum-patrol.sch.id"
52.167.144.140 - - [30/Jul/2026:20:27:55 +0700] "GET /items/M081476010/ HTTP/2.0" 404 18476 "-" "Mozilla/5.0 AppleWebKit/537.36 (KHTML, like Gecko; compatible; bingbot/2.0; +http://www.bing.com/bingbot.htm) Chrome/116.0.1938.76 Safari/537.36"
103.247.8.10 - - [30/Jul/2026:20:27:57 +0700] "GET /wp-json/jet-search/v1/get-suggestions?action=get_form_suggestions&data%5Blist_type%5D=popular&data%5Bvalue%5D=&data%5Blimit%5D=20 HTTP/1.1" 200 6 "-" "WordPress/7.0.2; https://sdum-patrol.sch.id"
2a03:2880:f800:27:: - - [30/Jul/2026:20:27:56 +0700] "GET /items/P496480795/ HTTP/2.0" 404 157129 "-" "Mozilla/5.0 (Macintosh; Intel Mac OS X 10_15_7) AppleWebKit/537.36 (KHTML, like Gecko) Chrome/145.0.0.0 Safari/537.36 (compatible; meta-externalagent/1.1 (+https://developers.facebook.com/docs/sharing/webmasters/crawler))"
103.247.8.10 - - [30/Jul/2026:20:28:00 +0700] "GET /wp-json/jet-search/v1/get-suggestions?action=get_form_suggestions&data%5Blist_type%5D=popular&data%5Bvalue%5D=&data%5Blimit%5D=20 HTTP/1.1" 200 6 "-" "WordPress/7.0.2; https://sdum-patrol.sch.id"
103.247.8.10 - - [30/Jul/2026:20:28:00 +0700] "GET /wp-json/jet-search/v1/get-suggestions?action=get_form_suggestions&data%5Blist_type%5D=popular&data%5Bvalue%5D=&data%5Blimit%5D=20 HTTP/1.1" 200 6 "-" "WordPress/7.0.2; https://sdum-patrol.sch.id"
216.73.216.67 - - [30/Jul/2026:20:28:00 +0700] "GET /sitemap-12.xml HTTP/2.0" 404 18476 "-" "Mozilla/5.0 AppleWebKit/537.36 (KHTML, like Gecko; compatible; ClaudeBot/1.0; +claudebot@anthropic.com)"
216.73.216.67 - - [30/Jul/2026:20:28:00 +0700] "GET /sitemap-1.xml HTTP/2.0" 404 18475 "-" "Mozilla/5.0 AppleWebKit/537.36 (KHTML, like Gecko; compatible; ClaudeBot/1.0; +claudebot@anthropic.com)"
103.247.8.10 - - [30/Jul/2026:20:28:17 +0700] "GET /wp-json/jet-search/v1/get-suggestions?action=get_form_suggestions&data%5Blist_type%5D=popular&data%5Bvalue%5D=&data%5Blimit%5D=20 HTTP/1.1" 200 6 "-" "WordPress/7.0.2; https://sdum-patrol.sch.id"
216.73.216.67 - - [30/Jul/2026:20:28:17 +0700] "GET /sitemap-15.xml HTTP/2.0" 404 18475 "-" "Mozilla/5.0 AppleWebKit/537.36 (KHTML, like Gecko; compatible; ClaudeBot/1.0; +claudebot@anthropic.com)"
103.247.8.10 - - [30/Jul/2026:20:28:45 +0700] "POST /wp-cron.php?doing_wp_cron=1785418125.6843569278717041015625 HTTP/1.1" 200 1 "-" "WordPress/7.0.2; https://sdum-patrol.sch.id"
103.247.8.10 - - [30/Jul/2026:20:28:45 +0700] "GET /wp-json/jet-search/v1/get-suggestions?action=get_form_suggestions&data%5Blist_type%5D=popular&data%5Bvalue%5D=&data%5Blimit%5D=20 HTTP/1.1" 200 6 "-" "WordPress/7.0.2; https://sdum-patrol.sch.id"
103.247.8.10 - - [30/Jul/2026:20:28:46 +0700] "POST /wp-cron.php?doing_wp_cron=1785418126.5254271030426025390625 HTTP/1.1" 200 1 "-" "WordPress/7.0.2; https://sdum-patrol.sch.id"
216.73.216.67 - - [30/Jul/2026:20:28:45 +0700] "GET /sitemap-9.xml HTTP/2.0" 404 18474 "-" "Mozilla/5.0 AppleWebKit/537.36 (KHTML, like Gecko; compatible; ClaudeBot/1.0; +claudebot@anthropic.com)"
103.247.8.10 - - [30/Jul/2026:20:29:02 +0700] "POST /wp-cron.php?doing_wp_cron=1785418142.1203711032867431640625 HTTP/1.1" 200 1 "-" "WordPress/7.0.2; https://sdum-patrol.sch.id"
103.247.8.10 - - [30/Jul/2026:20:29:01 +0700] "GET /wp-json/jet-search/v1/get-suggestions?action=get_form_suggestions&data%5Blist_type%5D=popular&data%5Bvalue%5D=&data%5Blimit%5D=20 HTTP/1.1" 200 6 "-" "WordPress/7.0.2; https://sdum-patrol.sch.id"
103.247.8.10 - - [30/Jul/2026:20:29:04 +0700] "GET /wp-json/jet-search/v1/get-suggestions?action=get_form_suggestions&data%5Blist_type%5D=popular&data%5Bvalue%5D=&data%5Blimit%5D=20 HTTP/1.1" 200 6 "-" "WordPress/7.0.2; https://sdum-patrol.sch.id"
2a03:2880:f800:1f:: - - [30/Jul/2026:20:29:03 +0700] "GET /items/P491608684/ HTTP/2.0" 404 157129 "-" "Mozilla/5.0 (X11; Linux x86_64) AppleWebKit/537.36 (KHTML, like Gecko) Chrome/145.0.0.0 Safari/537.36 (compatible; meta-externalagent/1.1 (+https://developers.facebook.com/docs/sharing/webmasters/crawler))"
103.247.8.10 - - [30/Jul/2026:20:29:06 +0700] "POST /wp-cron.php?doing_wp_cron=1785418146.6373651027679443359375 HTTP/1.1" 200 1 "-" "WordPress/7.0.2; https://sdum-patrol.sch.id"
34.182.238.174 - - [30/Jul/2026:20:29:01 +0700] "GET / HTTP/1.1" 200 453240 "-" "Mozilla/5.0 (Windows NT 10.0; Win64; x64) AppleWebKit/537.36 (KHTML, like Gecko) Chrome/78.0.3904.108 Safari/537.36"
103.247.8.10 - - [30/Jul/2026:20:29:08 +0700] "GET /wp-json/jet-search/v1/get-suggestions?action=get_form_suggestions&data%5Blist_type%5D=popular&data%5Bvalue%5D=&data%5Blimit%5D=20 HTTP/1.1" 200 6 "-" "WordPress/7.0.2; https://sdum-patrol.sch.id"
216.73.216.67 - - [30/Jul/2026:20:29:08 +0700] "GET /sitemap-6.xml HTTP/2.0" 404 18474 "-" "Mozilla/5.0 AppleWebKit/537.36 (KHTML, like Gecko; compatible; ClaudeBot/1.0; +claudebot@anthropic.com)"
34.182.238.174 - - [30/Jul/2026:20:29:09 +0700] "GET //wp-includes/wlwmanifest.xml HTTP/1.1" 301 - "-" "Mozilla/5.0 (Windows NT 10.0; Win64; x64) AppleWebKit/537.36 (KHTML, like Gecko) Chrome/78.0.3904.108 Safari/537.36"
34.182.238.174 - - [30/Jul/2026:20:29:10 +0700] "GET //xmlrpc.php?rsd HTTP/1.1" 301 - "-" "Mozilla/5.0 (Windows NT 10.0; Win64; x64) AppleWebKit/537.36 (KHTML, like Gecko) Chrome/78.0.3904.108 Safari/537.36"
103.247.8.10 - - [30/Jul/2026:20:29:10 +0700] "GET /wp-json/jet-search/v1/get-suggestions?action=get_form_suggestions&data%5Blist_type%5D=popular&data%5Bvalue%5D=&data%5Blimit%5D=20 HTTP/1.1" 200 6 "-" "WordPress/7.0.2; https://sdum-patrol.sch.id"
34.182.238.174 - - [30/Jul/2026:20:29:10 +0700] "GET / HTTP/1.1" 200 453240 "-" "Mozilla/5.0 (Windows NT 10.0; Win64; x64) AppleWebKit/537.36 (KHTML, like Gecko) Chrome/78.0.3904.108 Safari/537.36"
34.182.238.174 - - [30/Jul/2026:20:29:17 +0700] "GET //?author=1 HTTP/1.1" 301 - "-" "Mozilla/5.0 (Windows NT 10.0; Win64; x64) AppleWebKit/537.36 (KHTML, like Gecko) Chrome/78.0.3904.108 Safari/537.36"
34.182.238.174 - - [30/Jul/2026:20:29:17 +0700] "GET //?author=2 HTTP/1.1" 301 - "-" "Mozilla/5.0 (Windows NT 10.0; Win64; x64) AppleWebKit/537.36 (KHTML, like Gecko) Chrome/78.0.3904.108 Safari/537.36"
34.182.238.174 - - [30/Jul/2026:20:29:18 +0700] "GET //wp-json/wp/v2/users/ HTTP/1.1" 200 1471 "-" "Mozilla/5.0 (Windows NT 10.0; Win64; x64) AppleWebKit/537.36 (KHTML, like Gecko) Chrome/78.0.3904.108 Safari/537.36"
34.182.238.174 - - [30/Jul/2026:20:29:19 +0700] "POST //xmlrpc.php HTTP/1.1" 301 - "-" "Mozilla/5.0 (Windows NT 10.0; Win64; x64) AppleWebKit/537.36 (KHTML, like Gecko) Chrome/78.0.3904.108 Safari/537.36"
103.247.8.10 - - [30/Jul/2026:20:29:22 +0700] "GET /wp-json/jet-search/v1/get-suggestions?action=get_form_suggestions&data%5Blist_type%5D=popular&data%5Bvalue%5D=&data%5Blimit%5D=20 HTTP/1.1" 200 6 "-" "WordPress/7.0.2; https://sdum-patrol.sch.id"
216.73.216.67 - - [30/Jul/2026:20:29:22 +0700] "GET /sitemap-4.xml HTTP/2.0" 404 18474 "-" "Mozilla/5.0 AppleWebKit/537.36 (KHTML, like Gecko; compatible; ClaudeBot/1.0; +claudebot@anthropic.com)"
103.247.8.10 - - [30/Jul/2026:20:29:26 +0700] "GET /wp-json/jet-search/v1/get-suggestions?action=get_form_suggestions&data%5Blist_type%5D=popular&data%5Bvalue%5D=&data%5Blimit%5D=20 HTTP/1.1" 200 6 "-" "WordPress/7.0.2; https://sdum-patrol.sch.id"
52.167.144.140 - - [30/Jul/2026:20:29:26 +0700] "GET /items/T372070174/ HTTP/2.0" 404 18475 "-" "Mozilla/5.0 AppleWebKit/537.36 (KHTML, like Gecko; compatible; bingbot/2.0; +http://www.bing.com/bingbot.htm) Chrome/116.0.1938.76 Safari/537.36"
103.247.8.10 - - [30/Jul/2026:20:29:28 +0700] "GET /wp-json/jet-search/v1/get-suggestions?action=get_form_suggestions&data%5Blist_type%5D=popular&data%5Bvalue%5D=&data%5Blimit%5D=20 HTTP/1.1" 200 6 "-" "WordPress/7.0.2; https://sdum-patrol.sch.id"
154.222.151.28 - - [30/Jul/2026:20:29:28 +0700] "GET /public/images/Foto/Foto%20Guru%20dan%20tenaga%20pengajar/Pak%20Syarif.jpg HTTP/1.1" 301 - "-" "Mozilla/5.0 (compatible; crawler)"
52.167.144.140 - - [30/Jul/2026:20:29:28 +0700] "GET /items/B291148340/ HTTP/2.0" 404 18476 "-" "Mozilla/5.0 AppleWebKit/537.36 (KHTML, like Gecko; compatible; bingbot/2.0; +http://www.bing.com/bingbot.htm) Chrome/116.0.1938.76 Safari/537.36"
103.247.8.10 - - [30/Jul/2026:20:29:36 +0700] "GET /wp-json/jet-search/v1/get-suggestions?action=get_form_suggestions&data%5Blist_type%5D=popular&data%5Bvalue%5D=&data%5Blimit%5D=20 HTTP/1.1" 200 6 "-" "WordPress/7.0.2; https://sdum-patrol.sch.id"
23.230.193.63 - - [30/Jul/2026:20:29:35 +0700] "GET /public/images/Foto/Foto%20Guru%20dan%20tenaga%20pengajar/Pak%20Syarif.jpg HTTP/1.1" 404 157186 "-" "Mozilla/5.0 (compatible; crawler)"
103.247.8.10 - - [30/Jul/2026:20:29:45 +0700] "GET /wp-json/jet-search/v1/get-suggestions?action=get_form_suggestions&data%5Blist_type%5D=popular&data%5Bvalue%5D=&data%5Blimit%5D=20 HTTP/1.1" 200 6 "-" "WordPress/7.0.2; https://sdum-patrol.sch.id"
40.77.167.43 - - [30/Jul/2026:20:29:44 +0700] "GET /items/J021200918/ HTTP/2.0" 404 18478 "-" "Mozilla/5.0 AppleWebKit/537.36 (KHTML, like Gecko; compatible; bingbot/2.0; +http://www.bing.com/bingbot.htm) Chrome/116.0.1938.76 Safari/537.36"
103.247.8.10 - - [30/Jul/2026:20:29:49 +0700] "GET /wp-json/jet-search/v1/get-suggestions?action=get_form_suggestions&data%5Blist_type%5D=popular&data%5Bvalue%5D=&data%5Blimit%5D=20 HTTP/1.1" 200 6 "-" "WordPress/7.0.2; https://sdum-patrol.sch.id"
52.167.144.140 - - [30/Jul/2026:20:29:48 +0700] "GET /items/X736481843/ HTTP/2.0" 404 18478 "-" "Mozilla/5.0 AppleWebKit/537.36 (KHTML, like Gecko; compatible; bingbot/2.0; +http://www.bing.com/bingbot.htm) Chrome/116.0.1938.76 Safari/537.36"
52.167.144.140 - - [30/Jul/2026:20:29:50 +0700] "GET /account.php/?cate-16-31 HTTP/2.0" 200 1 "-" "Mozilla/5.0 AppleWebKit/537.36 (KHTML, like Gecko; compatible; bingbot/2.0; +http://www.bing.com/bingbot.htm) Chrome/116.0.1938.76 Safari/537.36"
103.247.8.10 - - [30/Jul/2026:20:30:10 +0700] "POST /wp-cron.php?doing_wp_cron=1785418210.4561429023742675781250 HTTP/1.1" 200 1 "-" "WordPress/7.0.2; https://sdum-patrol.sch.id"
103.247.8.10 - - [30/Jul/2026:20:30:10 +0700] "GET /wp-json/jet-search/v1/get-suggestions?action=get_form_suggestions&data%5Blist_type%5D=popular&data%5Bvalue%5D=&data%5Blimit%5D=20 HTTP/1.1" 200 6 "-" "WordPress/7.0.2; https://sdum-patrol.sch.id"
103.247.8.10 - - [30/Jul/2026:20:30:11 +0700] "POST /wp-cron.php?doing_wp_cron=1785418211.4035410881042480468750 HTTP/1.1" 200 1 "-" "WordPress/7.0.2; https://sdum-patrol.sch.id"
2a03:2880:f800:35:: - - [30/Jul/2026:20:30:09 +0700] "GET /products/48864186726 HTTP/2.0" 404 157133 "-" "Mozilla/5.0 (X11; Linux x86_64) AppleWebKit/537.36 (KHTML, like Gecko) Chrome/145.0.0.0 Safari/537.36 (compatible; meta-externalagent/1.1 (+https://developers.facebook.com/docs/sharing/webmasters/crawler))"
103.247.8.10 - - [30/Jul/2026:20:30:12 +0700] "GET /wp-json/jet-search/v1/get-suggestions?action=get_form_suggestions&data%5Blist_type%5D=popular&data%5Bvalue%5D=&data%5Blimit%5D=20 HTTP/1.1" 200 6 "-" "WordPress/7.0.2; https://sdum-patrol.sch.id"
216.73.216.67 - - [30/Jul/2026:20:30:12 +0700] "GET /sitemap-5.xml HTTP/2.0" 404 18474 "-" "Mozilla/5.0 AppleWebKit/537.36 (KHTML, like Gecko; compatible; ClaudeBot/1.0; +claudebot@anthropic.com)"
103.247.8.10 - - [30/Jul/2026:20:30:36 +0700] "GET /wp-json/jet-search/v1/get-suggestions?action=get_form_suggestions&data%5Blist_type%5D=popular&data%5Bvalue%5D=&data%5Blimit%5D=20 HTTP/1.1" 200 6 "-" "WordPress/7.0.2; https://sdum-patrol.sch.id"
216.73.216.67 - - [30/Jul/2026:20:30:36 +0700] "GET /sitemap-10.xml HTTP/2.0" 404 18474 "-" "Mozilla/5.0 AppleWebKit/537.36 (KHTML, like Gecko; compatible; ClaudeBot/1.0; +claudebot@anthropic.com)"
103.247.8.10 - - [30/Jul/2026:20:30:42 +0700] "GET /wp-json/jet-search/v1/get-suggestions?action=get_form_suggestions&data%5Blist_type%5D=popular&data%5Bvalue%5D=&data%5Blimit%5D=20 HTTP/1.1" 200 6 "-" "WordPress/7.0.2; https://sdum-patrol.sch.id"
103.247.8.10 - - [30/Jul/2026:20:30:42 +0700] "GET /wp-json/jet-search/v1/get-suggestions?action=get_form_suggestions&data%5Blist_type%5D=popular&data%5Bvalue%5D=&data%5Blimit%5D=20 HTTP/1.1" 200 6 "-" "WordPress/7.0.2; https://sdum-patrol.sch.id"
216.73.216.67 - - [30/Jul/2026:20:30:42 +0700] "GET /sitemap-3.xml HTTP/2.0" 404 18474 "-" "Mozilla/5.0 AppleWebKit/537.36 (KHTML, like Gecko; compatible; ClaudeBot/1.0; +claudebot@anthropic.com)"
216.73.216.67 - - [30/Jul/2026:20:30:42 +0700] "GET /sitemap-16.xml HTTP/2.0" 404 18474 "-" "Mozilla/5.0 AppleWebKit/537.36 (KHTML, like Gecko; compatible; ClaudeBot/1.0; +claudebot@anthropic.com)"
103.247.8.10 - - [30/Jul/2026:20:31:05 +0700] "POST /wp-cron.php?doing_wp_cron=1785418265.2191829681396484375000 HTTP/1.1" 200 1 "-" "WordPress/7.0.2; https://sdum-patrol.sch.id"
103.247.8.10 - - [30/Jul/2026:20:31:04 +0700] "GET /wp-json/jet-search/v1/get-suggestions?action=get_form_suggestions&data%5Blist_type%5D=popular&data%5Bvalue%5D=&data%5Blimit%5D=20 HTTP/1.1" 200 6 "-" "WordPress/7.0.2; https://sdum-patrol.sch.id"
103.247.8.10 - - [30/Jul/2026:20:31:06 +0700] "POST /wp-cron.php?doing_wp_cron=1785418266.2535660266876220703125 HTTP/1.1" 200 1 "-" "WordPress/7.0.2; https://sdum-patrol.sch.id"
216.73.216.67 - - [30/Jul/2026:20:31:04 +0700] "GET /sitemap-7.xml HTTP/2.0" 404 18474 "-" "Mozilla/5.0 AppleWebKit/537.36 (KHTML, like Gecko; compatible; ClaudeBot/1.0; +claudebot@anthropic.com)"
103.247.8.10 - - [30/Jul/2026:20:31:17 +0700] "GET /wp-json/jet-search/v1/get-suggestions?action=get_form_suggestions&data%5Blist_type%5D=popular&data%5Bvalue%5D=&data%5Blimit%5D=20 HTTP/1.1" 200 6 "-" "WordPress/7.0.2; https://sdum-patrol.sch.id"
2a03:2880:f800:1b:: - - [30/Jul/2026:20:31:17 +0700] "GET /products/53700001334 HTTP/2.0" 404 157133 "-" "Mozilla/5.0 (Windows NT 10.0; Win64; x64) AppleWebKit/537.36 (KHTML, like Gecko) Chrome/145.0.0.0 Safari/537.36 (compatible; meta-externalagent/1.1 (+https://developers.facebook.com/docs/sharing/webmasters/crawler))"
2a03:2880:f800:10:: - - [30/Jul/2026:20:32:24 +0700] "GET /products/52213821713 HTTP/2.0" 429 267 "-" "Mozilla/5.0 (Windows NT 10.0; Win64; x64) AppleWebKit/537.36 (KHTML, like Gecko) Chrome/145.0.0.0 Safari/537.36 (compatible; meta-externalagent/1.1 (+https://developers.facebook.com/docs/sharing/webmasters/crawler))"
103.247.8.10 - - [30/Jul/2026:20:32:40 +0700] "POST /wp-cron.php?doing_wp_cron=1785418360.0633080005645751953125 HTTP/1.1" 200 1 "-" "WordPress/7.0.2; https://sdum-patrol.sch.id"
103.247.8.10 - - [30/Jul/2026:20:32:39 +0700] "GET /wp-json/jet-search/v1/get-suggestions?action=get_form_suggestions&data%5Blist_type%5D=popular&data%5Bvalue%5D=&data%5Blimit%5D=20 HTTP/1.1" 200 6 "-" "WordPress/7.0.2; https://sdum-patrol.sch.id"
103.247.8.10 - - [30/Jul/2026:20:32:41 +0700] "POST /wp-cron.php?doing_wp_cron=1785418361.3699140548706054687500 HTTP/1.1" 200 1 "-" "WordPress/7.0.2; https://sdum-patrol.sch.id"
51.195.183.22 - - [30/Jul/2026:20:32:37 +0700] "GET /items/P491801759/ HTTP/2.0" 404 18478 "-" "Mozilla/5.0 (compatible; AhrefsBot/7.0; +http://ahrefs.com/robot/)"
103.247.8.10 - - [30/Jul/2026:20:33:16 +0700] "GET /wp-json/jet-search/v1/get-suggestions?action=get_form_suggestions&data%5Blist_type%5D=popular&data%5Bvalue%5D=&data%5Blimit%5D=20 HTTP/1.1" 200 6 "-" "WordPress/7.0.2; https://sdum-patrol.sch.id"
3.228.112.215 - - [30/Jul/2026:20:33:15 +0700] "GET / HTTP/1.1" 200 453240 "-" "Mozilla/5.0 (Windows NT 10.0; Win64; x64) AppleWebKit/537.36 (KHTML, like Gecko) Chrome/109.0.0.0 Safari/537.36"
103.247.8.10 - - [30/Jul/2026:20:33:31 +0700] "GET /wp-json/jet-search/v1/get-suggestions?action=get_form_suggestions&data%5Blist_type%5D=popular&data%5Bvalue%5D=&data%5Blimit%5D=20 HTTP/1.1" 200 6 "-" "WordPress/7.0.2; https://sdum-patrol.sch.id"
2a03:2880:f800:45:: - - [30/Jul/2026:20:33:30 +0700] "GET /products/37624264043 HTTP/2.0" 404 157133 "-" "Mozilla/5.0 (Windows NT 10.0; Win64; x64) AppleWebKit/537.36 (KHTML, like Gecko) Chrome/145.0.0.0 Safari/537.36 (compatible; meta-externalagent/1.1 (+https://developers.facebook.com/docs/sharing/webmasters/crawler))"
103.247.8.10 - - [30/Jul/2026:20:34:42 +0700] "POST /wp-cron.php?doing_wp_cron=1785418482.1360120773315429687500 HTTP/1.1" 200 1 "-" "WordPress/7.0.2; https://sdum-patrol.sch.id"
103.247.8.10 - - [30/Jul/2026:20:34:41 +0700] "GET /wp-json/jet-search/v1/get-suggestions?action=get_form_suggestions&data%5Blist_type%5D=popular&data%5Bvalue%5D=&data%5Blimit%5D=20 HTTP/1.1" 200 6 "-" "WordPress/7.0.2; https://sdum-patrol.sch.id"
103.247.8.10 - - [30/Jul/2026:20:34:43 +0700] "POST /wp-cron.php?doing_wp_cron=1785418483.4176349639892578125000 HTTP/1.1" 200 1 "-" "WordPress/7.0.2; https://sdum-patrol.sch.id"
2a03:2880:f800:42:: - - [30/Jul/2026:20:34:39 +0700] "GET /items/P492017558/ HTTP/2.0" 404 157129 "-" "Mozilla/5.0 (X11; Linux x86_64) AppleWebKit/537.36 (KHTML, like Gecko) Chrome/145.0.0.0 Safari/537.36 (compatible; meta-externalagent/1.1 (+https://developers.facebook.com/docs/sharing/webmasters/crawler))"
103.247.8.10 - - [30/Jul/2026:20:35:52 +0700] "POST /wp-cron.php?doing_wp_cron=1785418552.5392000675201416015625 HTTP/1.1" 200 1 "-" "WordPress/7.0.2; https://sdum-patrol.sch.id"
2a03:2880:f800:23:: - - [30/Jul/2026:20:35:43 +0700] "GET /items/P497145270/ HTTP/2.0" 404 - "-" "Mozilla/5.0 (Windows NT 10.0; Win64; x64) AppleWebKit/537.36 (KHTML, like Gecko) Chrome/145.0.0.0 Safari/537.36 (compatible; meta-externalagent/1.1 (+https://developers.facebook.com/docs/sharing/webmasters/crawler))"
103.247.8.10 - - [30/Jul/2026:20:35:54 +0700] "POST /wp-cron.php?doing_wp_cron=1785418554.4634120464324951171875 HTTP/1.1" 200 1 "-" "WordPress/7.0.2; https://sdum-patrol.sch.id"
103.247.8.10 - - [30/Jul/2026:20:35:50 +0700] "GET /wp-json/jet-search/v1/get-suggestions?action=get_form_suggestions&data%5Blist_type%5D=popular&data%5Bvalue%5D=&data%5Blimit%5D=20 HTTP/1.1" 200 6 "-" "WordPress/7.0.2; https://sdum-patrol.sch.id"
103.247.8.10 - - [30/Jul/2026:20:36:53 +0700] "POST /wp-cron.php?doing_wp_cron=1785418613.2022900581359863281250 HTTP/1.1" 200 1 "-" "WordPress/7.0.2; https://sdum-patrol.sch.id"
103.247.8.10 - - [30/Jul/2026:20:36:52 +0700] "GET /wp-json/jet-search/v1/get-suggestions?action=get_form_suggestions&data%5Blist_type%5D=popular&data%5Bvalue%5D=&data%5Blimit%5D=20 HTTP/1.1" 200 6 "-" "WordPress/7.0.2; https://sdum-patrol.sch.id"
103.247.8.10 - - [30/Jul/2026:20:36:54 +0700] "POST /wp-cron.php?doing_wp_cron=1785418614.4409980773925781250000 HTTP/1.1" 200 1 "-" "WordPress/7.0.2; https://sdum-patrol.sch.id"
2a03:2880:f800:27:: - - [30/Jul/2026:20:36:50 +0700] "GET /products/45694988654 HTTP/2.0" 404 157133 "-" "Mozilla/5.0 (Windows NT 10.0; Win64; x64) AppleWebKit/537.36 (KHTML, like Gecko) Chrome/145.0.0.0 Safari/537.36 (compatible; meta-externalagent/1.1 (+https://developers.facebook.com/docs/sharing/webmasters/crawler))"
103.247.8.10 - - [30/Jul/2026:20:37:59 +0700] "POST /wp-cron.php?doing_wp_cron=1785418679.1732320785522460937500 HTTP/1.1" 200 1 "-" "WordPress/7.0.2; https://sdum-patrol.sch.id"
103.247.8.10 - - [30/Jul/2026:20:37:58 +0700] "GET /wp-json/jet-search/v1/get-suggestions?action=get_form_suggestions&data%5Blist_type%5D=popular&data%5Bvalue%5D=&data%5Blimit%5D=20 HTTP/1.1" 200 6 "-" "WordPress/7.0.2; https://sdum-patrol.sch.id"
103.247.8.10 - - [30/Jul/2026:20:38:00 +0700] "POST /wp-cron.php?doing_wp_cron=1785418680.3678929805755615234375 HTTP/1.1" 200 1 "-" "WordPress/7.0.2; https://sdum-patrol.sch.id"
