216.73.216.67 - - [30/Jul/2026:22:37:06 +0700] "GET /sitemap-16.xml HTTP/2.0" 404 18475 "-" "Mozilla/5.0 AppleWebKit/537.36 (KHTML, like Gecko; compatible; ClaudeBot/1.0; +claudebot@anthropic.com)"
103.247.8.10 - - [30/Jul/2026:22:37:21 +0700] "GET /wp-json/jet-search/v1/get-suggestions?action=get_form_suggestions&data%5Blist_type%5D=popular&data%5Bvalue%5D=&data%5Blimit%5D=20 HTTP/1.1" 200 6 "-" "WordPress/7.0.2; https://sdum-patrol.sch.id"
216.73.216.67 - - [30/Jul/2026:22:37:21 +0700] "GET /sitemap-7.xml HTTP/2.0" 404 18475 "-" "Mozilla/5.0 AppleWebKit/537.36 (KHTML, like Gecko; compatible; ClaudeBot/1.0; +claudebot@anthropic.com)"
103.247.8.10 - - [30/Jul/2026:22:37:29 +0700] "GET /wp-json/jet-search/v1/get-suggestions?action=get_form_suggestions&data%5Blist_type%5D=popular&data%5Bvalue%5D=&data%5Blimit%5D=20 HTTP/1.1" 200 6 "-" "WordPress/7.0.2; https://sdum-patrol.sch.id"
216.73.216.67 - - [30/Jul/2026:22:37:29 +0700] "GET /sitemap-10.xml HTTP/2.0" 404 18476 "-" "Mozilla/5.0 AppleWebKit/537.36 (KHTML, like Gecko; compatible; ClaudeBot/1.0; +claudebot@anthropic.com)"
103.247.8.10 - - [30/Jul/2026:22:37:43 +0700] "GET /wp-json/jet-search/v1/get-suggestions?action=get_form_suggestions&data%5Blist_type%5D=popular&data%5Bvalue%5D=&data%5Blimit%5D=20 HTTP/1.1" 200 6 "-" "WordPress/7.0.2; https://sdum-patrol.sch.id"
216.73.216.67 - - [30/Jul/2026:22:37:43 +0700] "GET /sitemap-4.xml HTTP/2.0" 404 18474 "-" "Mozilla/5.0 AppleWebKit/537.36 (KHTML, like Gecko; compatible; ClaudeBot/1.0; +claudebot@anthropic.com)"
103.247.8.10 - - [30/Jul/2026:22:37:58 +0700] "GET /wp-json/jet-search/v1/get-suggestions?action=get_form_suggestions&data%5Blist_type%5D=popular&data%5Bvalue%5D=&data%5Blimit%5D=20 HTTP/1.1" 200 6 "-" "WordPress/7.0.2; https://sdum-patrol.sch.id"
103.247.8.10 - - [30/Jul/2026:22:38:00 +0700] "GET /wp-json/jet-search/v1/get-suggestions?action=get_form_suggestions&data%5Blist_type%5D=popular&data%5Bvalue%5D=&data%5Blimit%5D=20 HTTP/1.1" 200 6 "-" "WordPress/7.0.2; https://sdum-patrol.sch.id"
103.247.8.10 - - [30/Jul/2026:22:38:01 +0700] "POST /wp-cron.php?doing_wp_cron=1785425881.1025140285491943359375 HTTP/1.1" 200 1 "-" "WordPress/7.0.2; https://sdum-patrol.sch.id"
2a03:2880:f800:4:: - - [30/Jul/2026:22:37:58 +0700] "GET /products/49890480025 HTTP/2.0" 404 157133 "-" "Mozilla/5.0 (Macintosh; Intel Mac OS X 10_15_7) AppleWebKit/537.36 (KHTML, like Gecko) Chrome/145.0.0.0 Safari/537.36 (compatible; meta-externalagent/1.1 (+https://developers.facebook.com/docs/sharing/webmasters/crawler))"
216.73.216.67 - - [30/Jul/2026:22:37:59 +0700] "GET /sitemap-11.xml HTTP/2.0" 404 18476 "-" "Mozilla/5.0 AppleWebKit/537.36 (KHTML, like Gecko; compatible; ClaudeBot/1.0; +claudebot@anthropic.com)"
103.247.8.10 - - [30/Jul/2026:22:38:20 +0700] "GET /wp-json/jet-search/v1/get-suggestions?action=get_form_suggestions&data%5Blist_type%5D=popular&data%5Bvalue%5D=&data%5Blimit%5D=20 HTTP/1.1" 200 6 "-" "WordPress/7.0.2; https://sdum-patrol.sch.id"
216.73.216.67 - - [30/Jul/2026:22:38:20 +0700] "GET /sitemap-14.xml HTTP/2.0" 404 18476 "-" "Mozilla/5.0 AppleWebKit/537.36 (KHTML, like Gecko; compatible; ClaudeBot/1.0; +claudebot@anthropic.com)"
103.247.8.10 - - [30/Jul/2026:22:39:05 +0700] "POST /wp-cron.php?doing_wp_cron=1785425945.7372579574584960937500 HTTP/1.1" 200 1 "-" "WordPress/7.0.2; https://sdum-patrol.sch.id"
103.247.8.10 - - [30/Jul/2026:22:39:05 +0700] "GET /wp-json/jet-search/v1/get-suggestions?action=get_form_suggestions&data%5Blist_type%5D=popular&data%5Bvalue%5D=&data%5Blimit%5D=20 HTTP/1.1" 200 6 "-" "WordPress/7.0.2; https://sdum-patrol.sch.id"
103.247.8.10 - - [30/Jul/2026:22:39:07 +0700] "POST /wp-cron.php?doing_wp_cron=1785425947.0142130851745605468750 HTTP/1.1" 200 1 "-" "WordPress/7.0.2; https://sdum-patrol.sch.id"
2a03:2880:f800:2e:: - - [30/Jul/2026:22:39:03 +0700] "GET /items/P495693464/ HTTP/2.0" 404 157129 "-" "Mozilla/5.0 (Windows NT 10.0; Win64; x64) AppleWebKit/537.36 (KHTML, like Gecko) Chrome/145.0.0.0 Safari/537.36 (compatible; meta-externalagent/1.1 (+https://developers.facebook.com/docs/sharing/webmasters/crawler))"
103.247.8.10 - - [30/Jul/2026:22:39:12 +0700] "GET /wp-json/jet-search/v1/get-suggestions?action=get_form_suggestions&data%5Blist_type%5D=popular&data%5Bvalue%5D=&data%5Blimit%5D=20 HTTP/1.1" 200 6 "-" "WordPress/7.0.2; https://sdum-patrol.sch.id"
216.73.216.67 - - [30/Jul/2026:22:39:12 +0700] "GET /sitemap-17.xml HTTP/2.0" 404 18474 "-" "Mozilla/5.0 AppleWebKit/537.36 (KHTML, like Gecko; compatible; ClaudeBot/1.0; +claudebot@anthropic.com)"
103.247.8.10 - - [30/Jul/2026:22:39:16 +0700] "GET /wp-json/jet-search/v1/get-suggestions?action=get_form_suggestions&data%5Blist_type%5D=popular&data%5Bvalue%5D=&data%5Blimit%5D=20 HTTP/1.1" 200 6 "-" "WordPress/7.0.2; https://sdum-patrol.sch.id"
216.73.216.67 - - [30/Jul/2026:22:39:16 +0700] "GET /sitemap-3.xml HTTP/2.0" 404 18474 "-" "Mozilla/5.0 AppleWebKit/537.36 (KHTML, like Gecko; compatible; ClaudeBot/1.0; +claudebot@anthropic.com)"
103.247.8.10 - - [30/Jul/2026:22:39:24 +0700] "GET /wp-json/jet-search/v1/get-suggestions?action=get_form_suggestions&data%5Blist_type%5D=popular&data%5Bvalue%5D=&data%5Blimit%5D=20 HTTP/1.1" 200 6 "-" "WordPress/7.0.2; https://sdum-patrol.sch.id"
216.73.216.67 - - [30/Jul/2026:22:39:23 +0700] "GET /sitemap-1.xml HTTP/2.0" 404 18474 "-" "Mozilla/5.0 AppleWebKit/537.36 (KHTML, like Gecko; compatible; ClaudeBot/1.0; +claudebot@anthropic.com)"
216.73.216.67 - - [30/Jul/2026:22:39:31 +0700] "GET /account.php HTTP/2.0" 200 1 "-" "Mozilla/5.0 AppleWebKit/537.36 (KHTML, like Gecko; compatible; ClaudeBot/1.0; +claudebot@anthropic.com)"
216.73.216.67 - - [30/Jul/2026:22:40:01 +0700] "GET /sitemap.xml HTTP/2.0" 301 1 "-" "Mozilla/5.0 AppleWebKit/537.36 (KHTML, like Gecko; compatible; ClaudeBot/1.0; +claudebot@anthropic.com)"
216.73.216.67 - - [30/Jul/2026:22:40:02 +0700] "GET /wp-sitemap.xml HTTP/2.0" 200 233 "https://sdum-patrol.sch.id/sitemap.xml" "Mozilla/5.0 AppleWebKit/537.36 (KHTML, like Gecko; compatible; ClaudeBot/1.0; +claudebot@anthropic.com)"
103.247.8.10 - - [30/Jul/2026:22:40:08 +0700] "POST /wp-cron.php?doing_wp_cron=1785426008.5539610385894775390625 HTTP/1.1" 200 1 "-" "WordPress/7.0.2; https://sdum-patrol.sch.id"
103.247.8.10 - - [30/Jul/2026:22:40:08 +0700] "GET /wp-json/jet-search/v1/get-suggestions?action=get_form_suggestions&data%5Blist_type%5D=popular&data%5Bvalue%5D=&data%5Blimit%5D=20 HTTP/1.1" 200 6 "-" "WordPress/7.0.2; https://sdum-patrol.sch.id"
103.247.8.10 - - [30/Jul/2026:22:40:09 +0700] "POST /wp-cron.php?doing_wp_cron=1785426009.4914550781250000000000 HTTP/1.1" 200 1 "-" "WordPress/7.0.2; https://sdum-patrol.sch.id"
216.73.216.67 - - [30/Jul/2026:22:40:07 +0700] "GET /sitemap-6.xml HTTP/2.0" 404 18474 "-" "Mozilla/5.0 AppleWebKit/537.36 (KHTML, like Gecko; compatible; ClaudeBot/1.0; +claudebot@anthropic.com)"
103.247.8.10 - - [30/Jul/2026:22:40:10 +0700] "GET /wp-json/jet-search/v1/get-suggestions?action=get_form_suggestions&data%5Blist_type%5D=popular&data%5Bvalue%5D=&data%5Blimit%5D=20 HTTP/1.1" 200 6 "-" "WordPress/7.0.2; https://sdum-patrol.sch.id"
2a03:2880:f800:38:: - - [30/Jul/2026:22:40:09 +0700] "GET /items/P497403347/ HTTP/2.0" 404 157129 "-" "Mozilla/5.0 (Windows NT 10.0; Win64; x64) AppleWebKit/537.36 (KHTML, like Gecko) Chrome/145.0.0.0 Safari/537.36 (compatible; meta-externalagent/1.1 (+https://developers.facebook.com/docs/sharing/webmasters/crawler))"
103.247.8.10 - - [30/Jul/2026:22:40:32 +0700] "GET /wp-json/jet-search/v1/get-suggestions?action=get_form_suggestions&data%5Blist_type%5D=popular&data%5Bvalue%5D=&data%5Blimit%5D=20 HTTP/1.1" 200 6 "-" "WordPress/7.0.2; https://sdum-patrol.sch.id"
216.73.216.67 - - [30/Jul/2026:22:40:31 +0700] "GET /sitemap-8.xml HTTP/2.0" 404 18474 "-" "Mozilla/5.0 AppleWebKit/537.36 (KHTML, like Gecko; compatible; ClaudeBot/1.0; +claudebot@anthropic.com)"
98.87.102.177 - - [30/Jul/2026:22:40:54 +0700] "GET / HTTP/1.1" 401 53 "-" "Mozilla/5.0 (Windows NT 10.0; Win64; x64) AppleWebKit/537.36 (KHTML, like Gecko) Chrome/130.0.0.0 Safari/537.36"
44.216.125.112 - - [30/Jul/2026:22:40:54 +0700] "GET / HTTP/1.1" 401 53 "-" "Mozilla/5.0 (X11; Linux x86_64; rv:104.0) Gecko/20100101 Firefox/104.0"
44.216.125.112 - - [30/Jul/2026:22:40:54 +0700] "GET / HTTP/1.1" 200 12426 "-" "Mozilla/5.0 (Macintosh; Intel Mac OS X 10_15_7) AppleWebKit/537.36 (KHTML, like Gecko) Chrome/128.0.0.0 Safari/537.36"
44.216.125.112 - - [30/Jul/2026:22:40:54 +0700] "GET / HTTP/1.1" 200 12428 "-" "Mozilla/5.0 (Windows NT 6.3; Win64; x64) AppleWebKit/537.36 (KHTML, like Gecko) HeadlessChrome/109.0.5414.168 Safari/537.36"
103.247.8.10 - - [30/Jul/2026:22:41:04 +0700] "POST /wp-cron.php?doing_wp_cron=1785426064.7356240749359130859375 HTTP/1.1" 200 1 "-" "WordPress/7.0.2; https://sdum-patrol.sch.id"
103.247.8.10 - - [30/Jul/2026:22:41:04 +0700] "GET /wp-json/jet-search/v1/get-suggestions?action=get_form_suggestions&data%5Blist_type%5D=popular&data%5Bvalue%5D=&data%5Blimit%5D=20 HTTP/1.1" 200 6 "-" "WordPress/7.0.2; https://sdum-patrol.sch.id"
103.247.8.10 - - [30/Jul/2026:22:41:06 +0700] "POST /wp-cron.php?doing_wp_cron=1785426066.2185430526733398437500 HTTP/1.1" 200 1 "-" "WordPress/7.0.2; https://sdum-patrol.sch.id"
216.73.216.67 - - [30/Jul/2026:22:41:01 +0700] "GET /sitemap-15.xml HTTP/2.0" 404 - "-" "Mozilla/5.0 AppleWebKit/537.36 (KHTML, like Gecko; compatible; ClaudeBot/1.0; +claudebot@anthropic.com)"
103.247.8.10 - - [30/Jul/2026:22:41:06 +0700] "GET /wp-json/jet-search/v1/get-suggestions?action=get_form_suggestions&data%5Blist_type%5D=popular&data%5Bvalue%5D=&data%5Blimit%5D=20 HTTP/1.1" 200 6 "-" "WordPress/7.0.2; https://sdum-patrol.sch.id"
216.73.216.67 - - [30/Jul/2026:22:41:06 +0700] "GET /sitemap-5.xml HTTP/2.0" 404 18474 "-" "Mozilla/5.0 AppleWebKit/537.36 (KHTML, like Gecko; compatible; ClaudeBot/1.0; +claudebot@anthropic.com)"
103.247.8.10 - - [30/Jul/2026:22:41:20 +0700] "GET /wp-json/jet-search/v1/get-suggestions?action=get_form_suggestions&data%5Blist_type%5D=popular&data%5Bvalue%5D=&data%5Blimit%5D=20 HTTP/1.1" 200 6 "-" "WordPress/7.0.2; https://sdum-patrol.sch.id"
2a03:2880:f800:15:: - - [30/Jul/2026:22:41:19 +0700] "GET /items/P495554942/ HTTP/2.0" 404 157129 "-" "Mozilla/5.0 (Windows NT 10.0; Win64; x64) AppleWebKit/537.36 (KHTML, like Gecko) Chrome/145.0.0.0 Safari/537.36 (compatible; meta-externalagent/1.1 (+https://developers.facebook.com/docs/sharing/webmasters/crawler))"
103.247.8.10 - - [30/Jul/2026:22:41:37 +0700] "GET /wp-json/jet-search/v1/get-suggestions?action=get_form_suggestions&data%5Blist_type%5D=popular&data%5Bvalue%5D=&data%5Blimit%5D=20 HTTP/1.1" 200 6 "-" "WordPress/7.0.2; https://sdum-patrol.sch.id"
66.249.66.194 - - [30/Jul/2026:22:41:37 +0700] "GET /cate-182-191 HTTP/1.1" 404 18479 "-" "Mozilla/5.0 (Linux; Android 6.0.1; Nexus 5X Build/MMB29P) AppleWebKit/537.36 (KHTML, like Gecko) Chrome/150.0.7871.186 Mobile Safari/537.36 (compatible; Googlebot/2.1; +http://www.google.com/bot.html)"
103.247.8.10 - - [30/Jul/2026:22:42:26 +0700] "POST /wp-cron.php?doing_wp_cron=1785426146.0838449001312255859375 HTTP/1.1" 200 1 "-" "WordPress/7.0.2; https://sdum-patrol.sch.id"
103.247.8.10 - - [30/Jul/2026:22:42:25 +0700] "GET /wp-json/jet-search/v1/get-suggestions?action=get_form_suggestions&data%5Blist_type%5D=popular&data%5Bvalue%5D=&data%5Blimit%5D=20 HTTP/1.1" 200 6 "-" "WordPress/7.0.2; https://sdum-patrol.sch.id"
103.247.8.10 - - [30/Jul/2026:22:42:27 +0700] "POST /wp-cron.php?doing_wp_cron=1785426147.3032228946685791015625 HTTP/1.1" 200 1 "-" "WordPress/7.0.2; https://sdum-patrol.sch.id"
2a03:2880:f800:13:: - - [30/Jul/2026:22:42:23 +0700] "GET /items/P491465463/ HTTP/2.0" 404 157129 "-" "Mozilla/5.0 (Windows NT 10.0; Win64; x64) AppleWebKit/537.36 (KHTML, like Gecko) Chrome/145.0.0.0 Safari/537.36 (compatible; meta-externalagent/1.1 (+https://developers.facebook.com/docs/sharing/webmasters/crawler))"
103.247.8.10 - - [30/Jul/2026:22:42:48 +0700] "GET /wp-json/jet-search/v1/get-suggestions?action=get_form_suggestions&data%5Blist_type%5D=popular&data%5Bvalue%5D=&data%5Blimit%5D=20 HTTP/1.1" 200 6 "-" "WordPress/7.0.2; https://sdum-patrol.sch.id"
43.134.23.177 - - [30/Jul/2026:22:42:48 +0700] "GET / HTTP/1.1" 200 453239 "http://www.sdum-patrol.sch.id" "Mozilla/5.0 (iPhone; CPU iPhone OS 13_2_3 like Mac OS X) AppleWebKit/605.1.15 (KHTML, like Gecko) Version/13.0.3 Mobile/15E148 Safari/604.1"
103.247.8.10 - - [30/Jul/2026:22:43:19 +0700] "POST /wp-cron.php?doing_wp_cron=1785426199.1188609600067138671875 HTTP/1.1" 200 1 "-" "WordPress/7.0.2; https://sdum-patrol.sch.id"
103.247.8.10 - - [30/Jul/2026:22:43:18 +0700] "GET /wp-json/jet-search/v1/get-suggestions?action=get_form_suggestions&data%5Blist_type%5D=popular&data%5Bvalue%5D=&data%5Blimit%5D=20 HTTP/1.1" 200 6 "-" "WordPress/7.0.2; https://sdum-patrol.sch.id"
103.247.8.10 - - [30/Jul/2026:22:43:20 +0700] "POST /wp-cron.php?doing_wp_cron=1785426200.0319459438323974609375 HTTP/1.1" 200 1 "-" "WordPress/7.0.2; https://sdum-patrol.sch.id"
198.244.168.102 - - [30/Jul/2026:22:43:18 +0700] "GET /items/P494405786/ HTTP/2.0" 404 18476 "-" "Mozilla/5.0 (compatible; AhrefsBot/7.0; +http://ahrefs.com/robot/)"
103.247.8.10 - - [30/Jul/2026:22:43:30 +0700] "GET /wp-json/jet-search/v1/get-suggestions?action=get_form_suggestions&data%5Blist_type%5D=popular&data%5Bvalue%5D=&data%5Blimit%5D=20 HTTP/1.1" 200 6 "-" "WordPress/7.0.2; https://sdum-patrol.sch.id"
2a03:2880:f800:45:: - - [30/Jul/2026:22:43:29 +0700] "GET /items/P493653486/ HTTP/2.0" 404 157129 "-" "Mozilla/5.0 (Windows NT 10.0; Win64; x64) AppleWebKit/537.36 (KHTML, like Gecko) Chrome/145.0.0.0 Safari/537.36 (compatible; meta-externalagent/1.1 (+https://developers.facebook.com/docs/sharing/webmasters/crawler))"
32.194.121.99 - - [30/Jul/2026:22:44:18 +0700] "GET / HTTP/1.1" 401 53 "-" "Mozilla/5.0 (Macintosh; Intel Mac OS X 10_15_7) AppleWebKit/537.36 (KHTML, like Gecko) Chrome/127.0.0.0 Safari/537.36"
34.233.129.35 - - [30/Jul/2026:22:44:18 +0700] "GET / HTTP/1.1" 401 53 "-" "Mozilla/5.0 (Windows NT 10.0; Win64; x64) AppleWebKit/537.36 (KHTML, like Gecko) Chrome/138.0.7204.97 Safari/537.36"
34.233.129.35 - - [30/Jul/2026:22:44:18 +0700] "GET / HTTP/1.1" 200 12429 "-" "Mozilla/5.0 (Windows NT 10.0; Win64; x64) AppleWebKit/537.36 (KHTML, like Gecko) Chrome/107.0.0.0 Safari/537.36 Edg/107.0.1418.62"
34.224.175.62 - - [30/Jul/2026:22:44:18 +0700] "GET / HTTP/1.1" 200 12426 "-" "Mozilla/5.0 (Windows NT 10.0; Win64; x64; rv:140.0) Gecko/20100101 Firefox/140.0"
34.224.175.62 - - [30/Jul/2026:22:44:18 +0700] "GET / HTTP/1.1" 401 53 "-" "Mozilla/5.0 (Windows NT 10.0; Win64; x64) AppleWebKit/537.36 (KHTML, like Gecko) Chrome/83.0.4093.0 Safari/537.36 Edg/83.0.470.0"
103.247.8.10 - - [30/Jul/2026:22:44:22 +0700] "POST /wp-cron.php?doing_wp_cron=1785426262.7166190147399902343750 HTTP/1.1" 200 1 "-" "WordPress/7.0.2; https://sdum-patrol.sch.id"
34.233.129.35 - - [30/Jul/2026:22:44:18 +0700] "GET / HTTP/1.1" 301 - "-" "Mozilla/5.0 (Macintosh; Intel Mac OS X 10.15; rv:139.0) Gecko/20100101 Firefox/139.0"
103.247.8.10 - - [30/Jul/2026:22:44:23 +0700] "GET /wp-json/jet-search/v1/get-suggestions?action=get_form_suggestions&data%5Blist_type%5D=popular&data%5Bvalue%5D=&data%5Blimit%5D=20 HTTP/1.1" 200 6 "-" "WordPress/7.0.2; https://sdum-patrol.sch.id"
103.247.8.10 - - [30/Jul/2026:22:44:23 +0700] "GET /wp-json/jet-search/v1/get-suggestions?action=get_form_suggestions&data%5Blist_type%5D=popular&data%5Bvalue%5D=&data%5Blimit%5D=20 HTTP/1.1" 200 6 "-" "WordPress/7.0.2; https://sdum-patrol.sch.id"
103.247.8.10 - - [30/Jul/2026:22:44:23 +0700] "GET /wp-json/jet-search/v1/get-suggestions?action=get_form_suggestions&data%5Blist_type%5D=popular&data%5Bvalue%5D=&data%5Blimit%5D=20 HTTP/1.1" 200 6 "-" "WordPress/7.0.2; https://sdum-patrol.sch.id"
103.247.8.10 - - [30/Jul/2026:22:44:24 +0700] "GET /wp-json/jet-search/v1/get-suggestions?action=get_form_suggestions&data%5Blist_type%5D=popular&data%5Bvalue%5D=&data%5Blimit%5D=20 HTTP/1.1" 200 6 "-" "WordPress/7.0.2; https://sdum-patrol.sch.id"
103.247.8.10 - - [30/Jul/2026:22:44:28 +0700] "POST /wp-cron.php?doing_wp_cron=1785426268.6014780998229980468750 HTTP/1.1" 200 1 "-" "WordPress/7.0.2; https://sdum-patrol.sch.id"
103.247.8.10 - - [30/Jul/2026:22:44:28 +0700] "POST /wp-cron.php?doing_wp_cron=1785426268.5095260143280029296875 HTTP/1.1" 200 1 "-" "WordPress/7.0.2; https://sdum-patrol.sch.id"
66.249.66.194 - - [30/Jul/2026:22:44:22 +0700] "GET /products/57354081113 HTTP/1.1" 404 18481 "-" "Mozilla/5.0 (Linux; Android 6.0.1; Nexus 5X Build/MMB29P) AppleWebKit/537.36 (KHTML, like Gecko) Chrome/150.0.7871.186 Mobile Safari/537.36 (compatible; Googlebot/2.1; +http://www.google.com/bot.html)"
52.167.144.140 - - [30/Jul/2026:22:44:18 +0700] "GET /cate-10-368 HTTP/2.0" 404 18473 "-" "Mozilla/5.0 AppleWebKit/537.36 (KHTML, like Gecko; compatible; bingbot/2.0; +http://www.bing.com/bingbot.htm) Chrome/116.0.1938.76 Safari/537.36"
103.247.8.10 - - [30/Jul/2026:22:44:27 +0700] "GET /wp-json/jet-search/v1/get-suggestions?action=get_form_suggestions&data%5Blist_type%5D=popular&data%5Bvalue%5D=&data%5Blimit%5D=20 HTTP/1.1" 200 6 "-" "WordPress/7.0.2; https://sdum-patrol.sch.id"
52.167.144.160 - - [30/Jul/2026:22:44:26 +0700] "GET /items/R171182000/ HTTP/2.0" 404 18477 "-" "Mozilla/5.0 AppleWebKit/537.36 (KHTML, like Gecko; compatible; bingbot/2.0; +http://www.bing.com/bingbot.htm) Chrome/116.0.1938.76 Safari/537.36"
34.224.175.62 - - [30/Jul/2026:22:44:23 +0700] "GET / HTTP/1.1" 200 453240 "-" "Mozilla/5.0 (Macintosh; Intel Mac OS X 10.15; rv:139.0) Gecko/20100101 Firefox/139.0"
103.247.8.10 - - [30/Jul/2026:22:44:33 +0700] "POST /wp-cron.php?doing_wp_cron=1785426273.7403750419616699218750 HTTP/1.1" 200 1 "-" "WordPress/7.0.2; https://sdum-patrol.sch.id"
34.233.129.35 - - [30/Jul/2026:22:44:18 +0700] "GET / HTTP/1.1" 200 453240 "-" "Mozilla/5.0 (Macintosh; Intel Mac OS X 10_15_7) AppleWebKit/537.36 (KHTML, like Gecko) Chrome/128.0.0.0 Safari/537.36"
103.247.8.10 - - [30/Jul/2026:22:44:35 +0700] "GET /wp-json/jet-search/v1/get-suggestions?action=get_form_suggestions&data%5Blist_type%5D=popular&data%5Bvalue%5D=&data%5Blimit%5D=20 HTTP/1.1" 200 6 "-" "WordPress/7.0.2; https://sdum-patrol.sch.id"
52.167.144.216 - - [30/Jul/2026:22:44:35 +0700] "GET /items/L354958635/ HTTP/2.0" 404 18475 "-" "Mozilla/5.0 AppleWebKit/537.36 (KHTML, like Gecko; compatible; bingbot/2.0; +http://www.bing.com/bingbot.htm) Chrome/116.0.1938.76 Safari/537.36"
103.247.8.10 - - [30/Jul/2026:22:44:37 +0700] "GET /wp-json/jet-search/v1/get-suggestions?action=get_form_suggestions&data%5Blist_type%5D=popular&data%5Bvalue%5D=&data%5Blimit%5D=20 HTTP/1.1" 200 6 "-" "WordPress/7.0.2; https://sdum-patrol.sch.id"
2a03:2880:f800:7:: - - [30/Jul/2026:22:44:37 +0700] "GET /items/P492951354/ HTTP/2.0" 404 157129 "-" "Mozilla/5.0 (Windows NT 10.0; Win64; x64) AppleWebKit/537.36 (KHTML, like Gecko) Chrome/145.0.0.0 Safari/537.36 (compatible; meta-externalagent/1.1 (+https://developers.facebook.com/docs/sharing/webmasters/crawler))"
103.247.8.10 - - [30/Jul/2026:22:44:40 +0700] "GET /wp-json/jet-search/v1/get-suggestions?action=get_form_suggestions&data%5Blist_type%5D=popular&data%5Bvalue%5D=&data%5Blimit%5D=20 HTTP/1.1" 200 6 "-" "WordPress/7.0.2; https://sdum-patrol.sch.id"
52.167.144.140 - - [30/Jul/2026:22:44:40 +0700] "GET /items/L282185517/ HTTP/2.0" 404 18477 "-" "Mozilla/5.0 AppleWebKit/537.36 (KHTML, like Gecko; compatible; bingbot/2.0; +http://www.bing.com/bingbot.htm) Chrome/116.0.1938.76 Safari/537.36"
103.247.8.10 - - [30/Jul/2026:22:44:42 +0700] "GET /wp-json/jet-search/v1/get-suggestions?action=get_form_suggestions&data%5Blist_type%5D=popular&data%5Bvalue%5D=&data%5Blimit%5D=20 HTTP/1.1" 200 6 "-" "WordPress/7.0.2; https://sdum-patrol.sch.id"
52.167.144.140 - - [30/Jul/2026:22:44:41 +0700] "GET /items/K241432994/ HTTP/2.0" 404 18476 "-" "Mozilla/5.0 AppleWebKit/537.36 (KHTML, like Gecko; compatible; bingbot/2.0; +http://www.bing.com/bingbot.htm) Chrome/116.0.1938.76 Safari/537.36"
103.247.8.10 - - [30/Jul/2026:22:45:49 +0700] "POST /wp-cron.php?doing_wp_cron=1785426348.9275419712066650390625 HTTP/1.1" 200 1 "-" "WordPress/7.0.2; https://sdum-patrol.sch.id"
103.247.8.10 - - [30/Jul/2026:22:45:48 +0700] "GET /wp-json/jet-search/v1/get-suggestions?action=get_form_suggestions&data%5Blist_type%5D=popular&data%5Bvalue%5D=&data%5Blimit%5D=20 HTTP/1.1" 200 6 "-" "WordPress/7.0.2; https://sdum-patrol.sch.id"
103.247.8.10 - - [30/Jul/2026:22:45:50 +0700] "POST /wp-cron.php?doing_wp_cron=1785426350.6228489875793457031250 HTTP/1.1" 200 1 "-" "WordPress/7.0.2; https://sdum-patrol.sch.id"
2a03:2880:f800:34:: - - [30/Jul/2026:22:45:46 +0700] "GET /products/36774849453 HTTP/2.0" 404 157133 "-" "Mozilla/5.0 (Windows NT 10.0; Win64; x64) AppleWebKit/537.36 (KHTML, like Gecko) Chrome/145.0.0.0 Safari/537.36 (compatible; meta-externalagent/1.1 (+https://developers.facebook.com/docs/sharing/webmasters/crawler))"
103.247.8.10 - - [30/Jul/2026:22:46:53 +0700] "POST /wp-cron.php?doing_wp_cron=1785426413.9300060272216796875000 HTTP/1.1" 200 1 "-" "WordPress/7.0.2; https://sdum-patrol.sch.id"
103.247.8.10 - - [30/Jul/2026:22:46:53 +0700] "GET /wp-json/jet-search/v1/get-suggestions?action=get_form_suggestions&data%5Blist_type%5D=popular&data%5Bvalue%5D=&data%5Blimit%5D=20 HTTP/1.1" 200 6 "-" "WordPress/7.0.2; https://sdum-patrol.sch.id"
103.247.8.10 - - [30/Jul/2026:22:46:55 +0700] "POST /wp-cron.php?doing_wp_cron=1785426415.2291660308837890625000 HTTP/1.1" 200 1 "-" "WordPress/7.0.2; https://sdum-patrol.sch.id"
2a03:2880:f800:15:: - - [30/Jul/2026:22:46:51 +0700] "GET /items/P492137746/ HTTP/2.0" 404 157129 "-" "Mozilla/5.0 (Macintosh; Intel Mac OS X 10_15_7) AppleWebKit/537.36 (KHTML, like Gecko) Chrome/145.0.0.0 Safari/537.36 (compatible; meta-externalagent/1.1 (+https://developers.facebook.com/docs/sharing/webmasters/crawler))"
103.247.8.10 - - [30/Jul/2026:22:47:16 +0700] "POST /wp-cron.php?doing_wp_cron=1785426436.4347119331359863281250 HTTP/1.1" 200 1 "-" "WordPress/7.0.2; https://sdum-patrol.sch.id"
103.247.8.10 - - [30/Jul/2026:22:47:16 +0700] "GET /wp-json/jet-search/v1/get-suggestions?action=get_form_suggestions&data%5Blist_type%5D=popular&data%5Bvalue%5D=&data%5Blimit%5D=20 HTTP/1.1" 200 6 "-" "WordPress/7.0.2; https://sdum-patrol.sch.id"
103.247.8.10 - - [30/Jul/2026:22:47:17 +0700] "POST /wp-cron.php?doing_wp_cron=1785426437.3386108875274658203125 HTTP/1.1" 200 1 "-" "WordPress/7.0.2; https://sdum-patrol.sch.id"
52.167.144.216 - - [30/Jul/2026:22:47:15 +0700] "GET /items/L631683096/ HTTP/2.0" 404 18475 "-" "Mozilla/5.0 AppleWebKit/537.36 (KHTML, like Gecko; compatible; bingbot/2.0; +http://www.bing.com/bingbot.htm) Chrome/116.0.1938.76 Safari/537.36"
103.247.8.10 - - [30/Jul/2026:22:47:18 +0700] "GET /wp-json/jet-search/v1/get-suggestions?action=get_form_suggestions&data%5Blist_type%5D=popular&data%5Bvalue%5D=&data%5Blimit%5D=20 HTTP/1.1" 200 6 "-" "WordPress/7.0.2; https://sdum-patrol.sch.id"
52.167.144.216 - - [30/Jul/2026:22:47:17 +0700] "GET /items/E216711976/ HTTP/2.0" 404 18475 "-" "Mozilla/5.0 AppleWebKit/537.36 (KHTML, like Gecko; compatible; bingbot/2.0; +http://www.bing.com/bingbot.htm) Chrome/116.0.1938.76 Safari/537.36"
103.247.8.10 - - [30/Jul/2026:22:47:20 +0700] "GET /wp-json/jet-search/v1/get-suggestions?action=get_form_suggestions&data%5Blist_type%5D=popular&data%5Bvalue%5D=&data%5Blimit%5D=20 HTTP/1.1" 200 6 "-" "WordPress/7.0.2; https://sdum-patrol.sch.id"
52.167.144.216 - - [30/Jul/2026:22:47:19 +0700] "GET /items/I125387028/ HTTP/2.0" 404 18477 "-" "Mozilla/5.0 AppleWebKit/537.36 (KHTML, like Gecko; compatible; bingbot/2.0; +http://www.bing.com/bingbot.htm) Chrome/116.0.1938.76 Safari/537.36"
103.247.8.10 - - [30/Jul/2026:22:47:21 +0700] "GET /wp-json/jet-search/v1/get-suggestions?action=get_form_suggestions&data%5Blist_type%5D=popular&data%5Bvalue%5D=&data%5Blimit%5D=20 HTTP/1.1" 200 6 "-" "WordPress/7.0.2; https://sdum-patrol.sch.id"
52.167.144.216 - - [30/Jul/2026:22:47:21 +0700] "GET /items/D154130953/ HTTP/2.0" 404 18477 "-" "Mozilla/5.0 AppleWebKit/537.36 (KHTML, like Gecko; compatible; bingbot/2.0; +http://www.bing.com/bingbot.htm) Chrome/116.0.1938.76 Safari/537.36"
103.247.8.10 - - [30/Jul/2026:22:47:23 +0700] "GET /wp-json/jet-search/v1/get-suggestions?action=get_form_suggestions&data%5Blist_type%5D=popular&data%5Bvalue%5D=&data%5Blimit%5D=20 HTTP/1.1" 200 6 "-" "WordPress/7.0.2; https://sdum-patrol.sch.id"
52.167.144.216 - - [30/Jul/2026:22:47:23 +0700] "GET /items/P836512283/ HTTP/2.0" 404 18475 "-" "Mozilla/5.0 AppleWebKit/537.36 (KHTML, like Gecko; compatible; bingbot/2.0; +http://www.bing.com/bingbot.htm) Chrome/116.0.1938.76 Safari/537.36"
103.247.8.10 - - [30/Jul/2026:22:47:27 +0700] "GET /wp-json/jet-search/v1/get-suggestions?action=get_form_suggestions&data%5Blist_type%5D=popular&data%5Bvalue%5D=&data%5Blimit%5D=20 HTTP/1.1" 200 6 "-" "WordPress/7.0.2; https://sdum-patrol.sch.id"
52.167.144.140 - - [30/Jul/2026:22:47:27 +0700] "GET /items/E131381481/ HTTP/2.0" 404 18476 "-" "Mozilla/5.0 AppleWebKit/537.36 (KHTML, like Gecko; compatible; bingbot/2.0; +http://www.bing.com/bingbot.htm) Chrome/116.0.1938.76 Safari/537.36"
103.247.8.10 - - [30/Jul/2026:22:47:56 +0700] "GET /wp-json/jet-search/v1/get-suggestions?action=get_form_suggestions&data%5Blist_type%5D=popular&data%5Bvalue%5D=&data%5Blimit%5D=20 HTTP/1.1" 200 6 "-" "WordPress/7.0.2; https://sdum-patrol.sch.id"
2a03:2880:f800:34:: - - [30/Jul/2026:22:47:56 +0700] "GET /products/30169874711 HTTP/2.0" 404 157133 "-" "Mozilla/5.0 (Windows NT 10.0; Win64; x64) AppleWebKit/537.36 (KHTML, like Gecko) Chrome/145.0.0.0 Safari/537.36 Edg/145.0.0.0 (compatible; meta-externalagent/1.1 (+https://developers.facebook.com/docs/sharing/webmasters/crawler))"
45.6.108.155 - - [30/Jul/2026:22:48:10 +0700] "GET /wp-login.php HTTP/1.1" 200 6312 "http://sdum-patrol.sch.id/wp-login.php" "Mozilla/5.0 (Windows NT 10.0; Win64; x64; rv:138.0) Gecko/20100101 Firefox/138.0"
103.247.8.10 - - [30/Jul/2026:22:48:18 +0700] "POST /wp-cron.php?doing_wp_cron=1785426498.0348789691925048828125 HTTP/1.1" 200 1 "-" "WordPress/7.0.2; https://sdum-patrol.sch.id"
45.6.108.155 - - [30/Jul/2026:22:48:17 +0700] "GET /wp-json/wp/v2/users/ HTTP/1.1" 200 1471 "-" "Go-http-client/1.1"
45.6.108.155 - - [30/Jul/2026:22:48:20 +0700] "POST /wp-login.php HTTP/1.1" 200 6676 "https://sdum-patrol.sch.id/wp-login.php" "Mozilla/5.0 (Windows NT 10.0; Win64; x64; rv:138.0) Gecko/20100101 Firefox/138.0"
45.6.108.155 - - [30/Jul/2026:22:48:27 +0700] "POST /wp-login.php HTTP/1.1" 200 6676 "https://sdum-patrol.sch.id/wp-login.php" "Mozilla/5.0 (Windows NT 10.0; Win64; x64; rv:138.0) Gecko/20100101 Firefox/138.0"
45.6.108.155 - - [30/Jul/2026:22:48:30 +0700] "POST /wp-login.php HTTP/1.1" 200 6676 "https://sdum-patrol.sch.id/wp-login.php" "Mozilla/5.0 (Windows NT 10.0; Win64; x64; rv:138.0) Gecko/20100101 Firefox/138.0"
45.6.108.155 - - [30/Jul/2026:22:48:32 +0700] "POST /wp-login.php HTTP/1.1" 200 6676 "https://sdum-patrol.sch.id/wp-login.php" "Mozilla/5.0 (Windows NT 10.0; Win64; x64; rv:138.0) Gecko/20100101 Firefox/138.0"
45.6.108.155 - - [30/Jul/2026:22:48:35 +0700] "POST /wp-login.php HTTP/1.1" 200 6676 "https://sdum-patrol.sch.id/wp-login.php" "Mozilla/5.0 (Windows NT 10.0; Win64; x64; rv:138.0) Gecko/20100101 Firefox/138.0"
45.6.108.155 - - [30/Jul/2026:22:48:38 +0700] "POST /wp-login.php HTTP/1.1" 200 6676 "https://sdum-patrol.sch.id/wp-login.php" "Mozilla/5.0 (Windows NT 10.0; Win64; x64; rv:138.0) Gecko/20100101 Firefox/138.0"
45.6.108.155 - - [30/Jul/2026:22:48:40 +0700] "POST /wp-login.php HTTP/1.1" 200 6676 "https://sdum-patrol.sch.id/wp-login.php" "Mozilla/5.0 (Windows NT 10.0; Win64; x64; rv:138.0) Gecko/20100101 Firefox/138.0"
45.6.108.155 - - [30/Jul/2026:22:48:43 +0700] "POST /wp-login.php HTTP/1.1" 200 6676 "https://sdum-patrol.sch.id/wp-login.php" "Mozilla/5.0 (Windows NT 10.0; Win64; x64; rv:138.0) Gecko/20100101 Firefox/138.0"
103.247.8.10 - - [30/Jul/2026:22:49:04 +0700] "POST /wp-cron.php?doing_wp_cron=1785426544.2505369186401367187500 HTTP/1.1" 200 1 "-" "WordPress/7.0.2; https://sdum-patrol.sch.id"
103.247.8.10 - - [30/Jul/2026:22:49:03 +0700] "GET /wp-json/jet-search/v1/get-suggestions?action=get_form_suggestions&data%5Blist_type%5D=popular&data%5Bvalue%5D=&data%5Blimit%5D=20 HTTP/1.1" 200 6 "-" "WordPress/7.0.2; https://sdum-patrol.sch.id"
103.247.8.10 - - [30/Jul/2026:22:49:05 +0700] "POST /wp-cron.php?doing_wp_cron=1785426545.1055459976196289062500 HTTP/1.1" 200 1 "-" "WordPress/7.0.2; https://sdum-patrol.sch.id"
2a03:2880:f800:1f:: - - [30/Jul/2026:22:49:03 +0700] "GET /items/P496575265/ HTTP/2.0" 404 157129 "-" "Mozilla/5.0 (Macintosh; Intel Mac OS X 10_15_7) AppleWebKit/537.36 (KHTML, like Gecko) Chrome/145.0.0.0 Safari/537.36 (compatible; meta-externalagent/1.1 (+https://developers.facebook.com/docs/sharing/webmasters/crawler))"
103.247.8.10 - - [30/Jul/2026:22:49:36 +0700] "GET /wp-json/jet-search/v1/get-suggestions?action=get_form_suggestions&data%5Blist_type%5D=popular&data%5Bvalue%5D=&data%5Blimit%5D=20 HTTP/1.1" 200 6 "-" "WordPress/7.0.2; https://sdum-patrol.sch.id"
52.167.144.216 - - [30/Jul/2026:22:49:36 +0700] "GET /items/S051438510/ HTTP/2.0" 404 18475 "-" "Mozilla/5.0 AppleWebKit/537.36 (KHTML, like Gecko; compatible; bingbot/2.0; +http://www.bing.com/bingbot.htm) Chrome/116.0.1938.76 Safari/537.36"
103.247.8.10 - - [30/Jul/2026:22:49:38 +0700] "GET /wp-json/jet-search/v1/get-suggestions?action=get_form_suggestions&data%5Blist_type%5D=popular&data%5Bvalue%5D=&data%5Blimit%5D=20 HTTP/1.1" 200 6 "-" "WordPress/7.0.2; https://sdum-patrol.sch.id"
103.247.8.10 - - [30/Jul/2026:22:49:39 +0700] "GET /wp-json/jet-search/v1/get-suggestions?action=get_form_suggestions&data%5Blist_type%5D=popular&data%5Bvalue%5D=&data%5Blimit%5D=20 HTTP/1.1" 200 6 "-" "WordPress/7.0.2; https://sdum-patrol.sch.id"
52.167.144.216 - - [30/Jul/2026:22:49:38 +0700] "GET /items/D001523046/ HTTP/2.0" 404 18477 "-" "Mozilla/5.0 AppleWebKit/537.36 (KHTML, like Gecko; compatible; bingbot/2.0; +http://www.bing.com/bingbot.htm) Chrome/116.0.1938.76 Safari/537.36"
52.167.144.140 - - [30/Jul/2026:22:49:38 +0700] "GET /items/Z495905892/ HTTP/2.0" 404 18478 "-" "Mozilla/5.0 AppleWebKit/537.36 (KHTML, like Gecko; compatible; bingbot/2.0; +http://www.bing.com/bingbot.htm) Chrome/116.0.1938.76 Safari/537.36"
103.247.8.10 - - [30/Jul/2026:22:49:40 +0700] "GET /wp-json/jet-search/v1/get-suggestions?action=get_form_suggestions&data%5Blist_type%5D=popular&data%5Bvalue%5D=&data%5Blimit%5D=20 HTTP/1.1" 200 6 "-" "WordPress/7.0.2; https://sdum-patrol.sch.id"
40.77.167.48 - - [30/Jul/2026:22:49:40 +0700] "GET /items/N282727252/ HTTP/2.0" 404 18478 "-" "Mozilla/5.0 AppleWebKit/537.36 (KHTML, like Gecko; compatible; bingbot/2.0; +http://www.bing.com/bingbot.htm) Chrome/116.0.1938.76 Safari/537.36"
103.247.8.10 - - [30/Jul/2026:22:50:10 +0700] "POST /wp-cron.php?doing_wp_cron=1785426610.7973859310150146484375 HTTP/1.1" 200 1 "-" "WordPress/7.0.2; https://sdum-patrol.sch.id"
103.247.8.10 - - [30/Jul/2026:22:50:10 +0700] "GET /wp-json/jet-search/v1/get-suggestions?action=get_form_suggestions&data%5Blist_type%5D=popular&data%5Bvalue%5D=&data%5Blimit%5D=20 HTTP/1.1" 200 6 "-" "WordPress/7.0.2; https://sdum-patrol.sch.id"
103.247.8.10 - - [30/Jul/2026:22:50:11 +0700] "POST /wp-cron.php?doing_wp_cron=1785426611.6723330020904541015625 HTTP/1.1" 200 1 "-" "WordPress/7.0.2; https://sdum-patrol.sch.id"
2a03:2880:f800:20:: - - [30/Jul/2026:22:50:10 +0700] "GET /products/36705361110 HTTP/2.0" 404 157133 "-" "Mozilla/5.0 (Windows NT 10.0; Win64; x64) AppleWebKit/537.36 (KHTML, like Gecko) Chrome/145.0.0.0 Safari/537.36 (compatible; meta-externalagent/1.1 (+https://developers.facebook.com/docs/sharing/webmasters/crawler))"
103.247.8.10 - - [30/Jul/2026:22:51:20 +0700] "POST /wp-cron.php?doing_wp_cron=1785426680.2516660690307617187500 HTTP/1.1" 200 1 "-" "WordPress/7.0.2; https://sdum-patrol.sch.id"
103.247.8.10 - - [30/Jul/2026:22:51:19 +0700] "GET /wp-json/jet-search/v1/get-suggestions?action=get_form_suggestions&data%5Blist_type%5D=popular&data%5Bvalue%5D=&data%5Blimit%5D=20 HTTP/1.1" 200 6 "-" "WordPress/7.0.2; https://sdum-patrol.sch.id"
103.247.8.10 - - [30/Jul/2026:22:51:21 +0700] "POST /wp-cron.php?doing_wp_cron=1785426681.4085609912872314453125 HTTP/1.1" 200 1 "-" "WordPress/7.0.2; https://sdum-patrol.sch.id"
2a03:2880:f800:4:: - - [30/Jul/2026:22:51:17 +0700] "GET /items/P491391983/ HTTP/2.0" 404 157129 "-" "Mozilla/5.0 (Windows NT 10.0; Win64; x64) AppleWebKit/537.36 (KHTML, like Gecko) Chrome/145.0.0.0 Safari/537.36 (compatible; meta-externalagent/1.1 (+https://developers.facebook.com/docs/sharing/webmasters/crawler))"
103.247.8.10 - - [30/Jul/2026:22:52:09 +0700] "GET /wp-json/jet-search/v1/get-suggestions?action=get_form_suggestions&data%5Blist_type%5D=popular&data%5Bvalue%5D=&data%5Blimit%5D=20 HTTP/1.1" 200 6 "-" "WordPress/7.0.2; https://sdum-patrol.sch.id"
40.77.167.48 - - [30/Jul/2026:22:52:07 +0700] "GET /items/B393826317/ HTTP/2.0" 404 18478 "-" "Mozilla/5.0 AppleWebKit/537.36 (KHTML, like Gecko; compatible; bingbot/2.0; +http://www.bing.com/bingbot.htm) Chrome/116.0.1938.76 Safari/537.36"
103.247.8.10 - - [30/Jul/2026:22:52:12 +0700] "GET /wp-json/jet-search/v1/get-suggestions?action=get_form_suggestions&data%5Blist_type%5D=popular&data%5Bvalue%5D=&data%5Blimit%5D=20 HTTP/1.1" 200 6 "-" "WordPress/7.0.2; https://sdum-patrol.sch.id"
40.77.167.235 - - [30/Jul/2026:22:52:12 +0700] "GET /items/Q674406064/ HTTP/2.0" 404 18476 "-" "Mozilla/5.0 AppleWebKit/537.36 (KHTML, like Gecko; compatible; bingbot/2.0; +http://www.bing.com/bingbot.htm) Chrome/116.0.1938.76 Safari/537.36"
103.247.8.10 - - [30/Jul/2026:22:52:14 +0700] "GET /wp-json/jet-search/v1/get-suggestions?action=get_form_suggestions&data%5Blist_type%5D=popular&data%5Bvalue%5D=&data%5Blimit%5D=20 HTTP/1.1" 200 6 "-" "WordPress/7.0.2; https://sdum-patrol.sch.id"
40.77.167.235 - - [30/Jul/2026:22:52:14 +0700] "GET /items/Q446595463/ HTTP/2.0" 404 18476 "-" "Mozilla/5.0 AppleWebKit/537.36 (KHTML, like Gecko; compatible; bingbot/2.0; +http://www.bing.com/bingbot.htm) Chrome/116.0.1938.76 Safari/537.36"
103.247.8.10 - - [30/Jul/2026:22:52:16 +0700] "GET /wp-json/jet-search/v1/get-suggestions?action=get_form_suggestions&data%5Blist_type%5D=popular&data%5Bvalue%5D=&data%5Blimit%5D=20 HTTP/1.1" 200 6 "-" "WordPress/7.0.2; https://sdum-patrol.sch.id"
40.77.167.235 - - [30/Jul/2026:22:52:15 +0700] "GET /items/L356979203/ HTTP/2.0" 404 18475 "-" "Mozilla/5.0 AppleWebKit/537.36 (KHTML, like Gecko; compatible; bingbot/2.0; +http://www.bing.com/bingbot.htm) Chrome/116.0.1938.76 Safari/537.36"
103.247.8.10 - - [30/Jul/2026:22:52:17 +0700] "GET /wp-json/jet-search/v1/get-suggestions?action=get_form_suggestions&data%5Blist_type%5D=popular&data%5Bvalue%5D=&data%5Blimit%5D=20 HTTP/1.1" 200 6 "-" "WordPress/7.0.2; https://sdum-patrol.sch.id"
103.247.8.10 - - [30/Jul/2026:22:52:18 +0700] "GET /wp-json/jet-search/v1/get-suggestions?action=get_form_suggestions&data%5Blist_type%5D=popular&data%5Bvalue%5D=&data%5Blimit%5D=20 HTTP/1.1" 200 6 "-" "WordPress/7.0.2; https://sdum-patrol.sch.id"
52.167.144.216 - - [30/Jul/2026:22:52:17 +0700] "GET /items/C085667247/ HTTP/2.0" 404 18475 "-" "Mozilla/5.0 AppleWebKit/537.36 (KHTML, like Gecko; compatible; bingbot/2.0; +http://www.bing.com/bingbot.htm) Chrome/116.0.1938.76 Safari/537.36"
40.77.167.235 - - [30/Jul/2026:22:52:17 +0700] "GET /items/L355210786/ HTTP/2.0" 404 18475 "-" "Mozilla/5.0 AppleWebKit/537.36 (KHTML, like Gecko; compatible; bingbot/2.0; +http://www.bing.com/bingbot.htm) Chrome/116.0.1938.76 Safari/537.36"
103.247.8.10 - - [30/Jul/2026:22:52:19 +0700] "GET /wp-json/jet-search/v1/get-suggestions?action=get_form_suggestions&data%5Blist_type%5D=popular&data%5Bvalue%5D=&data%5Blimit%5D=20 HTTP/1.1" 200 6 "-" "WordPress/7.0.2; https://sdum-patrol.sch.id"
51.89.129.43 - - [30/Jul/2026:22:52:18 +0700] "GET /items/P493922942/ HTTP/2.0" 404 18477 "-" "Mozilla/5.0 (compatible; AhrefsBot/7.0; +http://ahrefs.com/robot/)"
103.247.8.10 - - [30/Jul/2026:22:52:21 +0700] "GET /wp-json/jet-search/v1/get-suggestions?action=get_form_suggestions&data%5Blist_type%5D=popular&data%5Bvalue%5D=&data%5Blimit%5D=20 HTTP/1.1" 200 6 "-" "WordPress/7.0.2; https://sdum-patrol.sch.id"
103.247.8.10 - - [30/Jul/2026:22:52:21 +0700] "POST /wp-cron.php?doing_wp_cron=1785426741.9607839584350585937500 HTTP/1.1" 200 1 "-" "WordPress/7.0.2; https://sdum-patrol.sch.id"
40.77.167.235 - - [30/Jul/2026:22:52:20 +0700] "GET /items/H634733100/ HTTP/2.0" 404 18477 "-" "Mozilla/5.0 AppleWebKit/537.36 (KHTML, like Gecko; compatible; bingbot/2.0; +http://www.bing.com/bingbot.htm) Chrome/116.0.1938.76 Safari/537.36"
103.247.8.10 - - [30/Jul/2026:22:52:23 +0700] "GET /wp-json/jet-search/v1/get-suggestions?action=get_form_suggestions&data%5Blist_type%5D=popular&data%5Bvalue%5D=&data%5Blimit%5D=20 HTTP/1.1" 200 6 "-" "WordPress/7.0.2; https://sdum-patrol.sch.id"
2a03:2880:f800:18:: - - [30/Jul/2026:22:52:23 +0700] "GET /products/54294941610 HTTP/2.0" 404 157133 "-" "Mozilla/5.0 (Windows NT 10.0; Win64; x64) AppleWebKit/537.36 (KHTML, like Gecko) Chrome/145.0.0.0 Safari/537.36 (compatible; meta-externalagent/1.1 (+https://developers.facebook.com/docs/sharing/webmasters/crawler))"
103.247.8.10 - - [30/Jul/2026:22:53:32 +0700] "POST /wp-cron.php?doing_wp_cron=1785426812.6346840858459472656250 HTTP/1.1" 200 1 "-" "WordPress/7.0.2; https://sdum-patrol.sch.id"
103.247.8.10 - - [30/Jul/2026:22:53:32 +0700] "GET /wp-json/jet-search/v1/get-suggestions?action=get_form_suggestions&data%5Blist_type%5D=popular&data%5Bvalue%5D=&data%5Blimit%5D=20 HTTP/1.1" 200 6 "-" "WordPress/7.0.2; https://sdum-patrol.sch.id"
103.247.8.10 - - [30/Jul/2026:22:53:33 +0700] "POST /wp-cron.php?doing_wp_cron=1785426813.8418719768524169921875 HTTP/1.1" 200 1 "-" "WordPress/7.0.2; https://sdum-patrol.sch.id"
2a03:2880:f800:24:: - - [30/Jul/2026:22:53:30 +0700] "GET /products/36346268948 HTTP/2.0" 404 157133 "-" "Mozilla/5.0 (Windows NT 10.0; Win64; x64) AppleWebKit/537.36 (KHTML, like Gecko) Chrome/145.0.0.0 Safari/537.36 Edg/145.0.0.0 (compatible; meta-externalagent/1.1 (+https://developers.facebook.com/docs/sharing/webmasters/crawler))"
103.247.8.10 - - [30/Jul/2026:22:54:39 +0700] "POST /wp-cron.php?doing_wp_cron=1785426879.4930388927459716796875 HTTP/1.1" 200 1 "-" "WordPress/7.0.2; https://sdum-patrol.sch.id"
103.247.8.10 - - [30/Jul/2026:22:54:39 +0700] "GET /wp-json/jet-search/v1/get-suggestions?action=get_form_suggestions&data%5Blist_type%5D=popular&data%5Bvalue%5D=&data%5Blimit%5D=20 HTTP/1.1" 200 6 "-" "WordPress/7.0.2; https://sdum-patrol.sch.id"
103.247.8.10 - - [30/Jul/2026:22:54:40 +0700] "POST /wp-cron.php?doing_wp_cron=1785426880.6693530082702636718750 HTTP/1.1" 200 1 "-" "WordPress/7.0.2; https://sdum-patrol.sch.id"
2a03:2880:f800:1c:: - - [30/Jul/2026:22:54:37 +0700] "GET /items/P497360279/ HTTP/2.0" 404 157129 "-" "Mozilla/5.0 (X11; Ubuntu; Linux x86_64; rv:147.0) Gecko/20100101 Firefox/147.0 (compatible; meta-externalagent/1.1 (+https://developers.facebook.com/docs/sharing/webmasters/crawler))"
103.247.8.10 - - [30/Jul/2026:22:55:24 +0700] "POST /wp-cron.php?doing_wp_cron=1785426924.0684049129486083984375 HTTP/1.1" 200 1 "-" "WordPress/7.0.2; https://sdum-patrol.sch.id"
103.247.8.10 - - [30/Jul/2026:22:55:23 +0700] "GET /wp-json/jet-search/v1/get-suggestions?action=get_form_suggestions&data%5Blist_type%5D=popular&data%5Bvalue%5D=&data%5Blimit%5D=20 HTTP/1.1" 200 6 "-" "WordPress/7.0.2; https://sdum-patrol.sch.id"
103.247.8.10 - - [30/Jul/2026:22:55:25 +0700] "POST /wp-cron.php?doing_wp_cron=1785426925.3076980113983154296875 HTTP/1.1" 200 1 "-" "WordPress/7.0.2; https://sdum-patrol.sch.id"
198.244.226.206 - - [30/Jul/2026:22:55:21 +0700] "GET /items/P492870107/ HTTP/2.0" 404 18476 "-" "Mozilla/5.0 (compatible; AhrefsBot/7.0; +http://ahrefs.com/robot/)"
2a03:2880:f800:4:: - - [30/Jul/2026:22:55:43 +0700] "GET /items/P494308478/ HTTP/2.0" 429 267 "-" "Mozilla/5.0 (Macintosh; Intel Mac OS X 10_15_7) AppleWebKit/537.36 (KHTML, like Gecko) Chrome/145.0.0.0 Safari/537.36 (compatible; meta-externalagent/1.1 (+https://developers.facebook.com/docs/sharing/webmasters/crawler))"
40.77.167.149 - - [30/Jul/2026:22:55:50 +0700] "GET /account.php/?cate-24-62 HTTP/2.0" 200 1 "-" "Mozilla/5.0 AppleWebKit/537.36 (KHTML, like Gecko; compatible; bingbot/2.0; +http://www.bing.com/bingbot.htm) Chrome/116.0.1938.76 Safari/537.36"
103.247.8.10 - - [30/Jul/2026:22:55:53 +0700] "GET /wp-json/jet-search/v1/get-suggestions?action=get_form_suggestions&data%5Blist_type%5D=popular&data%5Bvalue%5D=&data%5Blimit%5D=20 HTTP/1.1" 200 6 "-" "WordPress/7.0.2; https://sdum-patrol.sch.id"
40.77.167.149 - - [30/Jul/2026:22:55:53 +0700] "GET /items/B051011711/ HTTP/2.0" 404 18476 "-" "Mozilla/5.0 AppleWebKit/537.36 (KHTML, like Gecko; compatible; bingbot/2.0; +http://www.bing.com/bingbot.htm) Chrome/116.0.1938.76 Safari/537.36"
103.247.8.10 - - [30/Jul/2026:22:55:57 +0700] "GET /wp-json/jet-search/v1/get-suggestions?action=get_form_suggestions&data%5Blist_type%5D=popular&data%5Bvalue%5D=&data%5Blimit%5D=20 HTTP/1.1" 200 6 "-" "WordPress/7.0.2; https://sdum-patrol.sch.id"
40.77.167.149 - - [30/Jul/2026:22:55:57 +0700] "GET /items/Y736964537/ HTTP/2.0" 404 18476 "-" "Mozilla/5.0 AppleWebKit/537.36 (KHTML, like Gecko; compatible; bingbot/2.0; +http://www.bing.com/bingbot.htm) Chrome/116.0.1938.76 Safari/537.36"
103.247.8.10 - - [30/Jul/2026:22:55:59 +0700] "GET /wp-json/jet-search/v1/get-suggestions?action=get_form_suggestions&data%5Blist_type%5D=popular&data%5Bvalue%5D=&data%5Blimit%5D=20 HTTP/1.1" 200 6 "-" "WordPress/7.0.2; https://sdum-patrol.sch.id"
40.77.167.235 - - [30/Jul/2026:22:55:59 +0700] "GET /items/Q627234154/ HTTP/2.0" 404 18478 "-" "Mozilla/5.0 AppleWebKit/537.36 (KHTML, like Gecko; compatible; bingbot/2.0; +http://www.bing.com/bingbot.htm) Chrome/116.0.1938.76 Safari/537.36"
103.247.8.10 - - [30/Jul/2026:22:56:05 +0700] "GET /wp-json/jet-search/v1/get-suggestions?action=get_form_suggestions&data%5Blist_type%5D=popular&data%5Bvalue%5D=&data%5Blimit%5D=20 HTTP/1.1" 200 6 "-" "WordPress/7.0.2; https://sdum-patrol.sch.id"
103.247.8.10 - - [30/Jul/2026:22:56:10 +0700] "GET /wp-json/jet-search/v1/get-suggestions?action=get_form_suggestions&data%5Blist_type%5D=popular&data%5Bvalue%5D=&data%5Blimit%5D=20 HTTP/1.1" 200 6 "-" "WordPress/7.0.2; https://sdum-patrol.sch.id"
66.249.66.195 - - [30/Jul/2026:22:56:09 +0700] "GET /products/32069155351 HTTP/1.1" 404 18482 "-" "Mozilla/5.0 (Linux; Android 6.0.1; Nexus 5X Build/MMB29P) AppleWebKit/537.36 (KHTML, like Gecko) Chrome/150.0.7871.186 Mobile Safari/537.36 (compatible; Googlebot/2.1; +http://www.google.com/bot.html)"
103.247.8.10 - - [30/Jul/2026:22:56:55 +0700] "POST /wp-cron.php?doing_wp_cron=1785427015.2305541038513183593750 HTTP/1.1" 200 1 "-" "WordPress/7.0.2; https://sdum-patrol.sch.id"
103.247.8.10 - - [30/Jul/2026:22:56:55 +0700] "POST /wp-cron.php?doing_wp_cron=1785427015.2307128906250000000000 HTTP/1.1" 200 1 "-" "WordPress/7.0.2; https://sdum-patrol.sch.id"
103.247.8.10 - - [30/Jul/2026:22:56:54 +0700] "GET /wp-json/jet-search/v1/get-suggestions?action=get_form_suggestions&data%5Blist_type%5D=popular&data%5Bvalue%5D=&data%5Blimit%5D=20 HTTP/1.1" 200 6 "-" "WordPress/7.0.2; https://sdum-patrol.sch.id"
103.247.8.10 - - [30/Jul/2026:22:56:54 +0700] "GET /wp-json/jet-search/v1/get-suggestions?action=get_form_suggestions&data%5Blist_type%5D=popular&data%5Bvalue%5D=&data%5Blimit%5D=20 HTTP/1.1" 200 6 "-" "WordPress/7.0.2; https://sdum-patrol.sch.id"
103.247.8.10 - - [30/Jul/2026:22:56:57 +0700] "POST /wp-cron.php?doing_wp_cron=1785427017.8087060451507568359375 HTTP/1.1" 200 1 "-" "WordPress/7.0.2; https://sdum-patrol.sch.id"
198.244.240.238 - - [30/Jul/2026:22:56:51 +0700] "GET /items/P491381710/ HTTP/2.0" 404 18475 "-" "Mozilla/5.0 (compatible; AhrefsBot/7.0; +http://ahrefs.com/robot/)"
103.247.8.10 - - [30/Jul/2026:22:56:57 +0700] "POST /wp-cron.php?doing_wp_cron=1785427017.8973889350891113281250 HTTP/1.1" 200 1 "-" "WordPress/7.0.2; https://sdum-patrol.sch.id"
2a03:2880:f800:43:: - - [30/Jul/2026:22:56:51 +0700] "GET /items/P496108754/ HTTP/2.0" 404 157129 "-" "Mozilla/5.0 (X11; Linux x86_64) AppleWebKit/537.36 (KHTML, like Gecko) Chrome/145.0.0.0 Safari/537.36 (compatible; meta-externalagent/1.1 (+https://developers.facebook.com/docs/sharing/webmasters/crawler))"
103.247.8.10 - - [30/Jul/2026:22:57:29 +0700] "POST /wp-cron.php?doing_wp_cron=1785427049.8573930263519287109375 HTTP/1.1" 200 1 "-" "WordPress/7.0.2; https://sdum-patrol.sch.id"
103.247.8.10 - - [30/Jul/2026:22:57:29 +0700] "GET /wp-json/jet-search/v1/get-suggestions?action=get_form_suggestions&data%5Blist_type%5D=popular&data%5Bvalue%5D=&data%5Blimit%5D=20 HTTP/1.1" 200 6 "-" "WordPress/7.0.2; https://sdum-patrol.sch.id"
40.77.167.235 - - [30/Jul/2026:22:57:29 +0700] "GET /account.php/?cate-155-164 HTTP/2.0" 200 1 "-" "Mozilla/5.0 AppleWebKit/537.36 (KHTML, like Gecko; compatible; bingbot/2.0; +http://www.bing.com/bingbot.htm) Chrome/116.0.1938.76 Safari/537.36"
103.247.8.10 - - [30/Jul/2026:22:57:30 +0700] "POST /wp-cron.php?doing_wp_cron=1785427050.8870859146118164062500 HTTP/1.1" 200 1 "-" "WordPress/7.0.2; https://sdum-patrol.sch.id"
40.77.167.149 - - [30/Jul/2026:22:57:29 +0700] "GET /items/L356430148/ HTTP/2.0" 404 18477 "-" "Mozilla/5.0 AppleWebKit/537.36 (KHTML, like Gecko; compatible; bingbot/2.0; +http://www.bing.com/bingbot.htm) Chrome/116.0.1938.76 Safari/537.36"
103.247.8.10 - - [30/Jul/2026:22:57:33 +0700] "GET /wp-json/jet-search/v1/get-suggestions?action=get_form_suggestions&data%5Blist_type%5D=popular&data%5Bvalue%5D=&data%5Blimit%5D=20 HTTP/1.1" 200 6 "-" "WordPress/7.0.2; https://sdum-patrol.sch.id"
40.77.167.48 - - [30/Jul/2026:22:57:33 +0700] "GET /items/I411541439/ HTTP/2.0" 404 18475 "-" "Mozilla/5.0 AppleWebKit/537.36 (KHTML, like Gecko; compatible; bingbot/2.0; +http://www.bing.com/bingbot.htm) Chrome/116.0.1938.76 Safari/537.36"
103.247.8.10 - - [30/Jul/2026:22:57:35 +0700] "GET /wp-json/jet-search/v1/get-suggestions?action=get_form_suggestions&data%5Blist_type%5D=popular&data%5Bvalue%5D=&data%5Blimit%5D=20 HTTP/1.1" 200 6 "-" "WordPress/7.0.2; https://sdum-patrol.sch.id"
40.77.167.149 - - [30/Jul/2026:22:57:34 +0700] "GET /items/P755239533/ HTTP/2.0" 404 18475 "-" "Mozilla/5.0 AppleWebKit/537.36 (KHTML, like Gecko; compatible; bingbot/2.0; +http://www.bing.com/bingbot.htm) Chrome/116.0.1938.76 Safari/537.36"
103.247.8.10 - - [30/Jul/2026:22:57:36 +0700] "GET /wp-json/jet-search/v1/get-suggestions?action=get_form_suggestions&data%5Blist_type%5D=popular&data%5Bvalue%5D=&data%5Blimit%5D=20 HTTP/1.1" 200 6 "-" "WordPress/7.0.2; https://sdum-patrol.sch.id"
51.195.244.14 - - [30/Jul/2026:22:57:36 +0700] "GET /items/P497321118/ HTTP/2.0" 404 18475 "-" "Mozilla/5.0 (compatible; AhrefsBot/7.0; +http://ahrefs.com/robot/)"
103.247.8.10 - - [30/Jul/2026:22:57:52 +0700] "GET /wp-json/jet-search/v1/get-suggestions?action=get_form_suggestions&data%5Blist_type%5D=popular&data%5Bvalue%5D=&data%5Blimit%5D=20 HTTP/1.1" 200 6 "-" "WordPress/7.0.2; https://sdum-patrol.sch.id"
66.249.66.194 - - [30/Jul/2026:22:57:52 +0700] "GET /products/14298061574 HTTP/1.1" 404 18481 "-" "Mozilla/5.0 (Linux; Android 6.0.1; Nexus 5X Build/MMB29P) AppleWebKit/537.36 (KHTML, like Gecko) Chrome/150.0.7871.186 Mobile Safari/537.36 (compatible; Googlebot/2.1; +http://www.google.com/bot.html)"
103.247.8.10 - - [30/Jul/2026:22:57:57 +0700] "GET /wp-json/jet-search/v1/get-suggestions?action=get_form_suggestions&data%5Blist_type%5D=popular&data%5Bvalue%5D=&data%5Blimit%5D=20 HTTP/1.1" 200 6 "-" "WordPress/7.0.2; https://sdum-patrol.sch.id"
103.247.8.10 - - [30/Jul/2026:22:57:58 +0700] "GET /wp-json/jet-search/v1/get-suggestions?action=get_form_suggestions&data%5Blist_type%5D=popular&data%5Bvalue%5D=&data%5Blimit%5D=20 HTTP/1.1" 200 6 "-" "WordPress/7.0.2; https://sdum-patrol.sch.id"
2a03:2880:f800:8:: - - [30/Jul/2026:22:57:57 +0700] "GET /items/P494303762/ HTTP/2.0" 404 157129 "-" "Mozilla/5.0 (Windows NT 10.0; Win64; x64) AppleWebKit/537.36 (KHTML, like Gecko) Chrome/145.0.0.0 Safari/537.36 (compatible; meta-externalagent/1.1 (+https://developers.facebook.com/docs/sharing/webmasters/crawler))"
34.62.15.61 - - [30/Jul/2026:22:57:57 +0700] "GET / HTTP/1.1" 200 453240 "-" "Mozilla/5.0 (Windows NT 10.0; Win64; x64) AppleWebKit/537.36 (KHTML, like Gecko) Chrome/78.0.3904.108 Safari/537.36"
34.62.15.61 - - [30/Jul/2026:22:58:03 +0700] "GET //wp-includes/wlwmanifest.xml HTTP/1.1" 301 - "-" "Mozilla/5.0 (Windows NT 10.0; Win64; x64) AppleWebKit/537.36 (KHTML, like Gecko) Chrome/78.0.3904.108 Safari/537.36"
34.62.15.61 - - [30/Jul/2026:22:58:04 +0700] "GET //xmlrpc.php?rsd HTTP/1.1" 301 - "-" "Mozilla/5.0 (Windows NT 10.0; Win64; x64) AppleWebKit/537.36 (KHTML, like Gecko) Chrome/78.0.3904.108 Safari/537.36"
103.247.8.10 - - [30/Jul/2026:22:58:05 +0700] "GET /wp-json/jet-search/v1/get-suggestions?action=get_form_suggestions&data%5Blist_type%5D=popular&data%5Bvalue%5D=&data%5Blimit%5D=20 HTTP/1.1" 200 6 "-" "WordPress/7.0.2; https://sdum-patrol.sch.id"
34.62.15.61 - - [30/Jul/2026:22:58:04 +0700] "GET / HTTP/1.1" 200 453240 "-" "Mozilla/5.0 (Windows NT 10.0; Win64; x64) AppleWebKit/537.36 (KHTML, like Gecko) Chrome/78.0.3904.108 Safari/537.36"
34.62.15.61 - - [30/Jul/2026:22:58:10 +0700] "GET //?author=1 HTTP/1.1" 301 - "-" "Mozilla/5.0 (Windows NT 10.0; Win64; x64) AppleWebKit/537.36 (KHTML, like Gecko) Chrome/78.0.3904.108 Safari/537.36"
34.62.15.61 - - [30/Jul/2026:22:58:11 +0700] "GET //?author=2 HTTP/1.1" 301 - "-" "Mozilla/5.0 (Windows NT 10.0; Win64; x64) AppleWebKit/537.36 (KHTML, like Gecko) Chrome/78.0.3904.108 Safari/537.36"
34.62.15.61 - - [30/Jul/2026:22:58:11 +0700] "GET //wp-json/wp/v2/users/ HTTP/1.1" 200 1471 "-" "Mozilla/5.0 (Windows NT 10.0; Win64; x64) AppleWebKit/537.36 (KHTML, like Gecko) Chrome/78.0.3904.108 Safari/537.36"
