103.247.8.10 - - [30/Jul/2026:19:14:20 +0700] "POST /wp-cron.php?doing_wp_cron=1785413660.5999290943145751953125 HTTP/1.1" 200 1 "-" "WordPress/7.0.2; https://sdum-patrol.sch.id"
40.77.167.22 - - [30/Jul/2026:19:13:56 +0700] "GET /items/E536317362/ HTTP/2.0" 404 18465 "-" "Mozilla/5.0 AppleWebKit/537.36 (KHTML, like Gecko; compatible; bingbot/2.0; +http://www.bing.com/bingbot.htm) Chrome/116.0.1938.76 Safari/537.36"
103.247.8.10 - - [30/Jul/2026:19:14:23 +0700] "POST /wp-cron.php?doing_wp_cron=1785413662.7994689941406250000000 HTTP/1.1" 200 1 "-" "WordPress/7.0.2; https://sdum-patrol.sch.id"
103.247.8.10 - - [30/Jul/2026:19:14:24 +0700] "POST /wp-cron.php?doing_wp_cron=1785413664.2993230819702148437500 HTTP/1.1" 200 1 "-" "WordPress/7.0.2; https://sdum-patrol.sch.id"
198.244.226.194 - - [30/Jul/2026:19:13:56 +0700] "GET /items/P497296450/ HTTP/2.0" 404 - "-" "Mozilla/5.0 (compatible; AhrefsBot/7.0; +http://ahrefs.com/robot/)"
103.247.8.10 - - [30/Jul/2026:19:14:28 +0700] "POST /wp-cron.php?doing_wp_cron=1785413667.9998159408569335937500 HTTP/1.1" 200 1 "-" "WordPress/7.0.2; https://sdum-patrol.sch.id"
103.247.8.10 - - [30/Jul/2026:19:14:27 +0700] "POST /wp-cron.php?doing_wp_cron=1785413666.8098869323730468750000 HTTP/1.1" 200 1 "-" "WordPress/7.0.2; https://sdum-patrol.sch.id"
103.247.8.10 - - [30/Jul/2026:19:14:19 +0700] "GET /wp-json/jet-search/v1/get-suggestions?action=get_form_suggestions&data%5Blist_type%5D=popular&data%5Bvalue%5D=&data%5Blimit%5D=20 HTTP/1.1" 200 6 "-" "WordPress/7.0.2; https://sdum-patrol.sch.id"
103.247.8.10 - - [30/Jul/2026:19:14:30 +0700] "POST /wp-cron.php?doing_wp_cron=1785413670.2030088901519775390625 HTTP/1.1" 200 1 "-" "WordPress/7.0.2; https://sdum-patrol.sch.id"
198.244.242.232 - - [30/Jul/2026:19:13:57 +0700] "GET /items/P497165002/ HTTP/2.0" 404 - "-" "Mozilla/5.0 (compatible; AhrefsBot/7.0; +http://ahrefs.com/robot/)"
103.247.8.10 - - [30/Jul/2026:19:14:22 +0700] "GET /wp-json/jet-search/v1/get-suggestions?action=get_form_suggestions&data%5Blist_type%5D=popular&data%5Bvalue%5D=&data%5Blimit%5D=20 HTTP/1.1" 200 6 "-" "WordPress/7.0.2; https://sdum-patrol.sch.id"
103.247.8.10 - - [30/Jul/2026:19:14:24 +0700] "GET /wp-json/jet-search/v1/get-suggestions?action=get_form_suggestions&data%5Blist_type%5D=popular&data%5Bvalue%5D=&data%5Blimit%5D=20 HTTP/1.1" 200 6 "-" "WordPress/7.0.2; https://sdum-patrol.sch.id"
103.247.8.10 - - [30/Jul/2026:19:14:27 +0700] "GET /wp-json/jet-search/v1/get-suggestions?action=get_form_suggestions&data%5Blist_type%5D=popular&data%5Bvalue%5D=&data%5Blimit%5D=20 HTTP/1.1" 200 6 "-" "WordPress/7.0.2; https://sdum-patrol.sch.id"
51.195.183.46 - - [30/Jul/2026:19:14:00 +0700] "GET /items/P496974506/ HTTP/2.0" 404 - "-" "Mozilla/5.0 (compatible; AhrefsBot/7.0; +http://ahrefs.com/robot/)"
103.247.8.10 - - [30/Jul/2026:19:14:34 +0700] "GET /wp-json/jet-search/v1/get-suggestions?action=get_form_suggestions&data%5Blist_type%5D=popular&data%5Bvalue%5D=&data%5Blimit%5D=20 HTTP/1.1" 200 6 "-" "WordPress/7.0.2; https://sdum-patrol.sch.id"
198.244.242.62 - - [30/Jul/2026:19:14:02 +0700] "GET /items/P496969431/ HTTP/2.0" 404 - "-" "Mozilla/5.0 (compatible; AhrefsBot/7.0; +http://ahrefs.com/robot/)"
51.195.215.74 - - [30/Jul/2026:19:14:05 +0700] "GET /items/P495333661/ HTTP/2.0" 404 - "-" "Mozilla/5.0 (compatible; AhrefsBot/7.0; +http://ahrefs.com/robot/)"
198.244.240.64 - - [30/Jul/2026:19:14:10 +0700] "GET /items/P495163338/ HTTP/2.0" 404 18466 "-" "Mozilla/5.0 (compatible; AhrefsBot/7.0; +http://ahrefs.com/robot/)"
198.244.240.243 - - [30/Jul/2026:19:14:30 +0700] "GET /items/P495125968/ HTTP/2.0" 404 18476 "-" "Mozilla/5.0 (compatible; AhrefsBot/7.0; +http://ahrefs.com/robot/)"
103.247.8.10 - - [30/Jul/2026:19:14:37 +0700] "GET /wp-json/jet-search/v1/get-suggestions?action=get_form_suggestions&data%5Blist_type%5D=popular&data%5Bvalue%5D=&data%5Blimit%5D=20 HTTP/1.1" 200 6 "-" "WordPress/7.0.2; https://sdum-patrol.sch.id"
103.247.8.10 - - [30/Jul/2026:19:14:38 +0700] "GET /wp-json/jet-search/v1/get-suggestions?action=get_form_suggestions&data%5Blist_type%5D=popular&data%5Bvalue%5D=&data%5Blimit%5D=20 HTTP/1.1" 200 6 "-" "WordPress/7.0.2; https://sdum-patrol.sch.id"
40.77.167.22 - - [30/Jul/2026:19:14:37 +0700] "GET /items/B732846914/ HTTP/2.0" 404 18476 "-" "Mozilla/5.0 AppleWebKit/537.36 (KHTML, like Gecko; compatible; bingbot/2.0; +http://www.bing.com/bingbot.htm) Chrome/116.0.1938.76 Safari/537.36"
2a03:2880:f800:1a:: - - [30/Jul/2026:19:14:37 +0700] "GET /products/63652934330 HTTP/2.0" 404 157133 "-" "Mozilla/5.0 (Macintosh; Intel Mac OS X 10_15_7) AppleWebKit/537.36 (KHTML, like Gecko) Chrome/145.0.0.0 Safari/537.36 (compatible; meta-externalagent/1.1 (+https://developers.facebook.com/docs/sharing/webmasters/crawler))"
103.247.8.10 - - [30/Jul/2026:19:15:46 +0700] "POST /wp-cron.php?doing_wp_cron=1785413746.8542621135711669921875 HTTP/1.1" 200 1 "-" "WordPress/7.0.2; https://sdum-patrol.sch.id"
103.247.8.10 - - [30/Jul/2026:19:15:46 +0700] "GET /wp-json/jet-search/v1/get-suggestions?action=get_form_suggestions&data%5Blist_type%5D=popular&data%5Bvalue%5D=&data%5Blimit%5D=20 HTTP/1.1" 200 6 "-" "WordPress/7.0.2; https://sdum-patrol.sch.id"
103.247.8.10 - - [30/Jul/2026:19:15:48 +0700] "POST /wp-cron.php?doing_wp_cron=1785413748.0605421066284179687500 HTTP/1.1" 200 1 "-" "WordPress/7.0.2; https://sdum-patrol.sch.id"
2a03:2880:f800:2:: - - [30/Jul/2026:19:15:44 +0700] "GET /products/46190715637 HTTP/2.0" 404 157133 "-" "Mozilla/5.0 (Macintosh; Intel Mac OS X 10_15_7) AppleWebKit/537.36 (KHTML, like Gecko) Chrome/145.0.0.0 Safari/537.36 (compatible; meta-externalagent/1.1 (+https://developers.facebook.com/docs/sharing/webmasters/crawler))"
103.247.8.10 - - [30/Jul/2026:19:16:00 +0700] "GET /wp-json/jet-search/v1/get-suggestions?action=get_form_suggestions&data%5Blist_type%5D=popular&data%5Bvalue%5D=&data%5Blimit%5D=20 HTTP/1.1" 200 6 "-" "WordPress/7.0.2; https://sdum-patrol.sch.id"
40.77.167.22 - - [30/Jul/2026:19:16:00 +0700] "GET /items/C164216472/ HTTP/2.0" 404 18477 "-" "Mozilla/5.0 AppleWebKit/537.36 (KHTML, like Gecko; compatible; bingbot/2.0; +http://www.bing.com/bingbot.htm) Chrome/116.0.1938.76 Safari/537.36"
103.247.8.10 - - [30/Jul/2026:19:16:17 +0700] "GET /wp-json/jet-search/v1/get-suggestions?action=get_form_suggestions&data%5Blist_type%5D=popular&data%5Bvalue%5D=&data%5Blimit%5D=20 HTTP/1.1" 200 6 "-" "WordPress/7.0.2; https://sdum-patrol.sch.id"
52.167.144.231 - - [30/Jul/2026:19:16:17 +0700] "GET /items/D915293745/ HTTP/2.0" 404 18476 "-" "Mozilla/5.0 AppleWebKit/537.36 (KHTML, like Gecko; compatible; bingbot/2.0; +http://www.bing.com/bingbot.htm) Chrome/116.0.1938.76 Safari/537.36"
103.247.8.10 - - [30/Jul/2026:19:16:19 +0700] "GET /wp-json/jet-search/v1/get-suggestions?action=get_form_suggestions&data%5Blist_type%5D=popular&data%5Bvalue%5D=&data%5Blimit%5D=20 HTTP/1.1" 200 6 "-" "WordPress/7.0.2; https://sdum-patrol.sch.id"
52.167.144.231 - - [30/Jul/2026:19:16:19 +0700] "GET /items/Q152207241/ HTTP/2.0" 404 18478 "-" "Mozilla/5.0 AppleWebKit/537.36 (KHTML, like Gecko; compatible; bingbot/2.0; +http://www.bing.com/bingbot.htm) Chrome/116.0.1938.76 Safari/537.36"
103.247.8.10 - - [30/Jul/2026:19:16:21 +0700] "GET /wp-json/jet-search/v1/get-suggestions?action=get_form_suggestions&data%5Blist_type%5D=popular&data%5Bvalue%5D=&data%5Blimit%5D=20 HTTP/1.1" 200 6 "-" "WordPress/7.0.2; https://sdum-patrol.sch.id"
52.167.144.231 - - [30/Jul/2026:19:16:21 +0700] "GET /items/F125912812/ HTTP/2.0" 404 18477 "-" "Mozilla/5.0 AppleWebKit/537.36 (KHTML, like Gecko; compatible; bingbot/2.0; +http://www.bing.com/bingbot.htm) Chrome/116.0.1938.76 Safari/537.36"
103.247.8.10 - - [30/Jul/2026:19:16:28 +0700] "GET /wp-json/jet-search/v1/get-suggestions?action=get_form_suggestions&data%5Blist_type%5D=popular&data%5Bvalue%5D=&data%5Blimit%5D=20 HTTP/1.1" 200 6 "-" "WordPress/7.0.2; https://sdum-patrol.sch.id"
40.77.167.22 - - [30/Jul/2026:19:16:27 +0700] "GET /items/F741399996/ HTTP/2.0" 404 18476 "-" "Mozilla/5.0 AppleWebKit/537.36 (KHTML, like Gecko; compatible; bingbot/2.0; +http://www.bing.com/bingbot.htm) Chrome/116.0.1938.76 Safari/537.36"
103.247.8.10 - - [30/Jul/2026:19:16:49 +0700] "POST /wp-cron.php?doing_wp_cron=1785413809.6598529815673828125000 HTTP/1.1" 200 1 "-" "WordPress/7.0.2; https://sdum-patrol.sch.id"
103.247.8.10 - - [30/Jul/2026:19:16:49 +0700] "GET /wp-json/jet-search/v1/get-suggestions?action=get_form_suggestions&data%5Blist_type%5D=popular&data%5Bvalue%5D=&data%5Blimit%5D=20 HTTP/1.1" 200 6 "-" "WordPress/7.0.2; https://sdum-patrol.sch.id"
103.247.8.10 - - [30/Jul/2026:19:16:50 +0700] "POST /wp-cron.php?doing_wp_cron=1785413810.5915169715881347656250 HTTP/1.1" 200 1 "-" "WordPress/7.0.2; https://sdum-patrol.sch.id"
2a03:2880:f800:32:: - - [30/Jul/2026:19:16:49 +0700] "GET /items/P493019636/ HTTP/2.0" 404 157129 "-" "Mozilla/5.0 (Windows NT 10.0; Win64; x64) AppleWebKit/537.36 (KHTML, like Gecko) Chrome/145.0.0.0 Safari/537.36 (compatible; meta-externalagent/1.1 (+https://developers.facebook.com/docs/sharing/webmasters/crawler))"
103.247.8.10 - - [30/Jul/2026:19:17:58 +0700] "POST /wp-cron.php?doing_wp_cron=1785413878.9248020648956298828125 HTTP/1.1" 200 1 "-" "WordPress/7.0.2; https://sdum-patrol.sch.id"
103.247.8.10 - - [30/Jul/2026:19:17:58 +0700] "GET /wp-json/jet-search/v1/get-suggestions?action=get_form_suggestions&data%5Blist_type%5D=popular&data%5Bvalue%5D=&data%5Blimit%5D=20 HTTP/1.1" 200 6 "-" "WordPress/7.0.2; https://sdum-patrol.sch.id"
103.247.8.10 - - [30/Jul/2026:19:18:00 +0700] "POST /wp-cron.php?doing_wp_cron=1785413880.1763310432434082031250 HTTP/1.1" 200 1 "-" "WordPress/7.0.2; https://sdum-patrol.sch.id"
2a03:2880:f800:2a:: - - [30/Jul/2026:19:17:56 +0700] "GET /items/P493019636/ HTTP/2.0" 404 157129 "-" "Mozilla/5.0 (Windows NT 10.0; Win64; x64) AppleWebKit/537.36 (KHTML, like Gecko) Chrome/145.0.0.0 Safari/537.36 (compatible; meta-externalagent/1.1 (+https://developers.facebook.com/docs/sharing/webmasters/crawler))"
103.247.8.10 - - [30/Jul/2026:19:18:20 +0700] "GET /wp-json/jet-search/v1/get-suggestions?action=get_form_suggestions&data%5Blist_type%5D=popular&data%5Bvalue%5D=&data%5Blimit%5D=20 HTTP/1.1" 200 6 "-" "WordPress/7.0.2; https://sdum-patrol.sch.id"
40.77.167.61 - - [30/Jul/2026:19:18:19 +0700] "GET /cate-36-295 HTTP/2.0" 404 18473 "-" "Mozilla/5.0 AppleWebKit/537.36 (KHTML, like Gecko; compatible; bingbot/2.0; +http://www.bing.com/bingbot.htm) Chrome/116.0.1938.76 Safari/537.36"
103.247.8.10 - - [30/Jul/2026:19:18:22 +0700] "GET /wp-json/jet-search/v1/get-suggestions?action=get_form_suggestions&data%5Blist_type%5D=popular&data%5Bvalue%5D=&data%5Blimit%5D=20 HTTP/1.1" 200 6 "-" "WordPress/7.0.2; https://sdum-patrol.sch.id"
40.77.167.61 - - [30/Jul/2026:19:18:22 +0700] "GET /items/E682337523/ HTTP/2.0" 404 18475 "-" "Mozilla/5.0 AppleWebKit/537.36 (KHTML, like Gecko; compatible; bingbot/2.0; +http://www.bing.com/bingbot.htm) Chrome/116.0.1938.76 Safari/537.36"
103.247.8.10 - - [30/Jul/2026:19:18:27 +0700] "GET /wp-json/jet-search/v1/get-suggestions?action=get_form_suggestions&data%5Blist_type%5D=popular&data%5Bvalue%5D=&data%5Blimit%5D=20 HTTP/1.1" 200 6 "-" "WordPress/7.0.2; https://sdum-patrol.sch.id"
52.167.144.231 - - [30/Jul/2026:19:18:27 +0700] "GET /items/J055958718/ HTTP/2.0" 404 18476 "-" "Mozilla/5.0 AppleWebKit/537.36 (KHTML, like Gecko; compatible; bingbot/2.0; +http://www.bing.com/bingbot.htm) Chrome/116.0.1938.76 Safari/537.36"
103.247.8.10 - - [30/Jul/2026:19:18:38 +0700] "GET /wp-json/jet-search/v1/get-suggestions?action=get_form_suggestions&data%5Blist_type%5D=popular&data%5Bvalue%5D=&data%5Blimit%5D=20 HTTP/1.1" 200 6 "-" "WordPress/7.0.2; https://sdum-patrol.sch.id"
52.167.144.180 - - [30/Jul/2026:19:18:37 +0700] "GET /items/A064592793/ HTTP/2.0" 404 18476 "-" "Mozilla/5.0 AppleWebKit/537.36 (KHTML, like Gecko; compatible; bingbot/2.0; +http://www.bing.com/bingbot.htm) Chrome/116.0.1938.76 Safari/537.36"
103.247.8.10 - - [30/Jul/2026:19:19:04 +0700] "POST /wp-cron.php?doing_wp_cron=1785413944.5485930442810058593750 HTTP/1.1" 200 1 "-" "WordPress/7.0.2; https://sdum-patrol.sch.id"
103.247.8.10 - - [30/Jul/2026:19:19:04 +0700] "GET /wp-json/jet-search/v1/get-suggestions?action=get_form_suggestions&data%5Blist_type%5D=popular&data%5Bvalue%5D=&data%5Blimit%5D=20 HTTP/1.1" 200 6 "-" "WordPress/7.0.2; https://sdum-patrol.sch.id"
103.247.8.10 - - [30/Jul/2026:19:19:05 +0700] "POST /wp-cron.php?doing_wp_cron=1785413945.4287409782409667968750 HTTP/1.1" 200 1 "-" "WordPress/7.0.2; https://sdum-patrol.sch.id"
2a03:2880:f800:13:: - - [30/Jul/2026:19:19:03 +0700] "GET /items/P494099260/ HTTP/2.0" 404 157129 "-" "Mozilla/5.0 (Macintosh; Intel Mac OS X 10_15_7) AppleWebKit/537.36 (KHTML, like Gecko) Chrome/145.0.0.0 Safari/537.36 (compatible; meta-externalagent/1.1 (+https://developers.facebook.com/docs/sharing/webmasters/crawler))"
103.247.8.10 - - [30/Jul/2026:19:19:16 +0700] "GET /wp-json/jet-search/v1/get-suggestions?action=get_form_suggestions&data%5Blist_type%5D=popular&data%5Bvalue%5D=&data%5Blimit%5D=20 HTTP/1.1" 200 6 "-" "WordPress/7.0.2; https://sdum-patrol.sch.id"
66.249.66.194 - - [30/Jul/2026:19:19:16 +0700] "GET /products/22544995566 HTTP/1.1" 404 18481 "-" "Mozilla/5.0 (Linux; Android 6.0.1; Nexus 5X Build/MMB29P) AppleWebKit/537.36 (KHTML, like Gecko) Chrome/150.0.7871.186 Mobile Safari/537.36 (compatible; Googlebot/2.1; +http://www.google.com/bot.html)"
103.247.8.10 - - [30/Jul/2026:19:20:12 +0700] "POST /wp-cron.php?doing_wp_cron=1785414012.3890349864959716796875 HTTP/1.1" 200 1 "-" "WordPress/7.0.2; https://sdum-patrol.sch.id"
103.247.8.10 - - [30/Jul/2026:19:20:12 +0700] "GET /wp-json/jet-search/v1/get-suggestions?action=get_form_suggestions&data%5Blist_type%5D=popular&data%5Bvalue%5D=&data%5Blimit%5D=20 HTTP/1.1" 200 6 "-" "WordPress/7.0.2; https://sdum-patrol.sch.id"
103.247.8.10 - - [30/Jul/2026:19:20:13 +0700] "POST /wp-cron.php?doing_wp_cron=1785414013.7398979663848876953125 HTTP/1.1" 200 1 "-" "WordPress/7.0.2; https://sdum-patrol.sch.id"
2a03:2880:f800:6:: - - [30/Jul/2026:19:20:09 +0700] "GET /items/P495923900/ HTTP/2.0" 404 157129 "-" "Mozilla/5.0 (Macintosh; Intel Mac OS X 10_15_7) AppleWebKit/537.36 (KHTML, like Gecko) Chrome/145.0.0.0 Safari/537.36 (compatible; meta-externalagent/1.1 (+https://developers.facebook.com/docs/sharing/webmasters/crawler))"
103.247.8.10 - - [30/Jul/2026:19:21:19 +0700] "POST /wp-cron.php?doing_wp_cron=1785414079.5300719738006591796875 HTTP/1.1" 200 1 "-" "WordPress/7.0.2; https://sdum-patrol.sch.id"
103.247.8.10 - - [30/Jul/2026:19:21:19 +0700] "GET /wp-json/jet-search/v1/get-suggestions?action=get_form_suggestions&data%5Blist_type%5D=popular&data%5Bvalue%5D=&data%5Blimit%5D=20 HTTP/1.1" 200 6 "-" "WordPress/7.0.2; https://sdum-patrol.sch.id"
103.247.8.10 - - [30/Jul/2026:19:21:20 +0700] "POST /wp-cron.php?doing_wp_cron=1785414080.7244699001312255859375 HTTP/1.1" 200 1 "-" "WordPress/7.0.2; https://sdum-patrol.sch.id"
2a03:2880:f800:3b:: - - [30/Jul/2026:19:21:17 +0700] "GET /items/P491620519/ HTTP/2.0" 404 157129 "-" "Mozilla/5.0 (Windows NT 10.0; Win64; x64) AppleWebKit/537.36 (KHTML, like Gecko) Chrome/145.0.0.0 Safari/537.36 (compatible; meta-externalagent/1.1 (+https://developers.facebook.com/docs/sharing/webmasters/crawler))"
85.208.96.209 - - [30/Jul/2026:19:21:43 +0700] "GET /robots.txt HTTP/1.1" 200 2164 "-" "Mozilla/5.0 (compatible; SemrushBot/7~bl; +http://www.semrush.com/bot.html)"
103.247.8.10 - - [30/Jul/2026:19:21:44 +0700] "GET /wp-json/jet-search/v1/get-suggestions?action=get_form_suggestions&data%5Blist_type%5D=popular&data%5Bvalue%5D=&data%5Blimit%5D=20 HTTP/1.1" 200 6 "-" "WordPress/7.0.2; https://sdum-patrol.sch.id"
185.191.171.7 - - [30/Jul/2026:19:21:44 +0700] "GET /ppdb-page/ HTTP/1.1" 200 91653 "-" "Mozilla/5.0 (compatible; SemrushBot/7~bl; +http://www.semrush.com/bot.html)"
103.247.8.10 - - [30/Jul/2026:19:22:24 +0700] "POST /wp-cron.php?doing_wp_cron=1785414144.8794701099395751953125 HTTP/1.1" 200 1 "-" "WordPress/7.0.2; https://sdum-patrol.sch.id"
103.247.8.10 - - [30/Jul/2026:19:22:24 +0700] "GET /wp-json/jet-search/v1/get-suggestions?action=get_form_suggestions&data%5Blist_type%5D=popular&data%5Bvalue%5D=&data%5Blimit%5D=20 HTTP/1.1" 200 6 "-" "WordPress/7.0.2; https://sdum-patrol.sch.id"
103.247.8.10 - - [30/Jul/2026:19:22:26 +0700] "POST /wp-cron.php?doing_wp_cron=1785414146.0462219715118408203125 HTTP/1.1" 200 1 "-" "WordPress/7.0.2; https://sdum-patrol.sch.id"
2a03:2880:f800:23:: - - [30/Jul/2026:19:22:22 +0700] "GET /items/P492004745/ HTTP/2.0" 404 157129 "-" "Mozilla/5.0 (Windows NT 10.0; Win64; x64) AppleWebKit/537.36 (KHTML, like Gecko) Chrome/145.0.0.0 Safari/537.36 (compatible; meta-externalagent/1.1 (+https://developers.facebook.com/docs/sharing/webmasters/crawler))"
52.167.144.138 - - [30/Jul/2026:19:23:25 +0700] "GET /account.php/?items/A043628192/ HTTP/2.0" 200 1 "-" "Mozilla/5.0 AppleWebKit/537.36 (KHTML, like Gecko; compatible; bingbot/2.0; +http://www.bing.com/bingbot.htm) Chrome/116.0.1938.76 Safari/537.36"
103.247.8.10 - - [30/Jul/2026:19:23:30 +0700] "POST /wp-cron.php?doing_wp_cron=1785414210.8915450572967529296875 HTTP/1.1" 200 1 "-" "WordPress/7.0.2; https://sdum-patrol.sch.id"
103.247.8.10 - - [30/Jul/2026:19:23:30 +0700] "GET /wp-json/jet-search/v1/get-suggestions?action=get_form_suggestions&data%5Blist_type%5D=popular&data%5Bvalue%5D=&data%5Blimit%5D=20 HTTP/1.1" 200 6 "-" "WordPress/7.0.2; https://sdum-patrol.sch.id"
103.247.8.10 - - [30/Jul/2026:19:23:32 +0700] "POST /wp-cron.php?doing_wp_cron=1785414212.0459609031677246093750 HTTP/1.1" 200 1 "-" "WordPress/7.0.2; https://sdum-patrol.sch.id"
2a03:2880:f800:12:: - - [30/Jul/2026:19:23:29 +0700] "GET /items/P494257253/ HTTP/2.0" 404 157129 "-" "Mozilla/5.0 (Windows NT 10.0; Win64; x64) AppleWebKit/537.36 (KHTML, like Gecko) Chrome/145.0.0.0 Safari/537.36 (compatible; meta-externalagent/1.1 (+https://developers.facebook.com/docs/sharing/webmasters/crawler))"
52.167.144.138 - - [30/Jul/2026:19:24:06 +0700] "GET /account.php/?items/N921602577/ HTTP/2.0" 200 1 "-" "Mozilla/5.0 AppleWebKit/537.36 (KHTML, like Gecko; compatible; bingbot/2.0; +http://www.bing.com/bingbot.htm) Chrome/116.0.1938.76 Safari/537.36"
103.247.8.10 - - [30/Jul/2026:19:24:39 +0700] "POST /wp-cron.php?doing_wp_cron=1785414279.2477018833160400390625 HTTP/1.1" 200 1 "-" "WordPress/7.0.2; https://sdum-patrol.sch.id"
103.247.8.10 - - [30/Jul/2026:19:24:38 +0700] "GET /wp-json/jet-search/v1/get-suggestions?action=get_form_suggestions&data%5Blist_type%5D=popular&data%5Bvalue%5D=&data%5Blimit%5D=20 HTTP/1.1" 200 6 "-" "WordPress/7.0.2; https://sdum-patrol.sch.id"
103.247.8.10 - - [30/Jul/2026:19:24:40 +0700] "POST /wp-cron.php?doing_wp_cron=1785414280.3809220790863037109375 HTTP/1.1" 200 1 "-" "WordPress/7.0.2; https://sdum-patrol.sch.id"
2a03:2880:f800:d:: - - [30/Jul/2026:19:24:37 +0700] "GET /items/P492183198/ HTTP/2.0" 404 157129 "-" "Mozilla/5.0 (X11; Linux x86_64) AppleWebKit/537.36 (KHTML, like Gecko) Chrome/145.0.0.0 Safari/537.36 (compatible; meta-externalagent/1.1 (+https://developers.facebook.com/docs/sharing/webmasters/crawler))"
103.247.8.10 - - [30/Jul/2026:19:25:45 +0700] "POST /wp-cron.php?doing_wp_cron=1785414345.0870130062103271484375 HTTP/1.1" 200 1 "-" "WordPress/7.0.2; https://sdum-patrol.sch.id"
103.247.8.10 - - [30/Jul/2026:19:25:44 +0700] "GET /wp-json/jet-search/v1/get-suggestions?action=get_form_suggestions&data%5Blist_type%5D=popular&data%5Bvalue%5D=&data%5Blimit%5D=20 HTTP/1.1" 200 6 "-" "WordPress/7.0.2; https://sdum-patrol.sch.id"
103.247.8.10 - - [30/Jul/2026:19:25:46 +0700] "POST /wp-cron.php?doing_wp_cron=1785414346.2411859035491943359375 HTTP/1.1" 200 1 "-" "WordPress/7.0.2; https://sdum-patrol.sch.id"
2a03:2880:f800:38:: - - [30/Jul/2026:19:25:42 +0700] "GET /products/6699196455 HTTP/2.0" 404 157132 "-" "Mozilla/5.0 (Windows NT 10.0; Win64; x64) AppleWebKit/537.36 (KHTML, like Gecko) Chrome/145.0.0.0 Safari/537.36 (compatible; meta-externalagent/1.1 (+https://developers.facebook.com/docs/sharing/webmasters/crawler))"
103.247.8.10 - - [30/Jul/2026:19:26:53 +0700] "POST /wp-cron.php?doing_wp_cron=1785414413.3216459751129150390625 HTTP/1.1" 200 1 "-" "WordPress/7.0.2; https://sdum-patrol.sch.id"
103.247.8.10 - - [30/Jul/2026:19:26:53 +0700] "GET /wp-json/jet-search/v1/get-suggestions?action=get_form_suggestions&data%5Blist_type%5D=popular&data%5Bvalue%5D=&data%5Blimit%5D=20 HTTP/1.1" 200 6 "-" "WordPress/7.0.2; https://sdum-patrol.sch.id"
103.247.8.10 - - [30/Jul/2026:19:26:54 +0700] "POST /wp-cron.php?doing_wp_cron=1785414414.6007339954376220703125 HTTP/1.1" 200 1 "-" "WordPress/7.0.2; https://sdum-patrol.sch.id"
2a03:2880:f800:e:: - - [30/Jul/2026:19:26:50 +0700] "GET /items/P492214978/ HTTP/2.0" 404 157129 "-" "Mozilla/5.0 (Macintosh; Intel Mac OS X 10_15_7) AppleWebKit/537.36 (KHTML, like Gecko) Chrome/145.0.0.0 Safari/537.36 (compatible; meta-externalagent/1.1 (+https://developers.facebook.com/docs/sharing/webmasters/crawler))"
103.247.8.10 - - [30/Jul/2026:19:27:59 +0700] "POST /wp-cron.php?doing_wp_cron=1785414479.1102509498596191406250 HTTP/1.1" 200 1 "-" "WordPress/7.0.2; https://sdum-patrol.sch.id"
103.247.8.10 - - [30/Jul/2026:19:27:58 +0700] "GET /wp-json/jet-search/v1/get-suggestions?action=get_form_suggestions&data%5Blist_type%5D=popular&data%5Bvalue%5D=&data%5Blimit%5D=20 HTTP/1.1" 200 6 "-" "WordPress/7.0.2; https://sdum-patrol.sch.id"
103.247.8.10 - - [30/Jul/2026:19:28:00 +0700] "POST /wp-cron.php?doing_wp_cron=1785414480.3185999393463134765625 HTTP/1.1" 200 1 "-" "WordPress/7.0.2; https://sdum-patrol.sch.id"
2a03:2880:f800:41:: - - [30/Jul/2026:19:27:56 +0700] "GET /items/P492110420/ HTTP/2.0" 404 157129 "-" "Mozilla/5.0 (Windows NT 10.0; Win64; x64) AppleWebKit/537.36 (KHTML, like Gecko) Chrome/145.0.0.0 Safari/537.36 (compatible; meta-externalagent/1.1 (+https://developers.facebook.com/docs/sharing/webmasters/crawler))"
103.247.8.10 - - [30/Jul/2026:19:28:16 +0700] "POST /wp-cron.php?doing_wp_cron=1785414496.1908910274505615234375 HTTP/1.1" 200 1 "-" "WordPress/7.0.2; https://sdum-patrol.sch.id"
103.247.8.10 - - [30/Jul/2026:19:28:15 +0700] "GET /wp-json/jet-search/v1/get-suggestions?action=get_form_suggestions&data%5Blist_type%5D=popular&data%5Bvalue%5D=&data%5Blimit%5D=20 HTTP/1.1" 200 6 "-" "WordPress/7.0.2; https://sdum-patrol.sch.id"
103.247.8.10 - - [30/Jul/2026:19:28:17 +0700] "POST /wp-cron.php?doing_wp_cron=1785414497.0490388870239257812500 HTTP/1.1" 200 1 "-" "WordPress/7.0.2; https://sdum-patrol.sch.id"
52.167.144.180 - - [30/Jul/2026:19:28:15 +0700] "GET /items/D114022414/ HTTP/2.0" 404 18475 "-" "Mozilla/5.0 AppleWebKit/537.36 (KHTML, like Gecko; compatible; bingbot/2.0; +http://www.bing.com/bingbot.htm) Chrome/116.0.1938.76 Safari/537.36"
103.247.8.10 - - [30/Jul/2026:19:29:05 +0700] "GET /wp-json/jet-search/v1/get-suggestions?action=get_form_suggestions&data%5Blist_type%5D=popular&data%5Bvalue%5D=&data%5Blimit%5D=20 HTTP/1.1" 200 6 "-" "WordPress/7.0.2; https://sdum-patrol.sch.id"
2a03:2880:f800:1d:: - - [30/Jul/2026:19:29:03 +0700] "GET /products/14533453394 HTTP/2.0" 404 157133 "-" "Mozilla/5.0 (Macintosh; Intel Mac OS X 10_15_7) AppleWebKit/537.36 (KHTML, like Gecko) Chrome/145.0.0.0 Safari/537.36 (compatible; meta-externalagent/1.1 (+https://developers.facebook.com/docs/sharing/webmasters/crawler))"
34.138.231.0 - - [30/Jul/2026:19:29:11 +0700] "GET / HTTP/2.0" 401 53 "http://webdisk.sdum-patrol.sch.id" "Mozilla/5.0 (compatible; CMS-Checker/1.0; +https://example.com)"
103.247.8.10 - - [30/Jul/2026:19:29:28 +0700] "POST /wp-cron.php?doing_wp_cron=1785414568.6375720500946044921875 HTTP/1.1" 200 1 "-" "WordPress/7.0.2; https://sdum-patrol.sch.id"
103.247.8.10 - - [30/Jul/2026:19:29:28 +0700] "GET /wp-json/jet-search/v1/get-suggestions?action=get_form_suggestions&data%5Blist_type%5D=popular&data%5Bvalue%5D=&data%5Blimit%5D=20 HTTP/1.1" 200 6 "-" "WordPress/7.0.2; https://sdum-patrol.sch.id"
103.247.8.10 - - [30/Jul/2026:19:29:29 +0700] "POST /wp-cron.php?doing_wp_cron=1785414569.5448429584503173828125 HTTP/1.1" 200 1 "-" "WordPress/7.0.2; https://sdum-patrol.sch.id"
66.249.66.195 - - [30/Jul/2026:19:29:28 +0700] "GET /products/64425761266 HTTP/1.1" 404 18481 "-" "Mozilla/5.0 (Linux; Android 6.0.1; Nexus 5X Build/MMB29P) AppleWebKit/537.36 (KHTML, like Gecko) Chrome/150.0.7871.186 Mobile Safari/537.36 (compatible; Googlebot/2.1; +http://www.google.com/bot.html)"
103.247.8.10 - - [30/Jul/2026:19:30:13 +0700] "POST /wp-cron.php?doing_wp_cron=1785414613.2381889820098876953125 HTTP/1.1" 200 1 "-" "WordPress/7.0.2; https://sdum-patrol.sch.id"
103.247.8.10 - - [30/Jul/2026:19:30:12 +0700] "GET /wp-json/jet-search/v1/get-suggestions?action=get_form_suggestions&data%5Blist_type%5D=popular&data%5Bvalue%5D=&data%5Blimit%5D=20 HTTP/1.1" 200 6 "-" "WordPress/7.0.2; https://sdum-patrol.sch.id"
103.247.8.10 - - [30/Jul/2026:19:30:14 +0700] "POST /wp-cron.php?doing_wp_cron=1785414614.5568079948425292968750 HTTP/1.1" 200 1 "-" "WordPress/7.0.2; https://sdum-patrol.sch.id"
2a03:2880:f800:1d:: - - [30/Jul/2026:19:30:10 +0700] "GET /products/624924707 HTTP/2.0" 404 157131 "-" "Mozilla/5.0 (Windows NT 10.0; Win64; x64) AppleWebKit/537.36 (KHTML, like Gecko) Chrome/145.0.0.0 Safari/537.36 (compatible; meta-externalagent/1.1 (+https://developers.facebook.com/docs/sharing/webmasters/crawler))"
103.247.8.10 - - [30/Jul/2026:19:31:19 +0700] "POST /wp-cron.php?doing_wp_cron=1785414679.1362469196319580078125 HTTP/1.1" 200 1 "-" "WordPress/7.0.2; https://sdum-patrol.sch.id"
103.247.8.10 - - [30/Jul/2026:19:31:18 +0700] "GET /wp-json/jet-search/v1/get-suggestions?action=get_form_suggestions&data%5Blist_type%5D=popular&data%5Bvalue%5D=&data%5Blimit%5D=20 HTTP/1.1" 200 6 "-" "WordPress/7.0.2; https://sdum-patrol.sch.id"
103.247.8.10 - - [30/Jul/2026:19:31:20 +0700] "POST /wp-cron.php?doing_wp_cron=1785414680.5335669517517089843750 HTTP/1.1" 200 1 "-" "WordPress/7.0.2; https://sdum-patrol.sch.id"
2a03:2880:f800:d:: - - [30/Jul/2026:19:31:16 +0700] "GET /products/35694679943 HTTP/2.0" 404 157133 "-" "Mozilla/5.0 (X11; Linux x86_64) AppleWebKit/537.36 (KHTML, like Gecko) Chrome/145.0.0.0 Safari/537.36 (compatible; meta-externalagent/1.1 (+https://developers.facebook.com/docs/sharing/webmasters/crawler))"
103.247.8.10 - - [30/Jul/2026:19:32:26 +0700] "POST /wp-cron.php?doing_wp_cron=1785414746.1211330890655517578125 HTTP/1.1" 200 1 "-" "WordPress/7.0.2; https://sdum-patrol.sch.id"
103.247.8.10 - - [30/Jul/2026:19:32:25 +0700] "GET /wp-json/jet-search/v1/get-suggestions?action=get_form_suggestions&data%5Blist_type%5D=popular&data%5Bvalue%5D=&data%5Blimit%5D=20 HTTP/1.1" 200 6 "-" "WordPress/7.0.2; https://sdum-patrol.sch.id"
103.247.8.10 - - [30/Jul/2026:19:32:27 +0700] "POST /wp-cron.php?doing_wp_cron=1785414747.3969309329986572265625 HTTP/1.1" 200 1 "-" "WordPress/7.0.2; https://sdum-patrol.sch.id"
2a03:2880:f800:20:: - - [30/Jul/2026:19:32:23 +0700] "GET /items/P493056633/ HTTP/2.0" 404 157129 "-" "Mozilla/5.0 (Macintosh; Intel Mac OS X 10_15_7) AppleWebKit/537.36 (KHTML, like Gecko) Chrome/145.0.0.0 Safari/537.36 (compatible; meta-externalagent/1.1 (+https://developers.facebook.com/docs/sharing/webmasters/crawler))"
103.247.8.10 - - [30/Jul/2026:19:33:12 +0700] "GET /wp-json/jet-search/v1/get-suggestions?action=get_form_suggestions&data%5Blist_type%5D=popular&data%5Bvalue%5D=&data%5Blimit%5D=20 HTTP/1.1" 200 6 "-" "WordPress/7.0.2; https://sdum-patrol.sch.id"
35.229.41.225 - - [30/Jul/2026:19:33:11 +0700] "GET / HTTP/2.0" 200 - "http://mail.sdum-patrol.sch.id" "Mozilla/5.0 (compatible; CMS-Checker/1.0; +https://example.com)"
103.247.8.10 - - [30/Jul/2026:19:33:30 +0700] "POST /wp-cron.php?doing_wp_cron=1785414810.3325569629669189453125 HTTP/1.1" 200 1 "-" "WordPress/7.0.2; https://sdum-patrol.sch.id"
103.247.8.10 - - [30/Jul/2026:19:33:30 +0700] "GET /wp-json/jet-search/v1/get-suggestions?action=get_form_suggestions&data%5Blist_type%5D=popular&data%5Bvalue%5D=&data%5Blimit%5D=20 HTTP/1.1" 200 6 "-" "WordPress/7.0.2; https://sdum-patrol.sch.id"
103.247.8.10 - - [30/Jul/2026:19:33:31 +0700] "POST /wp-cron.php?doing_wp_cron=1785414811.2107989788055419921875 HTTP/1.1" 200 1 "-" "WordPress/7.0.2; https://sdum-patrol.sch.id"
2a03:2880:f800:1d:: - - [30/Jul/2026:19:33:29 +0700] "GET /items/P491446775/ HTTP/2.0" 404 157129 "-" "Mozilla/5.0 (Macintosh; Intel Mac OS X 10_15_7) AppleWebKit/537.36 (KHTML, like Gecko) Chrome/145.0.0.0 Safari/537.36 (compatible; meta-externalagent/1.1 (+https://developers.facebook.com/docs/sharing/webmasters/crawler))"
103.247.8.10 - - [30/Jul/2026:19:34:39 +0700] "POST /wp-cron.php?doing_wp_cron=1785414879.9653820991516113281250 HTTP/1.1" 200 1 "-" "WordPress/7.0.2; https://sdum-patrol.sch.id"
103.247.8.10 - - [30/Jul/2026:19:34:39 +0700] "GET /wp-json/jet-search/v1/get-suggestions?action=get_form_suggestions&data%5Blist_type%5D=popular&data%5Bvalue%5D=&data%5Blimit%5D=20 HTTP/1.1" 200 6 "-" "WordPress/7.0.2; https://sdum-patrol.sch.id"
103.247.8.10 - - [30/Jul/2026:19:34:41 +0700] "POST /wp-cron.php?doing_wp_cron=1785414881.2775399684906005859375 HTTP/1.1" 200 1 "-" "WordPress/7.0.2; https://sdum-patrol.sch.id"
2a03:2880:f800:1:: - - [30/Jul/2026:19:34:37 +0700] "GET /items/P491189121/ HTTP/2.0" 404 157129 "-" "Mozilla/5.0 (Windows NT 10.0; Win64; x64) AppleWebKit/537.36 (KHTML, like Gecko) Chrome/145.0.0.0 Safari/537.36 (compatible; meta-externalagent/1.1 (+https://developers.facebook.com/docs/sharing/webmasters/crawler))"
103.247.8.10 - - [30/Jul/2026:19:35:45 +0700] "POST /wp-cron.php?doing_wp_cron=1785414945.4434659481048583984375 HTTP/1.1" 200 1 "-" "WordPress/7.0.2; https://sdum-patrol.sch.id"
103.247.8.10 - - [30/Jul/2026:19:35:45 +0700] "GET /wp-json/jet-search/v1/get-suggestions?action=get_form_suggestions&data%5Blist_type%5D=popular&data%5Bvalue%5D=&data%5Blimit%5D=20 HTTP/1.1" 200 6 "-" "WordPress/7.0.2; https://sdum-patrol.sch.id"
103.247.8.10 - - [30/Jul/2026:19:35:46 +0700] "POST /wp-cron.php?doing_wp_cron=1785414946.7469410896301269531250 HTTP/1.1" 200 1 "-" "WordPress/7.0.2; https://sdum-patrol.sch.id"
2a03:2880:f800:30:: - - [30/Jul/2026:19:35:43 +0700] "GET /items/P496380659/ HTTP/2.0" 404 157129 "-" "Mozilla/5.0 (Windows NT 10.0; Win64; x64) AppleWebKit/537.36 (KHTML, like Gecko) Chrome/145.0.0.0 Safari/537.36 (compatible; meta-externalagent/1.1 (+https://developers.facebook.com/docs/sharing/webmasters/crawler))"
103.247.8.10 - - [30/Jul/2026:19:35:57 +0700] "GET /wp-json/jet-search/v1/get-suggestions?action=get_form_suggestions&data%5Blist_type%5D=popular&data%5Bvalue%5D=&data%5Blimit%5D=20 HTTP/1.1" 200 6 "-" "WordPress/7.0.2; https://sdum-patrol.sch.id"
34.182.238.174 - - [30/Jul/2026:19:35:56 +0700] "GET / HTTP/2.0" 200 453240 "http://sdum-patrol.sch.id" "Mozilla/5.0 (compatible; CMS-Checker/1.0; +https://example.com)"
103.247.8.10 - - [30/Jul/2026:19:36:52 +0700] "POST /wp-cron.php?doing_wp_cron=1785415012.1382050514221191406250 HTTP/1.1" 200 1 "-" "WordPress/7.0.2; https://sdum-patrol.sch.id"
103.247.8.10 - - [30/Jul/2026:19:36:51 +0700] "GET /wp-json/jet-search/v1/get-suggestions?action=get_form_suggestions&data%5Blist_type%5D=popular&data%5Bvalue%5D=&data%5Blimit%5D=20 HTTP/1.1" 200 6 "-" "WordPress/7.0.2; https://sdum-patrol.sch.id"
103.247.8.10 - - [30/Jul/2026:19:36:53 +0700] "POST /wp-cron.php?doing_wp_cron=1785415013.3226969242095947265625 HTTP/1.1" 200 1 "-" "WordPress/7.0.2; https://sdum-patrol.sch.id"
2a03:2880:f800:23:: - - [30/Jul/2026:19:36:49 +0700] "GET /items/P493285865/ HTTP/2.0" 404 157129 "-" "Mozilla/5.0 (Windows NT 10.0; Win64; x64) AppleWebKit/537.36 (KHTML, like Gecko) Chrome/145.0.0.0 Safari/537.36 (compatible; meta-externalagent/1.1 (+https://developers.facebook.com/docs/sharing/webmasters/crawler))"
103.247.8.10 - - [30/Jul/2026:19:37:20 +0700] "GET /wp-json/jet-search/v1/get-suggestions?action=get_form_suggestions&data%5Blist_type%5D=popular&data%5Bvalue%5D=&data%5Blimit%5D=20 HTTP/1.1" 200 6 "-" "WordPress/7.0.2; https://sdum-patrol.sch.id"
51.195.244.199 - - [30/Jul/2026:19:37:19 +0700] "GET /items/P495111889/ HTTP/2.0" 404 18477 "-" "Mozilla/5.0 (compatible; AhrefsBot/7.0; +http://ahrefs.com/robot/)"
103.247.8.10 - - [30/Jul/2026:19:37:59 +0700] "POST /wp-cron.php?doing_wp_cron=1785415079.2213139533996582031250 HTTP/1.1" 200 1 "-" "WordPress/7.0.2; https://sdum-patrol.sch.id"
103.247.8.10 - - [30/Jul/2026:19:37:58 +0700] "GET /wp-json/jet-search/v1/get-suggestions?action=get_form_suggestions&data%5Blist_type%5D=popular&data%5Bvalue%5D=&data%5Blimit%5D=20 HTTP/1.1" 200 6 "-" "WordPress/7.0.2; https://sdum-patrol.sch.id"
103.247.8.10 - - [30/Jul/2026:19:38:00 +0700] "POST /wp-cron.php?doing_wp_cron=1785415080.4695229530334472656250 HTTP/1.1" 200 1 "-" "WordPress/7.0.2; https://sdum-patrol.sch.id"
2a03:2880:f800:1f:: - - [30/Jul/2026:19:37:56 +0700] "GET /items/P492014575/ HTTP/2.0" 404 157129 "-" "Mozilla/5.0 (Windows NT 10.0; Win64; x64) AppleWebKit/537.36 (KHTML, like Gecko) Chrome/145.0.0.0 Safari/537.36 (compatible; meta-externalagent/1.1 (+https://developers.facebook.com/docs/sharing/webmasters/crawler))"
103.247.8.10 - - [30/Jul/2026:19:39:06 +0700] "POST /wp-cron.php?doing_wp_cron=1785415146.0843210220336914062500 HTTP/1.1" 200 1 "-" "WordPress/7.0.2; https://sdum-patrol.sch.id"
103.247.8.10 - - [30/Jul/2026:19:39:05 +0700] "GET /wp-json/jet-search/v1/get-suggestions?action=get_form_suggestions&data%5Blist_type%5D=popular&data%5Bvalue%5D=&data%5Blimit%5D=20 HTTP/1.1" 200 6 "-" "WordPress/7.0.2; https://sdum-patrol.sch.id"
103.247.8.10 - - [30/Jul/2026:19:39:07 +0700] "POST /wp-cron.php?doing_wp_cron=1785415147.2950639724731445312500 HTTP/1.1" 200 1 "-" "WordPress/7.0.2; https://sdum-patrol.sch.id"
2a03:2880:f800:3e:: - - [30/Jul/2026:19:39:03 +0700] "GET /products/64509735466 HTTP/2.0" 404 157133 "-" "Mozilla/5.0 (Macintosh; Intel Mac OS X 10_15_7) AppleWebKit/537.36 (KHTML, like Gecko) Chrome/145.0.0.0 Safari/537.36 (compatible; meta-externalagent/1.1 (+https://developers.facebook.com/docs/sharing/webmasters/crawler))"
103.247.8.10 - - [30/Jul/2026:19:39:28 +0700] "GET /wp-json/jet-search/v1/get-suggestions?action=get_form_suggestions&data%5Blist_type%5D=popular&data%5Bvalue%5D=&data%5Blimit%5D=20 HTTP/1.1" 200 6 "-" "WordPress/7.0.2; https://sdum-patrol.sch.id"
52.167.144.232 - - [30/Jul/2026:19:39:28 +0700] "GET /items/B085592020/ HTTP/2.0" 404 18476 "-" "Mozilla/5.0 AppleWebKit/537.36 (KHTML, like Gecko; compatible; bingbot/2.0; +http://www.bing.com/bingbot.htm) Chrome/116.0.1938.76 Safari/537.36"
103.247.8.10 - - [30/Jul/2026:19:40:13 +0700] "POST /wp-cron.php?doing_wp_cron=1785415213.5190179347991943359375 HTTP/1.1" 200 1 "-" "WordPress/7.0.2; https://sdum-patrol.sch.id"
103.247.8.10 - - [30/Jul/2026:19:40:13 +0700] "GET /wp-json/jet-search/v1/get-suggestions?action=get_form_suggestions&data%5Blist_type%5D=popular&data%5Bvalue%5D=&data%5Blimit%5D=20 HTTP/1.1" 200 6 "-" "WordPress/7.0.2; https://sdum-patrol.sch.id"
103.247.8.10 - - [30/Jul/2026:19:40:14 +0700] "POST /wp-cron.php?doing_wp_cron=1785415214.7552249431610107421875 HTTP/1.1" 200 1 "-" "WordPress/7.0.2; https://sdum-patrol.sch.id"
2a03:2880:f800:1a:: - - [30/Jul/2026:19:40:11 +0700] "GET /items/P491098080/ HTTP/2.0" 404 157129 "-" "Mozilla/5.0 (Windows NT 10.0; Win64; x64) AppleWebKit/537.36 (KHTML, like Gecko) Chrome/145.0.0.0 Safari/537.36 (compatible; meta-externalagent/1.1 (+https://developers.facebook.com/docs/sharing/webmasters/crawler))"
103.247.8.10 - - [30/Jul/2026:19:41:03 +0700] "POST /wp-cron.php?doing_wp_cron=1785415263.0273759365081787109375 HTTP/1.1" 200 1 "-" "WordPress/7.0.2; https://sdum-patrol.sch.id"
103.247.8.10 - - [30/Jul/2026:19:41:02 +0700] "GET /wp-json/jet-search/v1/get-suggestions?action=get_form_suggestions&data%5Blist_type%5D=popular&data%5Bvalue%5D=&data%5Blimit%5D=20 HTTP/1.1" 200 6 "-" "WordPress/7.0.2; https://sdum-patrol.sch.id"
103.247.8.10 - - [30/Jul/2026:19:41:04 +0700] "POST /wp-cron.php?doing_wp_cron=1785415264.2318489551544189453125 HTTP/1.1" 200 1 "-" "WordPress/7.0.2; https://sdum-patrol.sch.id"
52.167.144.232 - - [30/Jul/2026:19:41:00 +0700] "GET /items/U087360262/ HTTP/2.0" 404 18478 "-" "Mozilla/5.0 AppleWebKit/537.36 (KHTML, like Gecko; compatible; bingbot/2.0; +http://www.bing.com/bingbot.htm) Chrome/116.0.1938.76 Safari/537.36"
103.247.8.10 - - [30/Jul/2026:19:41:07 +0700] "GET /wp-json/jet-search/v1/get-suggestions?action=get_form_suggestions&data%5Blist_type%5D=popular&data%5Bvalue%5D=&data%5Blimit%5D=20 HTTP/1.1" 200 6 "-" "WordPress/7.0.2; https://sdum-patrol.sch.id"
66.249.66.193 - - [30/Jul/2026:19:41:07 +0700] "GET /cate-654-664 HTTP/1.1" 404 18479 "-" "Mozilla/5.0 (Linux; Android 6.0.1; Nexus 5X Build/MMB29P) AppleWebKit/537.36 (KHTML, like Gecko) Chrome/150.0.7871.186 Mobile Safari/537.36 (compatible; Googlebot/2.1; +http://www.google.com/bot.html)"
103.247.8.10 - - [30/Jul/2026:19:41:16 +0700] "GET /wp-json/jet-search/v1/get-suggestions?action=get_form_suggestions&data%5Blist_type%5D=popular&data%5Bvalue%5D=&data%5Blimit%5D=20 HTTP/1.1" 200 6 "-" "WordPress/7.0.2; https://sdum-patrol.sch.id"
2a03:2880:f800:2b:: - - [30/Jul/2026:19:41:15 +0700] "GET /items/P491969666/ HTTP/2.0" 404 157129 "-" "Mozilla/5.0 (Windows NT 10.0; Win64; x64) AppleWebKit/537.36 (KHTML, like Gecko) Chrome/145.0.0.0 Safari/537.36 (compatible; meta-externalagent/1.1 (+https://developers.facebook.com/docs/sharing/webmasters/crawler))"
103.247.8.10 - - [30/Jul/2026:19:41:18 +0700] "GET /wp-json/jet-search/v1/get-suggestions?action=get_form_suggestions&data%5Blist_type%5D=popular&data%5Bvalue%5D=&data%5Blimit%5D=20 HTTP/1.1" 200 6 "-" "WordPress/7.0.2; https://sdum-patrol.sch.id"
40.77.167.247 - - [30/Jul/2026:19:41:18 +0700] "GET /items/Z075294946/ HTTP/2.0" 404 18476 "-" "Mozilla/5.0 AppleWebKit/537.36 (KHTML, like Gecko; compatible; bingbot/2.0; +http://www.bing.com/bingbot.htm) Chrome/116.0.1938.76 Safari/537.36"
103.247.8.10 - - [30/Jul/2026:19:41:20 +0700] "GET /wp-json/jet-search/v1/get-suggestions?action=get_form_suggestions&data%5Blist_type%5D=popular&data%5Bvalue%5D=&data%5Blimit%5D=20 HTTP/1.1" 200 6 "-" "WordPress/7.0.2; https://sdum-patrol.sch.id"
40.77.167.247 - - [30/Jul/2026:19:41:19 +0700] "GET /items/B454586559/ HTTP/2.0" 404 18478 "-" "Mozilla/5.0 AppleWebKit/537.36 (KHTML, like Gecko; compatible; bingbot/2.0; +http://www.bing.com/bingbot.htm) Chrome/116.0.1938.76 Safari/537.36"
103.247.8.10 - - [30/Jul/2026:19:41:22 +0700] "GET /wp-json/jet-search/v1/get-suggestions?action=get_form_suggestions&data%5Blist_type%5D=popular&data%5Bvalue%5D=&data%5Blimit%5D=20 HTTP/1.1" 200 6 "-" "WordPress/7.0.2; https://sdum-patrol.sch.id"
40.77.167.247 - - [30/Jul/2026:19:41:21 +0700] "GET /items/N843182368/ HTTP/2.0" 404 18478 "-" "Mozilla/5.0 AppleWebKit/537.36 (KHTML, like Gecko; compatible; bingbot/2.0; +http://www.bing.com/bingbot.htm) Chrome/116.0.1938.76 Safari/537.36"
103.247.8.10 - - [30/Jul/2026:19:41:24 +0700] "GET /wp-json/jet-search/v1/get-suggestions?action=get_form_suggestions&data%5Blist_type%5D=popular&data%5Bvalue%5D=&data%5Blimit%5D=20 HTTP/1.1" 200 6 "-" "WordPress/7.0.2; https://sdum-patrol.sch.id"
40.77.167.247 - - [30/Jul/2026:19:41:23 +0700] "GET /items/E245103502/ HTTP/2.0" 404 18475 "-" "Mozilla/5.0 AppleWebKit/537.36 (KHTML, like Gecko; compatible; bingbot/2.0; +http://www.bing.com/bingbot.htm) Chrome/116.0.1938.76 Safari/537.36"
103.247.8.10 - - [30/Jul/2026:19:41:25 +0700] "GET /wp-json/jet-search/v1/get-suggestions?action=get_form_suggestions&data%5Blist_type%5D=popular&data%5Bvalue%5D=&data%5Blimit%5D=20 HTTP/1.1" 200 6 "-" "WordPress/7.0.2; https://sdum-patrol.sch.id"
40.77.167.247 - - [30/Jul/2026:19:41:25 +0700] "GET /items/U126848136/ HTTP/2.0" 404 18476 "-" "Mozilla/5.0 AppleWebKit/537.36 (KHTML, like Gecko; compatible; bingbot/2.0; +http://www.bing.com/bingbot.htm) Chrome/116.0.1938.76 Safari/537.36"
2a03:2880:f800:46:: - - [30/Jul/2026:19:42:23 +0700] "GET /products/27689964902 HTTP/2.0" 429 267 "-" "Mozilla/5.0 (Macintosh; Intel Mac OS X 10_15_7) AppleWebKit/537.36 (KHTML, like Gecko) Chrome/145.0.0.0 Safari/537.36 (compatible; meta-externalagent/1.1 (+https://developers.facebook.com/docs/sharing/webmasters/crawler))"
103.247.8.10 - - [30/Jul/2026:19:42:52 +0700] "POST /wp-cron.php?doing_wp_cron=1785415372.8467450141906738281250 HTTP/1.1" 200 1 "-" "WordPress/7.0.2; https://sdum-patrol.sch.id"
103.247.8.10 - - [30/Jul/2026:19:42:52 +0700] "GET /wp-json/jet-search/v1/get-suggestions?action=get_form_suggestions&data%5Blist_type%5D=popular&data%5Bvalue%5D=&data%5Blimit%5D=20 HTTP/1.1" 200 6 "-" "WordPress/7.0.2; https://sdum-patrol.sch.id"
103.247.8.10 - - [30/Jul/2026:19:42:54 +0700] "POST /wp-cron.php?doing_wp_cron=1785415374.0132970809936523437500 HTTP/1.1" 200 1 "-" "WordPress/7.0.2; https://sdum-patrol.sch.id"
54.38.147.174 - - [30/Jul/2026:19:42:50 +0700] "GET /items/P494153318/ HTTP/2.0" 404 18476 "-" "Mozilla/5.0 (compatible; AhrefsBot/7.0; +http://ahrefs.com/robot/)"
103.247.8.10 - - [30/Jul/2026:19:43:32 +0700] "POST /wp-cron.php?doing_wp_cron=1785415412.2094728946685791015625 HTTP/1.1" 200 1 "-" "WordPress/7.0.2; https://sdum-patrol.sch.id"
103.247.8.10 - - [30/Jul/2026:19:43:31 +0700] "GET /wp-json/jet-search/v1/get-suggestions?action=get_form_suggestions&data%5Blist_type%5D=popular&data%5Bvalue%5D=&data%5Blimit%5D=20 HTTP/1.1" 200 6 "-" "WordPress/7.0.2; https://sdum-patrol.sch.id"
103.247.8.10 - - [30/Jul/2026:19:43:33 +0700] "POST /wp-cron.php?doing_wp_cron=1785415413.3620400428771972656250 HTTP/1.1" 200 1 "-" "WordPress/7.0.2; https://sdum-patrol.sch.id"
2a03:2880:f800:8:: - - [30/Jul/2026:19:43:29 +0700] "GET /products/41247949775 HTTP/2.0" 404 157133 "-" "Mozilla/5.0 (Windows NT 10.0; Win64; x64) AppleWebKit/537.36 (KHTML, like Gecko) Chrome/145.0.0.0 Safari/537.36 (compatible; meta-externalagent/1.1 (+https://developers.facebook.com/docs/sharing/webmasters/crawler))"
103.247.8.10 - - [30/Jul/2026:19:44:29 +0700] "GET /wp-json/jet-search/v1/get-suggestions?action=get_form_suggestions&data%5Blist_type%5D=popular&data%5Bvalue%5D=&data%5Blimit%5D=20 HTTP/1.1" 200 6 "-" "WordPress/7.0.2; https://sdum-patrol.sch.id"
40.77.167.247 - - [30/Jul/2026:19:44:27 +0700] "GET /items/Q783426114/ HTTP/2.0" 404 18478 "-" "Mozilla/5.0 AppleWebKit/537.36 (KHTML, like Gecko; compatible; bingbot/2.0; +http://www.bing.com/bingbot.htm) Chrome/116.0.1938.76 Safari/537.36"
103.247.8.10 - - [30/Jul/2026:19:44:32 +0700] "GET /wp-json/jet-search/v1/get-suggestions?action=get_form_suggestions&data%5Blist_type%5D=popular&data%5Bvalue%5D=&data%5Blimit%5D=20 HTTP/1.1" 200 6 "-" "WordPress/7.0.2; https://sdum-patrol.sch.id"
103.247.8.10 - - [30/Jul/2026:19:44:32 +0700] "GET /wp-json/jet-search/v1/get-suggestions?action=get_form_suggestions&data%5Blist_type%5D=popular&data%5Bvalue%5D=&data%5Blimit%5D=20 HTTP/1.1" 200 6 "-" "WordPress/7.0.2; https://sdum-patrol.sch.id"
103.247.8.10 - - [30/Jul/2026:19:44:33 +0700] "POST /wp-cron.php?doing_wp_cron=1785415473.6417109966278076171875 HTTP/1.1" 200 1 "-" "WordPress/7.0.2; https://sdum-patrol.sch.id"
40.77.167.247 - - [30/Jul/2026:19:44:31 +0700] "GET /items/S014993772/ HTTP/2.0" 404 18475 "-" "Mozilla/5.0 AppleWebKit/537.36 (KHTML, like Gecko; compatible; bingbot/2.0; +http://www.bing.com/bingbot.htm) Chrome/116.0.1938.76 Safari/537.36"
103.247.8.10 - - [30/Jul/2026:19:44:34 +0700] "POST /wp-cron.php?doing_wp_cron=1785415474.3133349418640136718750 HTTP/1.1" 200 1 "-" "WordPress/7.0.2; https://sdum-patrol.sch.id"
52.167.144.204 - - [30/Jul/2026:19:44:32 +0700] "GET /items/Q331913549/ HTTP/2.0" 404 18476 "-" "Mozilla/5.0 AppleWebKit/537.36 (KHTML, like Gecko; compatible; bingbot/2.0; +http://www.bing.com/bingbot.htm) Chrome/116.0.1938.76 Safari/537.36"
103.247.8.10 - - [30/Jul/2026:19:44:34 +0700] "GET /wp-json/jet-search/v1/get-suggestions?action=get_form_suggestions&data%5Blist_type%5D=popular&data%5Bvalue%5D=&data%5Blimit%5D=20 HTTP/1.1" 200 6 "-" "WordPress/7.0.2; https://sdum-patrol.sch.id"
103.247.8.10 - - [30/Jul/2026:19:44:35 +0700] "GET /wp-json/jet-search/v1/get-suggestions?action=get_form_suggestions&data%5Blist_type%5D=popular&data%5Bvalue%5D=&data%5Blimit%5D=20 HTTP/1.1" 200 6 "-" "WordPress/7.0.2; https://sdum-patrol.sch.id"
40.77.167.247 - - [30/Jul/2026:19:44:34 +0700] "GET /items/P062334670/ HTTP/2.0" 404 18475 "-" "Mozilla/5.0 AppleWebKit/537.36 (KHTML, like Gecko; compatible; bingbot/2.0; +http://www.bing.com/bingbot.htm) Chrome/116.0.1938.76 Safari/537.36"
52.167.144.204 - - [30/Jul/2026:19:44:35 +0700] "GET /items/M791628679/ HTTP/2.0" 404 18476 "-" "Mozilla/5.0 AppleWebKit/537.36 (KHTML, like Gecko; compatible; bingbot/2.0; +http://www.bing.com/bingbot.htm) Chrome/116.0.1938.76 Safari/537.36"
103.247.8.10 - - [30/Jul/2026:19:44:37 +0700] "GET /wp-json/jet-search/v1/get-suggestions?action=get_form_suggestions&data%5Blist_type%5D=popular&data%5Bvalue%5D=&data%5Blimit%5D=20 HTTP/1.1" 200 6 "-" "WordPress/7.0.2; https://sdum-patrol.sch.id"
52.167.144.213 - - [30/Jul/2026:19:44:41 +0700] "GET /account.php/?cate-9-19 HTTP/2.0" 200 1 "-" "Mozilla/5.0 AppleWebKit/537.36 (KHTML, like Gecko; compatible; bingbot/2.0; +http://www.bing.com/bingbot.htm) Chrome/116.0.1938.76 Safari/537.36"
2a03:2880:f800:39:: - - [30/Jul/2026:19:44:37 +0700] "GET /products/15018897397 HTTP/2.0" 404 157133 "-" "Mozilla/5.0 (Windows NT 10.0; Win64; x64) AppleWebKit/537.36 (KHTML, like Gecko) Chrome/145.0.0.0 Safari/537.36 (compatible; meta-externalagent/1.1 (+https://developers.facebook.com/docs/sharing/webmasters/crawler))"
103.247.8.10 - - [30/Jul/2026:19:44:42 +0700] "GET /wp-json/jet-search/v1/get-suggestions?action=get_form_suggestions&data%5Blist_type%5D=popular&data%5Bvalue%5D=&data%5Blimit%5D=20 HTTP/1.1" 200 6 "-" "WordPress/7.0.2; https://sdum-patrol.sch.id"
52.167.144.213 - - [30/Jul/2026:19:44:42 +0700] "GET /items/M631641474/ HTTP/2.0" 404 18476 "-" "Mozilla/5.0 AppleWebKit/537.36 (KHTML, like Gecko; compatible; bingbot/2.0; +http://www.bing.com/bingbot.htm) Chrome/116.0.1938.76 Safari/537.36"
103.247.8.10 - - [30/Jul/2026:19:44:48 +0700] "GET /wp-json/jet-search/v1/get-suggestions?action=get_form_suggestions&data%5Blist_type%5D=popular&data%5Bvalue%5D=&data%5Blimit%5D=20 HTTP/1.1" 200 6 "-" "WordPress/7.0.2; https://sdum-patrol.sch.id"
40.77.167.247 - - [30/Jul/2026:19:44:48 +0700] "GET /items/S265500938/ HTTP/2.0" 404 18476 "-" "Mozilla/5.0 AppleWebKit/537.36 (KHTML, like Gecko; compatible; bingbot/2.0; +http://www.bing.com/bingbot.htm) Chrome/116.0.1938.76 Safari/537.36"
103.247.8.10 - - [30/Jul/2026:19:44:50 +0700] "GET /wp-json/jet-search/v1/get-suggestions?action=get_form_suggestions&data%5Blist_type%5D=popular&data%5Bvalue%5D=&data%5Blimit%5D=20 HTTP/1.1" 200 6 "-" "WordPress/7.0.2; https://sdum-patrol.sch.id"
40.77.167.247 - - [30/Jul/2026:19:44:50 +0700] "GET /items/I851093982/ HTTP/2.0" 404 18477 "-" "Mozilla/5.0 AppleWebKit/537.36 (KHTML, like Gecko; compatible; bingbot/2.0; +http://www.bing.com/bingbot.htm) Chrome/116.0.1938.76 Safari/537.36"
103.247.8.10 - - [30/Jul/2026:19:45:10 +0700] "POST /wp-cron.php?doing_wp_cron=1785415510.8515589237213134765625 HTTP/1.1" 200 1 "-" "WordPress/7.0.2; https://sdum-patrol.sch.id"
52.167.144.158 - - [30/Jul/2026:19:45:10 +0700] "GET /ekstrakurikuler/coba-copy-2-copy-copy-copy-copy-copy-copy-copy/ HTTP/2.0" 301 1 "-" "Mozilla/5.0 AppleWebKit/537.36 (KHTML, like Gecko; compatible; bingbot/2.0; +http://www.bing.com/bingbot.htm) Chrome/116.0.1938.76 Safari/537.36"
103.247.8.10 - - [30/Jul/2026:19:45:15 +0700] "GET /wp-json/jet-search/v1/get-suggestions?action=get_form_suggestions&data%5Blist_type%5D=popular&data%5Bvalue%5D=&data%5Blimit%5D=20 HTTP/1.1" 200 6 "-" "WordPress/7.0.2; https://sdum-patrol.sch.id"
198.244.168.170 - - [30/Jul/2026:19:45:15 +0700] "GET /items/P493159095/ HTTP/2.0" 404 18476 "-" "Mozilla/5.0 (compatible; AhrefsBot/7.0; +http://ahrefs.com/robot/)"
103.247.8.10 - - [30/Jul/2026:19:45:43 +0700] "GET /wp-json/jet-search/v1/get-suggestions?action=get_form_suggestions&data%5Blist_type%5D=popular&data%5Bvalue%5D=&data%5Blimit%5D=20 HTTP/1.1" 200 6 "-" "WordPress/7.0.2; https://sdum-patrol.sch.id"
2a03:2880:f800:3c:: - - [30/Jul/2026:19:45:43 +0700] "GET /items/P495406634/ HTTP/2.0" 404 157129 "-" "Mozilla/5.0 (Windows NT 10.0; Win64; x64) AppleWebKit/537.36 (KHTML, like Gecko) Chrome/145.0.0.0 Safari/537.36 (compatible; meta-externalagent/1.1 (+https://developers.facebook.com/docs/sharing/webmasters/crawler))"
103.247.8.10 - - [30/Jul/2026:19:46:11 +0700] "GET /wp-json/jet-search/v1/get-suggestions?action=get_form_suggestions&data%5Blist_type%5D=popular&data%5Bvalue%5D=&data%5Blimit%5D=20 HTTP/1.1" 200 6 "-" "WordPress/7.0.2; https://sdum-patrol.sch.id"
2a03:2880:3ff:6:: - - [30/Jul/2026:19:46:10 +0700] "GET / HTTP/1.1" 200 453240 "-" "facebookexternalhit/1.1 (+http://www.facebook.com/externalhit_uatext.php)"
103.247.8.10 - - [30/Jul/2026:19:46:17 +0700] "GET /wp-json/jet-search/v1/get-suggestions?action=get_form_suggestions&data%5Blist_type%5D=popular&data%5Bvalue%5D=&data%5Blimit%5D=20 HTTP/1.1" 200 6 "-" "WordPress/7.0.2; https://sdum-patrol.sch.id"
103.247.8.10 - - [30/Jul/2026:19:46:18 +0700] "GET /wp-json/jet-search/v1/get-suggestions?action=get_form_suggestions&data%5Blist_type%5D=popular&data%5Bvalue%5D=&data%5Blimit%5D=20 HTTP/1.1" 200 6 "-" "WordPress/7.0.2; https://sdum-patrol.sch.id"
103.247.8.10 - - [30/Jul/2026:19:46:18 +0700] "GET /wp-json/jet-search/v1/get-suggestions?action=get_form_suggestions&data%5Blist_type%5D=popular&data%5Bvalue%5D=&data%5Blimit%5D=20 HTTP/1.1" 200 6 "-" "WordPress/7.0.2; https://sdum-patrol.sch.id"
2a03:2880:22ff:40:: - - [30/Jul/2026:19:46:17 +0700] "GET / HTTP/2.0" 200 453240 "-" "facebookexternalhit/1.1 (+http://www.facebook.com/externalhit_uatext.php)"
2a03:2880:7ff:50:: - - [30/Jul/2026:19:46:17 +0700] "GET / HTTP/2.0" 200 - "-" "facebookexternalhit/1.1 (+http://www.facebook.com/externalhit_uatext.php)"
